{"id":11963,"date":"2025-06-20T18:12:55","date_gmt":"2025-06-20T22:12:55","guid":{"rendered":"https:\/\/www.multicasa.com.br\/inicio\/?post_type=product&#038;p=11963"},"modified":"2026-03-11T12:22:05","modified_gmt":"2026-03-11T16:22:05","slug":"luminaria-tartaruga-led-12w-bivolt-6-5k-taschibra","status":"publish","type":"product","link":"https:\/\/www.multicasa.com.br\/inicio\/produto\/luminaria-tartaruga-led-12w-bivolt-6-5k-taschibra\/","title":{"rendered":"Lumin\u00e1ria Tartaruga Led 12W Bivolt 6.5K Taschibra"},"content":{"rendered":"<p>A lumin\u00e1ria tartaruga led de 12w 6500k da Taschibra al\u00e9m de sustent\u00e1vel e econ\u00f4mica, a ilumina\u00e7\u00e3o de LED \u00e9 muito funcional e vers\u00e1til. Sua fun\u00e7\u00e3o n\u00e3o \u00e9 s\u00f3 iluminar o ambiente, mas tamb\u00e9m decorar e influenciar o conforto do ambiente, com diferentes tipos de ilumina\u00e7\u00e3o.<\/p>\n","protected":false},"excerpt":{"rendered":"<h4 style=\"margin: 0px;padding: 0px 0px 16px;font-family: Lato, sans-serif;font-weight: bold;line-height: 3rem;color: var(--dark-grey3);font-size: 22px;font-style: normal;letter-spacing: normal;text-align: start;text-indent: 0px;text-transform: none\">Informa\u00e7\u00f5es t\u00e9cnicas<\/h4>\n<p><span style=\"margin: 0px;padding: 0px;font-weight: 450;font-size: 14px;line-height: 21px;color: var(--dark-grey2);font-family: Lato, sans-serif;font-style: normal;letter-spacing: normal;text-align: start;text-indent: 0px;text-transform: none\">Produto: LUMIN\u00c1RIA TARTARUGA LED 12W BIVOLT 6.5K<br \/>\nMarca: Taschibra<br \/>\nMaterial: ABS e policarbonato<br \/>\nCor: Branca<br \/>\nCaracter\u00edsticas:<br \/>\n-Uso: Interno\/Externo<br \/>\n-Voltagem: AUTOVOLT (100-240V)<br \/>\n-Frequ\u00eancia: 50\/60Hz<br \/>\n-Fator de Pot\u00eancia (FP): &gt;0,5<br \/>\n-Pot\u00eancia M\u00e1xima: 12W<br \/>\n-Fluxo Luminoso: 840<br \/>\n-Lumens\/Watts: 70<br \/>\n-\u00c2ngulo de Abertura: 150\u00b0<br \/>\n-Temperatura de Cor: 6500K<br \/>\n-Dimeriz\u00e1vel: N\u00e3o<br \/>\n-\u00cdndice de Prote\u00e7\u00e3o (IP): 65<br \/>\n-Garantia: 1 ano<br \/>\n-Vida \u00datil (h): 20000<br \/>\n-Fonte de Alimenta\u00e7\u00e3o: El\u00e9trica<br \/>\n-Comprimento Embalagem (mm): 50<br \/>\n-Largura Embalagem (mm): 80<br \/>\n-Altura Embalagem (mm): 166<br \/>\n-Peso L\u00edquido (kg): 0,105<br \/>\n-Peso Bruto (kg): 0,135<br \/>\nDimens\u00f5es:<br \/>\ncomprimento Produto (mm): 163<br \/>\nLargura Produto (mm): 74<br \/>\nAltura Produto (mm): 41<\/span><\/p>\n","protected":false},"featured_media":25485,"template":"","meta":{"_joinchat":[]},"product_brand":[],"product_cat":[157],"product_tag":[],"class_list":{"0":"post-11963","1":"product","2":"type-product","3":"status-publish","4":"has-post-thumbnail","6":"product_cat-leds-decorativos","8":"first","9":"instock","10":"shipping-taxable","11":"purchasable","12":"product-type-simple"},"_links":{"self":[{"href":"https:\/\/www.multicasa.com.br\/inicio\/wp-json\/wp\/v2\/product\/11963","targetHints":{"allow":["GET"]}}],"collection":[{"href":"https:\/\/www.multicasa.com.br\/inicio\/wp-json\/wp\/v2\/product"}],"about":[{"href":"https:\/\/www.multicasa.com.br\/inicio\/wp-json\/wp\/v2\/types\/product"}],"wp:featuredmedia":[{"embeddable":true,"href":"https:\/\/www.multicasa.com.br\/inicio\/wp-json\/wp\/v2\/media\/25485"}],"wp:attachment":[{"href":"https:\/\/www.multicasa.com.br\/inicio\/wp-json\/wp\/v2\/media?parent=11963"}],"wp:term":[{"taxonomy":"product_brand","embeddable":true,"href":"https:\/\/www.multicasa.com.br\/inicio\/wp-json\/wp\/v2\/product_brand?post=11963"},{"taxonomy":"product_cat","embeddable":true,"href":"https:\/\/www.multicasa.com.br\/inicio\/wp-json\/wp\/v2\/product_cat?post=11963"},{"taxonomy":"product_tag","embeddable":true,"href":"https:\/\/www.multicasa.com.br\/inicio\/wp-json\/wp\/v2\/product_tag?post=11963"}],"curies":[{"name":"wp","href":"https:\/\/api.w.org\/{rel}","templated":true}]}}