{"id":11989,"date":"2025-06-20T18:13:02","date_gmt":"2025-06-20T22:13:02","guid":{"rendered":"https:\/\/www.multicasa.com.br\/inicio\/?post_type=product&#038;p=11989"},"modified":"2026-01-08T13:43:18","modified_gmt":"2026-01-08T17:43:18","slug":"plafonier-porcelana-demi","status":"publish","type":"product","link":"https:\/\/www.multicasa.com.br\/inicio\/produto\/plafonier-porcelana-demi\/","title":{"rendered":"Plafonier Porcelana Demi"},"content":{"rendered":"<p>Plafonier econ\u00f4mico, injetado em Polipropileno com soquete de porcelana E27. Solu\u00e7\u00e3o de baixo custo para l\u00e2mpadas com soquete E27 com pot\u00eancia m\u00e1xima de 100w por soquete.<\/p>\n","protected":false},"excerpt":{"rendered":"<h4 style=\"margin: 0px;padding: 0px 0px 16px;font-family: Lato, sans-serif;font-weight: bold;line-height: 3rem;color: var(--dark-grey3);font-size: 22px;font-style: normal;letter-spacing: normal;text-align: start;text-indent: 0px;text-transform: none\">Informa\u00e7\u00f5es t\u00e9cnicas<\/h4>\n<p><span style=\"margin: 0px;padding: 0px;font-weight: 450;font-size: 14px;line-height: 21px;color: var(--dark-grey2);font-family: Lato, sans-serif;font-style: normal;letter-spacing: normal;text-align: start;text-indent: 0px;text-transform: none\">Produto: PLAFONIER PORC.E27 BC 9534 DEMI<br \/>\nMarca: Demi<br \/>\nMaterial: Polipropileno<br \/>\nCor: Branca<br \/>\nCaracter\u00edsticas:<br \/>\n-Resistente<br \/>\n-Economico<br \/>\n-Parafusos p\/ fixa\u00e7\u00e3o inclusos<br \/>\nDimens\u00f5es: 140mm<\/span><\/p>\n","protected":false},"featured_media":25760,"template":"","meta":{"_joinchat":[]},"product_brand":[],"product_cat":[79],"product_tag":[],"class_list":{"0":"post-11989","1":"product","2":"type-product","3":"status-publish","4":"has-post-thumbnail","6":"product_cat-iluminacao-decorativa","8":"first","9":"outofstock","10":"shipping-taxable","11":"product-type-simple"},"_links":{"self":[{"href":"https:\/\/www.multicasa.com.br\/inicio\/wp-json\/wp\/v2\/product\/11989","targetHints":{"allow":["GET"]}}],"collection":[{"href":"https:\/\/www.multicasa.com.br\/inicio\/wp-json\/wp\/v2\/product"}],"about":[{"href":"https:\/\/www.multicasa.com.br\/inicio\/wp-json\/wp\/v2\/types\/product"}],"wp:featuredmedia":[{"embeddable":true,"href":"https:\/\/www.multicasa.com.br\/inicio\/wp-json\/wp\/v2\/media\/25760"}],"wp:attachment":[{"href":"https:\/\/www.multicasa.com.br\/inicio\/wp-json\/wp\/v2\/media?parent=11989"}],"wp:term":[{"taxonomy":"product_brand","embeddable":true,"href":"https:\/\/www.multicasa.com.br\/inicio\/wp-json\/wp\/v2\/product_brand?post=11989"},{"taxonomy":"product_cat","embeddable":true,"href":"https:\/\/www.multicasa.com.br\/inicio\/wp-json\/wp\/v2\/product_cat?post=11989"},{"taxonomy":"product_tag","embeddable":true,"href":"https:\/\/www.multicasa.com.br\/inicio\/wp-json\/wp\/v2\/product_tag?post=11989"}],"curies":[{"name":"wp","href":"https:\/\/api.w.org\/{rel}","templated":true}]}}