{"id":12000,"date":"2025-06-20T18:13:04","date_gmt":"2025-06-20T22:13:04","guid":{"rendered":"https:\/\/www.multicasa.com.br\/inicio\/?post_type=product&#038;p=12000"},"modified":"2025-08-17T19:03:13","modified_gmt":"2025-08-17T23:03:13","slug":"tanque-inox-40x40-com-valvula-tramontina","status":"publish","type":"product","link":"https:\/\/www.multicasa.com.br\/inicio\/produto\/tanque-inox-40x40-com-valvula-tramontina\/","title":{"rendered":"Tanque Inox 40X40 Com Valvula Tramontina"},"content":{"rendered":"<p>O Tanque de Encaixe Tramontina Hera 23 L em A\u00e7o Inox Acetinado 40&#215;40 cm \u00e9 produzido em A\u00e7o Inox 304, o produto \u00e9 mais higi\u00eanico e dur\u00e1vel. Fabricado no sistema monobloco, ou seja, sem solda, o tanque tamb\u00e9m apresenta borda de sobrepor e esfregador inclinado, com frisos arredondados, que auxiliam na lavagem de roupas. A pe\u00e7a acompanha v\u00e1lvula de alta qualidade, possui excelente veda\u00e7\u00e3o e \u00e9 de f\u00e1cil montagem. Somente a Tramontina oferece produtos funcionais, com design moderno e qualidade comprovada.<\/p>\n","protected":false},"excerpt":{"rendered":"<h4 style=\"margin: 0px;padding: 0px 0px 16px;font-family: Lato, sans-serif;font-weight: bold;line-height: 3rem;color: var(--dark-grey3);font-size: 22px;font-style: normal;letter-spacing: normal;text-align: start;text-indent: 0px;text-transform: none\">Informa\u00e7\u00f5es t\u00e9cnicas<\/h4>\n<p><span style=\"margin: 0px;padding: 0px;font-weight: 450;font-size: 14px;line-height: 21px;color: var(--dark-grey2);font-family: Lato, sans-serif;font-style: normal;letter-spacing: normal;text-align: start;text-indent: 0px;text-transform: none\">Produto: TANQUE INOX 40X40 C\/V TRAMONTINA<br \/>\nMarca: Tramontina<br \/>\nMaterial: A\u00e7o inox<br \/>\nCor: Cromado<br \/>\nCaracter\u00edsticas<br \/>\n&#8211; A\u00e7o Inox AISI 304.<br \/>\n&#8211; 0,7 mm de espessura.<br \/>\n&#8211; Acabamento acetinado.<br \/>\n&#8211; Acompanha v\u00e1lvula de \u00d8 3 1\/2&#8243;.<br \/>\n&#8211; Profundidade da cuba 215 mm.<br \/>\n&#8211; Capacidade 23 L.<br \/>\nDimens\u00f5es<br \/>\n40 X 40 CM<\/span><\/p>\n","protected":false},"featured_media":26057,"template":"","meta":{"_joinchat":[]},"product_brand":[],"product_cat":[159],"product_tag":[],"class_list":{"0":"post-12000","1":"product","2":"type-product","3":"status-publish","4":"has-post-thumbnail","6":"product_cat-inox-e-cia","8":"first","9":"outofstock","10":"shipping-taxable","11":"purchasable","12":"product-type-simple"},"_links":{"self":[{"href":"https:\/\/www.multicasa.com.br\/inicio\/wp-json\/wp\/v2\/product\/12000","targetHints":{"allow":["GET"]}}],"collection":[{"href":"https:\/\/www.multicasa.com.br\/inicio\/wp-json\/wp\/v2\/product"}],"about":[{"href":"https:\/\/www.multicasa.com.br\/inicio\/wp-json\/wp\/v2\/types\/product"}],"wp:featuredmedia":[{"embeddable":true,"href":"https:\/\/www.multicasa.com.br\/inicio\/wp-json\/wp\/v2\/media\/26057"}],"wp:attachment":[{"href":"https:\/\/www.multicasa.com.br\/inicio\/wp-json\/wp\/v2\/media?parent=12000"}],"wp:term":[{"taxonomy":"product_brand","embeddable":true,"href":"https:\/\/www.multicasa.com.br\/inicio\/wp-json\/wp\/v2\/product_brand?post=12000"},{"taxonomy":"product_cat","embeddable":true,"href":"https:\/\/www.multicasa.com.br\/inicio\/wp-json\/wp\/v2\/product_cat?post=12000"},{"taxonomy":"product_tag","embeddable":true,"href":"https:\/\/www.multicasa.com.br\/inicio\/wp-json\/wp\/v2\/product_tag?post=12000"}],"curies":[{"name":"wp","href":"https:\/\/api.w.org\/{rel}","templated":true}]}}