{"id":12002,"date":"2025-06-20T18:13:04","date_gmt":"2025-06-20T22:13:04","guid":{"rendered":"https:\/\/www.multicasa.com.br\/inicio\/?post_type=product&#038;p=12002"},"modified":"2026-04-16T15:30:23","modified_gmt":"2026-04-16T19:30:23","slug":"ventilador-de-parede-50cm-150w-bivolt-preto-venti-delta","status":"publish","type":"product","link":"https:\/\/www.multicasa.com.br\/inicio\/produto\/ventilador-de-parede-50cm-150w-bivolt-preto-venti-delta\/","title":{"rendered":"Ventilador De Parede 50Cm 150W Bivolt Preto Venti-Delta"},"content":{"rendered":"<p>Ar limpo em seus ambientes! O ventilador Venti-Delta 796425 \u00e9 um elemento \u00fatil para dar a sensa\u00e7\u00e3o de frescura em sua casa. Pare de se preocupar em ventilar e resfriar os diferentes espa\u00e7os. Gra\u00e7as ao seu \u00f3timo desempenho, a sensa\u00e7\u00e3o t\u00e9rmica do local diminui rapidamente. \u00c9 um dispositivo pr\u00e1tico, f\u00e1cil de montar e instalar. <\/p>\n","protected":false},"excerpt":{"rendered":"<h4 style=\"margin: 0px;padding: 0px 0px 16px;font-family: Lato, sans-serif;font-weight: bold;line-height: 3rem;color: var(--dark-grey3);font-size: 22px;font-style: normal;letter-spacing: normal;text-align: start;text-indent: 0px;text-transform: none\">Informa\u00e7\u00f5es t\u00e9cnicas<\/h4>\n<p><span style=\"margin: 0px;padding: 0px;font-weight: 450;font-size: 14px;line-height: 21px;color: var(--dark-grey2);font-family: Lato, sans-serif;font-style: normal;letter-spacing: normal;text-align: start;text-indent: 0px;text-transform: none\">Produto: VENTILADOR DE PAREDE 50CM 150W BIVOLT<br \/>\nMarca: Venti-Delta<br \/>\nMaterial: Pl\u00e1stico<br \/>\nCor: Preto<br \/>\nCaracter\u00edsticas<br \/>\n&#8211; Refer\u00eancia: 79-5425<br \/>\n&#8211; Linha: Ventura<br \/>\n&#8211; N\u00famero de P\u00e1s: 6<br \/>\n&#8211; Cor: Preto<br \/>\n&#8211; Protetor T\u00e9rmico: Sim<br \/>\n&#8211; \u00c1rea de Ventila\u00e7\u00e3o: 40m2<br \/>\n&#8211; Controle de Velocidade: Rotativo<br \/>\n&#8211; Pot\u00eancia: 150W<br \/>\n&#8211; Garantia: 1 ano do fabricante<br \/>\nDi\u00e2metro: 50 cm<br \/>\nAcompanha o produto:<br \/>\n&#8211; Motor<br \/>\n&#8211; Grade dianteira<br \/>\n&#8211; Grade traseira<br \/>\n&#8211; H\u00e9lice<br \/>\n&#8211; Borboleta com rosca p\/ h\u00e9lice<br \/>\n&#8211; Borboleta Tri\u00e2ngulo<br \/>\n&#8211; Arruelas<br \/>\n&#8211; Porcas<br \/>\n&#8211; Parafusos<br \/>\n&#8211; Manual de Instala\u00e7\u00e3o.<\/span><\/p>\n","protected":false},"featured_media":12013,"template":"","meta":{"_joinchat":[]},"product_brand":[],"product_cat":[149],"product_tag":[],"class_list":{"0":"post-12002","1":"product","2":"type-product","3":"status-publish","4":"has-post-thumbnail","6":"product_cat-ventiladores-comerciais","8":"first","9":"instock","10":"shipping-taxable","11":"purchasable","12":"product-type-simple"},"_links":{"self":[{"href":"https:\/\/www.multicasa.com.br\/inicio\/wp-json\/wp\/v2\/product\/12002","targetHints":{"allow":["GET"]}}],"collection":[{"href":"https:\/\/www.multicasa.com.br\/inicio\/wp-json\/wp\/v2\/product"}],"about":[{"href":"https:\/\/www.multicasa.com.br\/inicio\/wp-json\/wp\/v2\/types\/product"}],"wp:featuredmedia":[{"embeddable":true,"href":"https:\/\/www.multicasa.com.br\/inicio\/wp-json\/wp\/v2\/media\/12013"}],"wp:attachment":[{"href":"https:\/\/www.multicasa.com.br\/inicio\/wp-json\/wp\/v2\/media?parent=12002"}],"wp:term":[{"taxonomy":"product_brand","embeddable":true,"href":"https:\/\/www.multicasa.com.br\/inicio\/wp-json\/wp\/v2\/product_brand?post=12002"},{"taxonomy":"product_cat","embeddable":true,"href":"https:\/\/www.multicasa.com.br\/inicio\/wp-json\/wp\/v2\/product_cat?post=12002"},{"taxonomy":"product_tag","embeddable":true,"href":"https:\/\/www.multicasa.com.br\/inicio\/wp-json\/wp\/v2\/product_tag?post=12002"}],"curies":[{"name":"wp","href":"https:\/\/api.w.org\/{rel}","templated":true}]}}

<p>Ar limpo em seus ambientes! O ventilador Venti-Delta 796425 é um elemento útil para dar a sensação de frescura em sua casa. Pare de se preocupar em ventilar e resfriar os diferentes espaços. Graças ao seu ótimo desempenho, a sensação térmica do local diminui rapidamente. É um dispositivo prático, fácil de montar e instalar. </p>

<h4 style="margin: 0px;padding: 0px 0px 16px;font-family: Lato, sans-serif;font-weight: bold;line-height: 3rem;color: var(--dark-grey3);font-size: 22px;font-style: normal;letter-spacing: normal;text-align: start;text-indent: 0px;text-transform: none">Informações técnicas</h4>
<p><span style="margin: 0px;padding: 0px;font-weight: 450;font-size: 14px;line-height: 21px;color: var(--dark-grey2);font-family: Lato, sans-serif;font-style: normal;letter-spacing: normal;text-align: start;text-indent: 0px;text-transform: none">Produto: VENTILADOR DE PAREDE 50CM 150W BIVOLT<br />
Marca: Venti-Delta<br />
Material: Plástico<br />
Cor: Preto<br />
Características<br />
&#8211; Referência: 79-5425<br />
&#8211; Linha: Ventura<br />
&#8211; Número de Pás: 6<br />
&#8211; Cor: Preto<br />
&#8211; Protetor Térmico: Sim<br />
&#8211; Área de Ventilação: 40m2<br />
&#8211; Controle de Velocidade: Rotativo<br />
&#8211; Potência: 150W<br />
&#8211; Garantia: 1 ano do fabricante<br />
Diâmetro: 50 cm<br />
Acompanha o produto:<br />
&#8211; Motor<br />
&#8211; Grade dianteira<br />
&#8211; Grade traseira<br />
&#8211; Hélice<br />
&#8211; Borboleta com rosca p/ hélice<br />
&#8211; Borboleta Triângulo<br />
&#8211; Arruelas<br />
&#8211; Porcas<br />
&#8211; Parafusos<br />
&#8211; Manual de Instalação.</span></p>
