{"id":12027,"date":"2025-06-20T18:13:13","date_gmt":"2025-06-20T22:13:13","guid":{"rendered":"https:\/\/www.multicasa.com.br\/inicio\/?post_type=product&#038;p=12027"},"modified":"2025-08-18T01:53:38","modified_gmt":"2025-08-18T05:53:38","slug":"kit-cuba-apoio-redonda-c-torneira-ra-01","status":"publish","type":"product","link":"https:\/\/www.multicasa.com.br\/inicio\/produto\/kit-cuba-apoio-redonda-c-torneira-ra-01\/","title":{"rendered":"Kit Cuba Apoio Redonda C\/Torneira Ra-01"},"content":{"rendered":"<p>O kit cuba apoio redondo com torneira RA-01 da Lorenzetti \u00e9 a solu\u00e7\u00e3o ideal para voc\u00ea que busca uma cuba de apoio com todos os acess\u00f3rios de instala\u00e7\u00e3o e que combine com qualquer cor de bancada ou m\u00f3vel de banheiro. Sua cor branca faz com que ele combine com todo estilo de decora\u00e7\u00e3o, independentemente do revestimento escolhido para o Piso do Banheiro e as paredes, se adaptando bem a seus gostos. Vem com todos os itens necess\u00e1rios para fazer a instala\u00e7\u00e3o de maneira f\u00e1cil e r\u00e1pida.<\/p>\n","protected":false},"excerpt":{"rendered":"<h4 style=\"margin: 0px;padding: 0px 0px 16px;font-family: Lato, sans-serif;font-weight: bold;line-height: 3rem;color: var(--dark-grey3);font-size: 22px;font-style: normal;letter-spacing: normal;text-align: start;text-indent: 0px;text-transform: none\">Informa\u00e7\u00f5es t\u00e9cnicas<\/h4>\n<p><span style=\"margin: 0px;padding: 0px;font-weight: 450;font-size: 14px;line-height: 21px;color: var(--dark-grey2);font-family: Lato, sans-serif;font-style: normal;letter-spacing: normal;text-align: start;text-indent: 0px;text-transform: none\">Produto: KIT CUBA APOIO RD.C\/TORNEIRA RA-01<br \/>\nMarca: Lorenzetti<br \/>\nMaterial: Cer\u00e2mica<br \/>\nCor: Branca<br \/>\nCaracter\u00edsticas<br \/>\n&#8211; CUBA REDONDA RA-01 DE APOIO<br \/>\n&#8211; TORNEIRA LAVAT\u00d3RIO<br \/>\n&#8211; v\u00e1lvula LAVAT\u00d3RIO<br \/>\n&#8211; FLEX\u00cdVEL TRAN\u00c7ADO A\u00c7O INOX<br \/>\n&#8211; SIF\u00c3O EXTENS\u00cdVEL<\/p>\n<p>Dimens\u00f5es:<br \/>\n350 x 350 x 135 mm<\/span><\/p>\n","protected":false},"featured_media":25354,"template":"","meta":{"_joinchat":[]},"product_brand":[],"product_cat":[68],"product_tag":[],"class_list":{"0":"post-12027","1":"product","2":"type-product","3":"status-publish","4":"has-post-thumbnail","6":"product_cat-loucas-e-cia","8":"first","9":"outofstock","10":"shipping-taxable","11":"purchasable","12":"product-type-simple"},"_links":{"self":[{"href":"https:\/\/www.multicasa.com.br\/inicio\/wp-json\/wp\/v2\/product\/12027","targetHints":{"allow":["GET"]}}],"collection":[{"href":"https:\/\/www.multicasa.com.br\/inicio\/wp-json\/wp\/v2\/product"}],"about":[{"href":"https:\/\/www.multicasa.com.br\/inicio\/wp-json\/wp\/v2\/types\/product"}],"wp:featuredmedia":[{"embeddable":true,"href":"https:\/\/www.multicasa.com.br\/inicio\/wp-json\/wp\/v2\/media\/25354"}],"wp:attachment":[{"href":"https:\/\/www.multicasa.com.br\/inicio\/wp-json\/wp\/v2\/media?parent=12027"}],"wp:term":[{"taxonomy":"product_brand","embeddable":true,"href":"https:\/\/www.multicasa.com.br\/inicio\/wp-json\/wp\/v2\/product_brand?post=12027"},{"taxonomy":"product_cat","embeddable":true,"href":"https:\/\/www.multicasa.com.br\/inicio\/wp-json\/wp\/v2\/product_cat?post=12027"},{"taxonomy":"product_tag","embeddable":true,"href":"https:\/\/www.multicasa.com.br\/inicio\/wp-json\/wp\/v2\/product_tag?post=12027"}],"curies":[{"name":"wp","href":"https:\/\/api.w.org\/{rel}","templated":true}]}}