{"id":12088,"date":"2025-06-20T18:13:43","date_gmt":"2025-06-20T22:13:43","guid":{"rendered":"https:\/\/www.multicasa.com.br\/inicio\/?post_type=product&#038;p=12088"},"modified":"2026-01-23T12:20:25","modified_gmt":"2026-01-23T16:20:25","slug":"lona-plastica-100-micras-1x4m-pt-patpack","status":"publish","type":"product","link":"https:\/\/www.multicasa.com.br\/inicio\/produto\/lona-plastica-100-micras-1x4m-pt-patpack\/","title":{"rendered":"Lona Pl\u00e1stica 100 Micras 1X4M Pt Patpack"},"content":{"rendered":"<p>As lonas da Linha preta podem tamb\u00e9m ser utilizadas na forra\u00e7\u00e3o de pisos em pinturas e para secagem de gr\u00e3os, de solo em contrapiso, de andaimes e fachadas de edif\u00edcios, e carrocerias. Tamb\u00e9m se prestam \u00e0 prote\u00e7\u00e3o de barracas de camping, \u00e0 conten\u00e7\u00e3o de deslizamentos e eros\u00e3o, prote\u00e7\u00e3o de encostas e sinaliza\u00e7\u00e3o de \u00e1reas de risco.<\/p>\n","protected":false},"excerpt":{"rendered":"<h4 style=\"margin: 0px;padding: 0px 0px 16px;font-family: Lato, sans-serif;font-weight: bold;line-height: 3rem;color: var(--dark-grey3);font-size: 22px;font-style: normal;letter-spacing: normal;text-align: start;text-indent: 0px;text-transform: none\">Informa\u00e7\u00f5es t\u00e9cnicas<\/h4>\n<p><span style=\"margin: 0px;padding: 0px;font-weight: 450;font-size: 14px;line-height: 21px;color: var(--dark-grey2);font-family: Lato, sans-serif;font-style: normal;letter-spacing: normal;text-align: start;text-indent: 0px;text-transform: none\">Produto: LONA PL\u00c1STICA 100 MICRAS 1X4M<br \/>\nMarca: Lonax<br \/>\nMaterial: Pl\u00e1stico<br \/>\nCor: Preto<br \/>\nDimens\u00f5es do Produto<br \/>\n1 x 4M<\/span><\/p>\n","protected":false},"featured_media":25474,"template":"","meta":{"_joinchat":[]},"product_brand":[],"product_cat":[147],"product_tag":[],"class_list":{"0":"post-12088","1":"product","2":"type-product","3":"status-publish","4":"has-post-thumbnail","6":"product_cat-basicos","8":"first","9":"outofstock","10":"shipping-taxable","11":"purchasable","12":"product-type-simple"},"_links":{"self":[{"href":"https:\/\/www.multicasa.com.br\/inicio\/wp-json\/wp\/v2\/product\/12088","targetHints":{"allow":["GET"]}}],"collection":[{"href":"https:\/\/www.multicasa.com.br\/inicio\/wp-json\/wp\/v2\/product"}],"about":[{"href":"https:\/\/www.multicasa.com.br\/inicio\/wp-json\/wp\/v2\/types\/product"}],"wp:featuredmedia":[{"embeddable":true,"href":"https:\/\/www.multicasa.com.br\/inicio\/wp-json\/wp\/v2\/media\/25474"}],"wp:attachment":[{"href":"https:\/\/www.multicasa.com.br\/inicio\/wp-json\/wp\/v2\/media?parent=12088"}],"wp:term":[{"taxonomy":"product_brand","embeddable":true,"href":"https:\/\/www.multicasa.com.br\/inicio\/wp-json\/wp\/v2\/product_brand?post=12088"},{"taxonomy":"product_cat","embeddable":true,"href":"https:\/\/www.multicasa.com.br\/inicio\/wp-json\/wp\/v2\/product_cat?post=12088"},{"taxonomy":"product_tag","embeddable":true,"href":"https:\/\/www.multicasa.com.br\/inicio\/wp-json\/wp\/v2\/product_tag?post=12088"}],"curies":[{"name":"wp","href":"https:\/\/api.w.org\/{rel}","templated":true}]}}