{"id":12102,"date":"2025-06-20T18:13:50","date_gmt":"2025-06-20T22:13:50","guid":{"rendered":"https:\/\/www.multicasa.com.br\/inicio\/?post_type=product&#038;p=12102"},"modified":"2025-08-17T19:05:58","modified_gmt":"2025-08-17T23:05:58","slug":"lampada-led-tubular-t8-18w-bivolt-6-5k-blumenau","status":"publish","type":"product","link":"https:\/\/www.multicasa.com.br\/inicio\/produto\/lampada-led-tubular-t8-18w-bivolt-6-5k-blumenau\/","title":{"rendered":"L\u00e2mpada Led Tubular T8 18W Bivolt 6.5K Blumenau"},"content":{"rendered":"<p>A l\u00e2mpada led tubular T8 da Blumenau. S\u00e3o ideais para \u00e1reas que requerem uma ilumina\u00e7\u00e3o eficiente, muito utilizada em escrit\u00f3rios, hot\u00e9is, escolas, entre outros ambientes. Seu n\u00edvel IRC acima de 80 proporciona um rendimento luminoso 15% superior aos modelos de LED tubular encontradas no mercado. Adequado para ambientes que necessitam de intensidade e aten\u00e7\u00e3o.<\/p>\n","protected":false},"excerpt":{"rendered":"<h4 style=\"margin: 0px;padding: 0px 0px 16px;font-family: Lato, sans-serif;font-weight: bold;line-height: 3rem;color: var(--dark-grey3);font-size: 22px;font-style: normal;letter-spacing: normal;text-align: start;text-indent: 0px;text-transform: none\">Informa\u00e7\u00f5es t\u00e9cnicas<\/h4>\n<p><span style=\"margin: 0px;padding: 0px;font-weight: 450;font-size: 14px;line-height: 21px;color: var(--dark-grey2);font-family: Lato, sans-serif;font-style: normal;letter-spacing: normal;text-align: start;text-indent: 0px;text-transform: none\">Produto: L\u00c2MPADA LED TUBULAR T8 18W BIVOLT 6.5K<br \/>\nMarca: Blumenau<br \/>\nMaterial: Pl\u00e1stico<br \/>\nCor: Branca<br \/>\nCaracter\u00edsticas<br \/>\n&#8211; Garantia de 2 anos;<br \/>\n&#8211; Tens\u00e3o: 100-240V | 50\/60 Hz<br \/>\n&#8211; Fluxo Luminoso: 102,7lm;<br \/>\n&#8211; Temperatura de cor: 6500K;<br \/>\n&#8211; \u00c2ngulo do facho: 300\u00b0;<br \/>\n&#8211; Soquete: G13.<br \/>\nDimens\u00f5es:<br \/>\n1200 X 27,5 MM<\/span><\/p>\n","protected":false},"featured_media":25437,"template":"","meta":{"_joinchat":[]},"product_brand":[],"product_cat":[80],"product_tag":[],"class_list":{"0":"post-12102","1":"product","2":"type-product","3":"status-publish","4":"has-post-thumbnail","6":"product_cat-lampadas","8":"first","9":"outofstock","10":"shipping-taxable","11":"purchasable","12":"product-type-simple"},"_links":{"self":[{"href":"https:\/\/www.multicasa.com.br\/inicio\/wp-json\/wp\/v2\/product\/12102","targetHints":{"allow":["GET"]}}],"collection":[{"href":"https:\/\/www.multicasa.com.br\/inicio\/wp-json\/wp\/v2\/product"}],"about":[{"href":"https:\/\/www.multicasa.com.br\/inicio\/wp-json\/wp\/v2\/types\/product"}],"wp:featuredmedia":[{"embeddable":true,"href":"https:\/\/www.multicasa.com.br\/inicio\/wp-json\/wp\/v2\/media\/25437"}],"wp:attachment":[{"href":"https:\/\/www.multicasa.com.br\/inicio\/wp-json\/wp\/v2\/media?parent=12102"}],"wp:term":[{"taxonomy":"product_brand","embeddable":true,"href":"https:\/\/www.multicasa.com.br\/inicio\/wp-json\/wp\/v2\/product_brand?post=12102"},{"taxonomy":"product_cat","embeddable":true,"href":"https:\/\/www.multicasa.com.br\/inicio\/wp-json\/wp\/v2\/product_cat?post=12102"},{"taxonomy":"product_tag","embeddable":true,"href":"https:\/\/www.multicasa.com.br\/inicio\/wp-json\/wp\/v2\/product_tag?post=12102"}],"curies":[{"name":"wp","href":"https:\/\/api.w.org\/{rel}","templated":true}]}}