{"id":12111,"date":"2025-06-20T18:13:51","date_gmt":"2025-06-20T22:13:51","guid":{"rendered":"https:\/\/www.multicasa.com.br\/inicio\/?post_type=product&#038;p=12111"},"modified":"2025-08-17T19:06:15","modified_gmt":"2025-08-17T23:06:15","slug":"telha-pvc-colonial-230x5-afort","status":"publish","type":"product","link":"https:\/\/www.multicasa.com.br\/inicio\/produto\/telha-pvc-colonial-230x5-afort\/","title":{"rendered":"Telha Pvc Colonial 2,30X5 Afort"},"content":{"rendered":"<p>Sua casa ou estabelecimento comercial precisam de um telhado de qualidade para manterem-se seguros. Para isso, recomendamos a Telha de PVC Colonial Colonial 2,30 m x 5 cm Afort! Ela \u00e9 feita de pl\u00e1stico PVC na tonalidade cer\u00e2mica, um material muito resistente ao tempo e de estilo tradicional. Al\u00e9m disso, possui pouca necessidade de manuten\u00e7\u00e3o.<\/p>\n","protected":false},"excerpt":{"rendered":"<h4 style=\"margin: 0px;padding: 0px 0px 16px;font-family: Lato, sans-serif;font-weight: bold;line-height: 3rem;color: var(--dark-grey3);font-size: 22px;font-style: normal;letter-spacing: normal;text-align: start;text-indent: 0px;text-transform: none\">Informa\u00e7\u00f5es t\u00e9cnicas<\/h4>\n<p><span style=\"margin: 0px;padding: 0px;font-weight: 450;font-size: 14px;line-height: 21px;color: var(--dark-grey2);font-family: Lato, sans-serif;font-style: normal;letter-spacing: normal;text-align: start;text-indent: 0px;text-transform: none\">Produto: TELHA PVC COLONIAL 2,30X5 AFORT<br \/>\nMarca: Afort<br \/>\nMaterial: PVC<br \/>\nCor: Terracota<br \/>\nCaracter\u00edsticas<br \/>\n&#8211; Feita em pl\u00e1stico PVC de qualidade;<br \/>\n&#8211; Material resistente \u00e0 corros\u00e3o;<br \/>\n&#8211; Possui acabamento cl\u00e1ssico;<br \/>\n&#8211; Tem baixo custo de manuten\u00e7\u00e3o.<\/p>\n<p>Dimens\u00f5es:<br \/>\n2,30 m x 5 cm<\/span><\/p>\n","protected":false},"featured_media":26081,"template":"","meta":{"_joinchat":[]},"product_brand":[],"product_cat":[147],"product_tag":[],"class_list":{"0":"post-12111","1":"product","2":"type-product","3":"status-publish","4":"has-post-thumbnail","6":"product_cat-basicos","8":"first","9":"outofstock","10":"shipping-taxable","11":"purchasable","12":"product-type-simple"},"_links":{"self":[{"href":"https:\/\/www.multicasa.com.br\/inicio\/wp-json\/wp\/v2\/product\/12111","targetHints":{"allow":["GET"]}}],"collection":[{"href":"https:\/\/www.multicasa.com.br\/inicio\/wp-json\/wp\/v2\/product"}],"about":[{"href":"https:\/\/www.multicasa.com.br\/inicio\/wp-json\/wp\/v2\/types\/product"}],"wp:featuredmedia":[{"embeddable":true,"href":"https:\/\/www.multicasa.com.br\/inicio\/wp-json\/wp\/v2\/media\/26081"}],"wp:attachment":[{"href":"https:\/\/www.multicasa.com.br\/inicio\/wp-json\/wp\/v2\/media?parent=12111"}],"wp:term":[{"taxonomy":"product_brand","embeddable":true,"href":"https:\/\/www.multicasa.com.br\/inicio\/wp-json\/wp\/v2\/product_brand?post=12111"},{"taxonomy":"product_cat","embeddable":true,"href":"https:\/\/www.multicasa.com.br\/inicio\/wp-json\/wp\/v2\/product_cat?post=12111"},{"taxonomy":"product_tag","embeddable":true,"href":"https:\/\/www.multicasa.com.br\/inicio\/wp-json\/wp\/v2\/product_tag?post=12111"}],"curies":[{"name":"wp","href":"https:\/\/api.w.org\/{rel}","templated":true}]}}