{"id":12117,"date":"2025-06-20T18:13:52","date_gmt":"2025-06-20T22:13:52","guid":{"rendered":"https:\/\/www.multicasa.com.br\/inicio\/?post_type=product&#038;p=12117"},"modified":"2025-08-18T02:13:43","modified_gmt":"2025-08-18T06:13:43","slug":"plafon-led-frameless-embuir-quadrada-32w-bivolt-6-5k","status":"publish","type":"product","link":"https:\/\/www.multicasa.com.br\/inicio\/produto\/plafon-led-frameless-embuir-quadrada-32w-bivolt-6-5k\/","title":{"rendered":"Plafon Led Frameless Embuir Quadrada 32W Bivolt 6.5K"},"content":{"rendered":"<p>Lumin\u00e1ria de embutir FRAMELESS, com design inovador<br \/>\ne super moderno, integrado com a tecnologia LED e<br \/>\npronto para instalar. Difusor moldado em acr\u00edlico com<br \/>\nalta refra\u00e7\u00e3o luminosa, proporcionando uma ilumina\u00e7\u00e3o<br \/>\nuniforme e homog\u00eanea.<br \/>\nIdeal para ambientes corporativos, comerciais e residenciais.<\/p>\n","protected":false},"excerpt":{"rendered":"<h4 style=\"margin: 0px;padding: 0px 0px 16px;font-family: Lato, sans-serif;font-weight: bold;line-height: 3rem;color: var(--dark-grey3);font-size: 22px;font-style: normal;letter-spacing: normal;text-align: start;text-indent: 0px;text-transform: none\">Informa\u00e7\u00f5es t\u00e9cnicas<\/h4>\n<p><span style=\"margin: 0px;padding: 0px;font-weight: 450;font-size: 14px;line-height: 21px;color: var(--dark-grey2);font-family: Lato, sans-serif;font-style: normal;letter-spacing: normal;text-align: start;text-indent: 0px;text-transform: none\">Produto: PLAFON LED FRAME.EMB.QD.32W BIV.6.5<br \/>\nMarca: led<br \/>\nCor: branco<br \/>\nCaracter\u00edsticas<br \/>\n&#8211; Garantia de 2 ano;<br \/>\n&#8211; Pot\u00eancia de 32W;<br \/>\n&#8211; Fluxo luminoso: 3200lm;<br \/>\n&#8211; Temperatura de cor: 6500k;<br \/>\n&#8211; Base: Facil instala\u00e7\u00e3o;<br \/>\n&#8211; Tens\u00e3o: 100V &#8211; 240V Bivolt;<br \/>\n&#8211; Baixo consumo de energia;<br \/>\n&#8211; \u00cdndice de prote\u00e7\u00e3o: IP20;<br \/>\n&#8211; Vida \u00fatil de 25.000 horas;<br \/>\n&#8211; Uso interno;<br \/>\n&#8211; Tamanho: 22 x 22 x 1,6cm.<\/span><\/p>\n","protected":false},"featured_media":25747,"template":"","meta":{"_joinchat":[]},"product_brand":[],"product_cat":[157],"product_tag":[],"class_list":{"0":"post-12117","1":"product","2":"type-product","3":"status-publish","4":"has-post-thumbnail","6":"product_cat-leds-decorativos","8":"first","9":"outofstock","10":"shipping-taxable","11":"purchasable","12":"product-type-simple"},"_links":{"self":[{"href":"https:\/\/www.multicasa.com.br\/inicio\/wp-json\/wp\/v2\/product\/12117","targetHints":{"allow":["GET"]}}],"collection":[{"href":"https:\/\/www.multicasa.com.br\/inicio\/wp-json\/wp\/v2\/product"}],"about":[{"href":"https:\/\/www.multicasa.com.br\/inicio\/wp-json\/wp\/v2\/types\/product"}],"wp:featuredmedia":[{"embeddable":true,"href":"https:\/\/www.multicasa.com.br\/inicio\/wp-json\/wp\/v2\/media\/25747"}],"wp:attachment":[{"href":"https:\/\/www.multicasa.com.br\/inicio\/wp-json\/wp\/v2\/media?parent=12117"}],"wp:term":[{"taxonomy":"product_brand","embeddable":true,"href":"https:\/\/www.multicasa.com.br\/inicio\/wp-json\/wp\/v2\/product_brand?post=12117"},{"taxonomy":"product_cat","embeddable":true,"href":"https:\/\/www.multicasa.com.br\/inicio\/wp-json\/wp\/v2\/product_cat?post=12117"},{"taxonomy":"product_tag","embeddable":true,"href":"https:\/\/www.multicasa.com.br\/inicio\/wp-json\/wp\/v2\/product_tag?post=12117"}],"curies":[{"name":"wp","href":"https:\/\/api.w.org\/{rel}","templated":true}]}}