{"id":12143,"date":"2025-06-20T18:14:02","date_gmt":"2025-06-20T22:14:02","guid":{"rendered":"https:\/\/www.multicasa.com.br\/inicio\/?post_type=product&#038;p=12143"},"modified":"2025-10-29T11:14:02","modified_gmt":"2025-10-29T15:14:02","slug":"lampada-pera-led-15w-branca-bivolt-e27-avant-3-unidades","status":"publish","type":"product","link":"https:\/\/www.multicasa.com.br\/inicio\/produto\/lampada-pera-led-15w-branca-bivolt-e27-avant-3-unidades\/","title":{"rendered":"L\u00e2mpada Pera Led 15W Branca Bivolt E27 Avant 3 Unidades"},"content":{"rendered":"<p>A L\u00e2mpada Pera Led 15W Branca Bivolt E27 da Avant \u00e9 indicada para ambientes internos, e por ser mais econ\u00f4mica e eficiente \u00e9 a solu\u00e7\u00e3o ideal para substituir as l\u00e2mpadas incandescentes ou fluorescentes. Ilumine seu ambiente residencial, comercial ou corporativo com as l\u00e2mpadas Pera LED da Avant.<\/p>\n","protected":false},"excerpt":{"rendered":"<h4 style=\"margin: 0px;padding: 0px 0px 16px;font-family: Lato, sans-serif;font-weight: bold;line-height: 3rem;color: var(--dark-grey3);font-size: 22px;font-style: normal;letter-spacing: normal;text-align: start;text-indent: 0px;text-transform: none\">Informa\u00e7\u00f5es t\u00e9cnicas<\/h4>\n<p><span style=\"margin: 0px;padding: 0px;font-weight: 450;font-size: 14px;line-height: 21px;color: var(--dark-grey2);font-family: Lato, sans-serif;font-style: normal;letter-spacing: normal;text-align: start;text-indent: 0px;text-transform: none\">&#8211; Produto: L\u00e2mpada                                                                                                                      &#8211; Tipo: Pera<br \/>\n&#8211; Marca: Avant                                                                                                                              &#8211; Modelo: S\u00e9rie BR-B<br \/>\n&#8211; Material: Alum\u00ednio e pl\u00e1stico<br \/>\n&#8211; Cor da Luz: Branca<br \/>\n&#8211; Pot\u00eancia: 15W<br \/>\n&#8211; Tens\u00e3o El\u00e9trica: Bivolt<br \/>\n&#8211; Temperatura de cor: 6500K<br \/>\n&#8211; Caracter\u00edsticas: LED; Base E27; \u00cdndice de prote\u00e7\u00e3o: IP20; Vida \u00fatil: 25 mil horas; Fluxo luminoso: 1250; Efici\u00eancia luminosa: 83lm\/W; Equival\u00eancia: 90W incandescente e 26W CFLI.<br \/>\n&#8211; Itens Inclusos: 3 L\u00e2mpadas<br \/>\n&#8211; Dimens\u00f5es do produto (A X L): 133 x 70mm<br \/>\n&#8211; Peso: 21g                                                                                                                                  &#8211; Garantia: 1 ano<\/span><\/p>\n","protected":false},"featured_media":12165,"template":"","meta":{"_joinchat":[]},"product_brand":[],"product_cat":[80],"product_tag":[],"class_list":{"0":"post-12143","1":"product","2":"type-product","3":"status-publish","4":"has-post-thumbnail","6":"product_cat-lampadas","8":"first","9":"outofstock","10":"shipping-taxable","11":"purchasable","12":"product-type-simple"},"_links":{"self":[{"href":"https:\/\/www.multicasa.com.br\/inicio\/wp-json\/wp\/v2\/product\/12143","targetHints":{"allow":["GET"]}}],"collection":[{"href":"https:\/\/www.multicasa.com.br\/inicio\/wp-json\/wp\/v2\/product"}],"about":[{"href":"https:\/\/www.multicasa.com.br\/inicio\/wp-json\/wp\/v2\/types\/product"}],"wp:featuredmedia":[{"embeddable":true,"href":"https:\/\/www.multicasa.com.br\/inicio\/wp-json\/wp\/v2\/media\/12165"}],"wp:attachment":[{"href":"https:\/\/www.multicasa.com.br\/inicio\/wp-json\/wp\/v2\/media?parent=12143"}],"wp:term":[{"taxonomy":"product_brand","embeddable":true,"href":"https:\/\/www.multicasa.com.br\/inicio\/wp-json\/wp\/v2\/product_brand?post=12143"},{"taxonomy":"product_cat","embeddable":true,"href":"https:\/\/www.multicasa.com.br\/inicio\/wp-json\/wp\/v2\/product_cat?post=12143"},{"taxonomy":"product_tag","embeddable":true,"href":"https:\/\/www.multicasa.com.br\/inicio\/wp-json\/wp\/v2\/product_tag?post=12143"}],"curies":[{"name":"wp","href":"https:\/\/api.w.org\/{rel}","templated":true}]}}

Lâmpada Pera Led 15W Branca Bivolt E27 Avant 3 Unidades

<p>A Lâmpada Pera Led 15W Branca Bivolt E27 da Avant é indicada para ambientes internos, e por ser mais econômica e eficiente é a solução ideal para substituir as lâmpadas incandescentes ou fluorescentes. Ilumine seu ambiente residencial, comercial ou corporativo com as lâmpadas Pera LED da Avant.</p>

<h4 style="margin: 0px;padding: 0px 0px 16px;font-family: Lato, sans-serif;font-weight: bold;line-height: 3rem;color: var(--dark-grey3);font-size: 22px;font-style: normal;letter-spacing: normal;text-align: start;text-indent: 0px;text-transform: none">Informações técnicas</h4>
<p><span style="margin: 0px;padding: 0px;font-weight: 450;font-size: 14px;line-height: 21px;color: var(--dark-grey2);font-family: Lato, sans-serif;font-style: normal;letter-spacing: normal;text-align: start;text-indent: 0px;text-transform: none">&#8211; Produto: Lâmpada                                                                                                                      &#8211; Tipo: Pera<br />
&#8211; Marca: Avant                                                                                                                              &#8211; Modelo: Série BR-B<br />
&#8211; Material: Alumínio e plástico<br />
&#8211; Cor da Luz: Branca<br />
&#8211; Potência: 15W<br />
&#8211; Tensão Elétrica: Bivolt<br />
&#8211; Temperatura de cor: 6500K<br />
&#8211; Características: LED; Base E27; Índice de proteção: IP20; Vida útil: 25 mil horas; Fluxo luminoso: 1250; Eficiência luminosa: 83lm/W; Equivalência: 90W incandescente e 26W CFLI.<br />
&#8211; Itens Inclusos: 3 Lâmpadas<br />
&#8211; Dimensões do produto (A X L): 133 x 70mm<br />
&#8211; Peso: 21g                                                                                                                                  &#8211; Garantia: 1 ano</span></p>
