{"id":12153,"date":"2025-06-20T18:14:03","date_gmt":"2025-06-20T22:14:03","guid":{"rendered":"https:\/\/www.multicasa.com.br\/inicio\/?post_type=product&#038;p=12153"},"modified":"2025-07-01T13:56:28","modified_gmt":"2025-07-01T17:56:28","slug":"pendente-floresta-5lp-g9-branco-avant","status":"publish","type":"product","link":"https:\/\/www.multicasa.com.br\/inicio\/produto\/pendente-floresta-5lp-g9-branco-avant\/","title":{"rendered":"Pendente Floresta 5LP G9 Branco Avant"},"content":{"rendered":"<p>O cl\u00e1ssico e o moderno nunca estiveram t\u00e3o pr\u00f3ximos. Com design diferenciado e o prop\u00f3sito de trazer eleg\u00e2ncia e refinamento ao seu ambiente, o lustre Duquesa \u00e9 a fus\u00e3o perfeita entre os dois estilos. Indica\u00e7\u00e3o de uso: Lojas, Boutiques, Restaurantes, Hot\u00e9is, Sal\u00f5es de Beleza, Sala de Estar e Sala de Jantar.<\/p>\n","protected":false},"excerpt":{"rendered":"<h4 style=\"margin: 0px;padding: 0px 0px 16px;font-family: Lato, sans-serif;font-weight: bold;line-height: 3rem;color: var(--dark-grey3);font-size: 22px;font-style: normal;letter-spacing: normal;text-align: start;text-indent: 0px;text-transform: none\">Informa\u00e7\u00f5es t\u00e9cnicas<\/h4>\n<p><span style=\"margin: 0px;padding: 0px;font-weight: 450;font-size: 14px;line-height: 21px;color: var(--dark-grey2);font-family: Lato, sans-serif;font-style: normal;letter-spacing: normal;text-align: start;text-indent: 0px;text-transform: none\">Produto: Pendente Duquesa Florestta<br \/>\nMarca: Avant<br \/>\nCaracter\u00edsticas:<br \/>\n&#8211; Pingentes em acr\u00edlico<br \/>\n&#8211; C\u00fapula em a\u00e7o<br \/>\n&#8211; Cor: branco fosco<br \/>\n&#8211; L\u00e2mpada indicada: Luxpin G9<br \/>\nEspecifica\u00e7\u00f5es t\u00e9cnicas:<br \/>\n&#8211; N\u00famero de l\u00e2mpadas: 5<br \/>\n&#8211; Uso interno<br \/>\n&#8211; Peso: 3350g<\/span><\/p>\n","protected":false},"featured_media":27437,"template":"","meta":{"_joinchat":[]},"product_brand":[],"product_cat":[79],"product_tag":[],"class_list":{"0":"post-12153","1":"product","2":"type-product","3":"status-publish","4":"has-post-thumbnail","6":"product_cat-iluminacao-decorativa","8":"first","9":"outofstock","10":"shipping-taxable","11":"product-type-simple"},"_links":{"self":[{"href":"https:\/\/www.multicasa.com.br\/inicio\/wp-json\/wp\/v2\/product\/12153","targetHints":{"allow":["GET"]}}],"collection":[{"href":"https:\/\/www.multicasa.com.br\/inicio\/wp-json\/wp\/v2\/product"}],"about":[{"href":"https:\/\/www.multicasa.com.br\/inicio\/wp-json\/wp\/v2\/types\/product"}],"wp:featuredmedia":[{"embeddable":true,"href":"https:\/\/www.multicasa.com.br\/inicio\/wp-json\/wp\/v2\/media\/27437"}],"wp:attachment":[{"href":"https:\/\/www.multicasa.com.br\/inicio\/wp-json\/wp\/v2\/media?parent=12153"}],"wp:term":[{"taxonomy":"product_brand","embeddable":true,"href":"https:\/\/www.multicasa.com.br\/inicio\/wp-json\/wp\/v2\/product_brand?post=12153"},{"taxonomy":"product_cat","embeddable":true,"href":"https:\/\/www.multicasa.com.br\/inicio\/wp-json\/wp\/v2\/product_cat?post=12153"},{"taxonomy":"product_tag","embeddable":true,"href":"https:\/\/www.multicasa.com.br\/inicio\/wp-json\/wp\/v2\/product_tag?post=12153"}],"curies":[{"name":"wp","href":"https:\/\/api.w.org\/{rel}","templated":true}]}}