{"id":12156,"date":"2025-06-20T18:14:04","date_gmt":"2025-06-20T22:14:04","guid":{"rendered":"https:\/\/www.multicasa.com.br\/inicio\/?post_type=product&#038;p=12156"},"modified":"2025-08-18T02:23:22","modified_gmt":"2025-08-18T06:23:22","slug":"cinto-para-ferramentas-120cm-mtx","status":"publish","type":"product","link":"https:\/\/www.multicasa.com.br\/inicio\/produto\/cinto-para-ferramentas-120cm-mtx\/","title":{"rendered":"Cinto para ferramentas 120cm MTX"},"content":{"rendered":"<p>A bolsa para ferramentas permite que voc\u00ea carregue as ferramentas b\u00e1sicas necess\u00e1rias para o trabalho. Ela serve n\u00e3o s\u00f3 para transportar o instrumento, mas tamb\u00e9m para a organiza\u00e7\u00e3o f\u00e1cil acesso a ele. Todas as partes da correia s\u00e3o feitos de material sint\u00e9tico dur\u00e1vel.<\/p>\n","protected":false},"excerpt":{"rendered":"<h4 style=\"margin: 0px;padding: 0px 0px 16px;font-family: Lato, sans-serif;font-weight: bold;line-height: 3rem;color: var(--dark-grey3);font-size: 22px;font-style: normal;letter-spacing: normal;text-align: start;text-indent: 0px;text-transform: none\">Informa\u00e7\u00f5es t\u00e9cnicas<\/h4>\n<p><span style=\"margin: 0px;padding: 0px;font-weight: 450;font-size: 14px;line-height: 21px;color: var(--dark-grey2);font-family: Lato, sans-serif;font-style: normal;letter-spacing: normal;text-align: start;text-indent: 0px;text-transform: none\">Produto: Cinto para ferramentas<br \/>\nMarca: MTX<br \/>\nCaracter\u00edsticas:<br \/>\nMedida: 120cm<br \/>\nCor: preto<br \/>\n<\/span><\/p>\n","protected":false},"featured_media":24975,"template":"","meta":{"_joinchat":[]},"product_brand":[],"product_cat":[137],"product_tag":[],"class_list":{"0":"post-12156","1":"product","2":"type-product","3":"status-publish","4":"has-post-thumbnail","6":"product_cat-ferramentas-manuais","8":"first","9":"outofstock","10":"shipping-taxable","11":"purchasable","12":"product-type-simple"},"_links":{"self":[{"href":"https:\/\/www.multicasa.com.br\/inicio\/wp-json\/wp\/v2\/product\/12156","targetHints":{"allow":["GET"]}}],"collection":[{"href":"https:\/\/www.multicasa.com.br\/inicio\/wp-json\/wp\/v2\/product"}],"about":[{"href":"https:\/\/www.multicasa.com.br\/inicio\/wp-json\/wp\/v2\/types\/product"}],"wp:featuredmedia":[{"embeddable":true,"href":"https:\/\/www.multicasa.com.br\/inicio\/wp-json\/wp\/v2\/media\/24975"}],"wp:attachment":[{"href":"https:\/\/www.multicasa.com.br\/inicio\/wp-json\/wp\/v2\/media?parent=12156"}],"wp:term":[{"taxonomy":"product_brand","embeddable":true,"href":"https:\/\/www.multicasa.com.br\/inicio\/wp-json\/wp\/v2\/product_brand?post=12156"},{"taxonomy":"product_cat","embeddable":true,"href":"https:\/\/www.multicasa.com.br\/inicio\/wp-json\/wp\/v2\/product_cat?post=12156"},{"taxonomy":"product_tag","embeddable":true,"href":"https:\/\/www.multicasa.com.br\/inicio\/wp-json\/wp\/v2\/product_tag?post=12156"}],"curies":[{"name":"wp","href":"https:\/\/api.w.org\/{rel}","templated":true}]}}