{"id":12181,"date":"2025-06-20T18:14:15","date_gmt":"2025-06-20T22:14:15","guid":{"rendered":"https:\/\/www.multicasa.com.br\/inicio\/?post_type=product&#038;p=12181"},"modified":"2026-04-22T16:00:45","modified_gmt":"2026-04-22T20:00:45","slug":"sifao-tubo-exten-duplo-70cm-pt-blukit","status":"publish","type":"product","link":"https:\/\/www.multicasa.com.br\/inicio\/produto\/sifao-tubo-exten-duplo-70cm-pt-blukit\/","title":{"rendered":"SIFAO TUBO EXTEN. DUPLO 70CM PT BLUKIT"},"content":{"rendered":"<p>O Sif\u00e3o Duplo Tubo Extensivo Universal Blukit Preto 70cm \u00e9 a melhor op\u00e7\u00e3o para quem busca um visual moderno e um produto vers\u00e1til e pr\u00e1tico para escoamento de \u00e1guas servidas dos ambientes. Fabricados em pl\u00e1sticos de engenharia, ultrarresistentes que suportam extremas temperaturas da \u00e1gua. Seu uso correto assegura um ambiente livre dos maus odores do esgoto.<\/p>\n","protected":false},"excerpt":{"rendered":"<h4 style=\"margin: 0px;padding: 0px 0px 16px;font-family: Lato, sans-serif;font-weight: bold;line-height: 3rem;color: var(--dark-grey3);font-size: 22px;font-style: normal;letter-spacing: normal;text-align: start;text-indent: 0px;text-transform: none\">Informa\u00e7\u00f5es t\u00e9cnicas<\/h4>\n<p><span style=\"margin: 0px;padding: 0px;font-weight: 450;font-size: 14px;line-height: 21px;color: var(--dark-grey2);font-family: Lato, sans-serif;font-style: normal;letter-spacing: normal;text-align: start;text-indent: 0px;text-transform: none\">SIF\u00c3O UNIVERSAL DUPLO<br \/>\nBLUKIT \u0096 PRETO \u0096 33~70CM<br \/>\n&gt; Baixa e Alta Press\u00e3o<br \/>\n&gt; Universal<br \/>\n&gt; Acabamento de Alto Padr\u00e3o<br \/>\n&gt; Fabricado no Brasil<\/span><\/p>\n","protected":false},"featured_media":25976,"template":"","meta":{"_joinchat":[]},"product_brand":[],"product_cat":[74],"product_tag":[],"class_list":{"0":"post-12181","1":"product","2":"type-product","3":"status-publish","4":"has-post-thumbnail","6":"product_cat-reparos-hidraulicos","8":"first","9":"outofstock","10":"shipping-taxable","11":"purchasable","12":"product-type-simple"},"_links":{"self":[{"href":"https:\/\/www.multicasa.com.br\/inicio\/wp-json\/wp\/v2\/product\/12181","targetHints":{"allow":["GET"]}}],"collection":[{"href":"https:\/\/www.multicasa.com.br\/inicio\/wp-json\/wp\/v2\/product"}],"about":[{"href":"https:\/\/www.multicasa.com.br\/inicio\/wp-json\/wp\/v2\/types\/product"}],"wp:featuredmedia":[{"embeddable":true,"href":"https:\/\/www.multicasa.com.br\/inicio\/wp-json\/wp\/v2\/media\/25976"}],"wp:attachment":[{"href":"https:\/\/www.multicasa.com.br\/inicio\/wp-json\/wp\/v2\/media?parent=12181"}],"wp:term":[{"taxonomy":"product_brand","embeddable":true,"href":"https:\/\/www.multicasa.com.br\/inicio\/wp-json\/wp\/v2\/product_brand?post=12181"},{"taxonomy":"product_cat","embeddable":true,"href":"https:\/\/www.multicasa.com.br\/inicio\/wp-json\/wp\/v2\/product_cat?post=12181"},{"taxonomy":"product_tag","embeddable":true,"href":"https:\/\/www.multicasa.com.br\/inicio\/wp-json\/wp\/v2\/product_tag?post=12181"}],"curies":[{"name":"wp","href":"https:\/\/api.w.org\/{rel}","templated":true}]}}