{"id":12182,"date":"2025-06-20T18:14:15","date_gmt":"2025-06-20T22:14:15","guid":{"rendered":"https:\/\/www.multicasa.com.br\/inicio\/?post_type=product&#038;p=12182"},"modified":"2025-08-18T02:23:47","modified_gmt":"2025-08-18T06:23:47","slug":"prolongador-para-caixa-de-gordura-pluvial-ou-passagem-taf","status":"publish","type":"product","link":"https:\/\/www.multicasa.com.br\/inicio\/produto\/prolongador-para-caixa-de-gordura-pluvial-ou-passagem-taf\/","title":{"rendered":"Prolongador para Caixa de Gordura Pluvial ou Passagem TAF"},"content":{"rendered":"<p>Este prolongador \u00e9 utilizado para aumentar a altura da sua Caixa de Passagem ou Caixa de Gordura 42 litros Taf nos casos onde a caixa fica abaixo do n\u00edvel do piso. Este prolongador tem 22 cm de altura pode ser acoplado varias unidades at\u00e9 chegar a altura desejada, em caso de sobrepor o n\u00edvel do piso ele pode ser cortado para que fique rente ao piso acabado.<\/p>\n","protected":false},"excerpt":{"rendered":"<h4 style=\"margin: 0px;padding: 0px 0px 16px;font-family: Lato, sans-serif;font-weight: bold;line-height: 3rem;color: var(--dark-grey3);font-size: 22px;font-style: normal;letter-spacing: normal;text-align: start;text-indent: 0px;text-transform: none\">Informa\u00e7\u00f5es t\u00e9cnicas<\/h4>\n<p><span style=\"margin: 0px;padding: 0px;font-weight: 450;font-size: 14px;line-height: 21px;color: var(--dark-grey2);font-family: Lato, sans-serif;font-style: normal;letter-spacing: normal;text-align: start;text-indent: 0px;text-transform: none\">Marca: TAF<br \/>\nDimens\u00f5es: 41x22x41cm<\/span><\/p>\n","protected":false},"featured_media":27454,"template":"","meta":{"_joinchat":[]},"product_brand":[],"product_cat":[73],"product_tag":[],"class_list":{"0":"post-12182","1":"product","2":"type-product","3":"status-publish","4":"has-post-thumbnail","6":"product_cat-tubos-e-conexoes","8":"first","9":"instock","10":"shipping-taxable","11":"purchasable","12":"product-type-simple"},"_links":{"self":[{"href":"https:\/\/www.multicasa.com.br\/inicio\/wp-json\/wp\/v2\/product\/12182","targetHints":{"allow":["GET"]}}],"collection":[{"href":"https:\/\/www.multicasa.com.br\/inicio\/wp-json\/wp\/v2\/product"}],"about":[{"href":"https:\/\/www.multicasa.com.br\/inicio\/wp-json\/wp\/v2\/types\/product"}],"wp:featuredmedia":[{"embeddable":true,"href":"https:\/\/www.multicasa.com.br\/inicio\/wp-json\/wp\/v2\/media\/27454"}],"wp:attachment":[{"href":"https:\/\/www.multicasa.com.br\/inicio\/wp-json\/wp\/v2\/media?parent=12182"}],"wp:term":[{"taxonomy":"product_brand","embeddable":true,"href":"https:\/\/www.multicasa.com.br\/inicio\/wp-json\/wp\/v2\/product_brand?post=12182"},{"taxonomy":"product_cat","embeddable":true,"href":"https:\/\/www.multicasa.com.br\/inicio\/wp-json\/wp\/v2\/product_cat?post=12182"},{"taxonomy":"product_tag","embeddable":true,"href":"https:\/\/www.multicasa.com.br\/inicio\/wp-json\/wp\/v2\/product_tag?post=12182"}],"curies":[{"name":"wp","href":"https:\/\/api.w.org\/{rel}","templated":true}]}}