{"id":12185,"date":"2025-06-20T18:14:15","date_gmt":"2025-06-20T22:14:15","guid":{"rendered":"https:\/\/www.multicasa.com.br\/inicio\/?post_type=product&#038;p=12185"},"modified":"2026-04-18T10:30:28","modified_gmt":"2026-04-18T14:30:28","slug":"carregador-veic-220v-32a-steck","status":"publish","type":"product","link":"https:\/\/www.multicasa.com.br\/inicio\/produto\/carregador-veic-220v-32a-steck\/","title":{"rendered":"CARREGADOR VEIC. 220V 32A STECK"},"content":{"rendered":"<p>Regulagem da pot\u00eancia de carregamento para 2,4kW, 3,8kW, 6,0kW e 7,7kW,  proporcionando maior autonomia e seguran\u00e7a aos propriet\u00e1rios de ve\u00edculos el\u00e9tricos.<br \/>\nO recurso \u00e9 plug and play e \u00e9 habilitado assim que o acess\u00f3rio \u00e9 conectado \u00e0 rede el\u00e9trica. Para carregar, basta localizar uma entrada industrial de 32 A.<br \/>\nO plugue do carregador \u00e9 do tipo 2, no padr\u00e3o europeu, compat\u00edvel com a grande maioria dos ve\u00edculos el\u00e9tricos.<br \/>\nO produto \u00e9 habilitado com tr\u00eas seletores de pot\u00eancia. Os usu\u00e1rios podem decidir se preferem cargas mais r\u00e1pidas ou mais lentas. Tamb\u00e9m h\u00e1 a possibilidade de programar uma recarga de acordo com o trajeto, necessidade e tempo gasto.<br \/>\n\u00c9 equipado com um display OLED  e protege contra varia\u00e7\u00f5es de corrente, voltagem, surto, chuva e poeira.<br \/>\nCarregue seu carro em qualquer tomada industrial de 32 A, padr\u00e3o Steck. Prote\u00e7\u00e3o contra varia\u00e7\u00f5es de corrente, tens\u00e3o e surto.<br \/>\n3 pot\u00eancias de carga pr\u00e9-program\u00e1veis.<br \/>\nCarregamento programado: voc\u00ea pode configurar seu carregador para quando quiser que ele inicie a carga e para controlar o tempo de carregamento.<\/p>\n","protected":false},"excerpt":{"rendered":"<h4 style=\"margin: 0px;padding: 0px 0px 16px;font-family: Lato, sans-serif;font-weight: bold;line-height: 3rem;color: var(--dark-grey3);font-size: 22px;font-style: normal;letter-spacing: normal;text-align: start;text-indent: 0px;text-transform: none\">Informa\u00e7\u00f5es t\u00e9cnicas<\/h4>\n<p><span style=\"margin: 0px;padding: 0px;font-weight: 450;font-size: 14px;line-height: 21px;color: var(--dark-grey2);font-family: Lato, sans-serif;font-style: normal;letter-spacing: normal;text-align: start;text-indent: 0px;text-transform: none\">Fabricante: Steck.<br \/>\nConector: Tipo 2<br \/>\nTens\u00e3o de sa\u00edda: 32 A<br \/>\nTens\u00e3o de entrada: 220 V<br \/>\nPot\u00eancia: 7 kW<br \/>\nProte\u00e7\u00e3o: IP65<br \/>\nCertifica\u00e7\u00f5es: Produto certificado (UL, TUV, ROHS e CE).<br \/>\nCompatibilidade: Todos os carros Plug-in<br \/>\nGarantia: 1 ano<br \/>\nMat\u00e9ria-prima: Materiais Pl\u00e1sticos e Ligas Met\u00e1licas<br \/>\nComprimento do cabo: 5M<\/span><\/p>\n","protected":false},"featured_media":27265,"template":"","meta":{"_joinchat":[]},"product_brand":[],"product_cat":[142],"product_tag":[],"class_list":{"0":"post-12185","1":"product","2":"type-product","3":"status-publish","4":"has-post-thumbnail","6":"product_cat-utilidades-para-automoveis","8":"first","9":"instock","10":"shipping-taxable","11":"purchasable","12":"product-type-simple"},"_links":{"self":[{"href":"https:\/\/www.multicasa.com.br\/inicio\/wp-json\/wp\/v2\/product\/12185","targetHints":{"allow":["GET"]}}],"collection":[{"href":"https:\/\/www.multicasa.com.br\/inicio\/wp-json\/wp\/v2\/product"}],"about":[{"href":"https:\/\/www.multicasa.com.br\/inicio\/wp-json\/wp\/v2\/types\/product"}],"wp:featuredmedia":[{"embeddable":true,"href":"https:\/\/www.multicasa.com.br\/inicio\/wp-json\/wp\/v2\/media\/27265"}],"wp:attachment":[{"href":"https:\/\/www.multicasa.com.br\/inicio\/wp-json\/wp\/v2\/media?parent=12185"}],"wp:term":[{"taxonomy":"product_brand","embeddable":true,"href":"https:\/\/www.multicasa.com.br\/inicio\/wp-json\/wp\/v2\/product_brand?post=12185"},{"taxonomy":"product_cat","embeddable":true,"href":"https:\/\/www.multicasa.com.br\/inicio\/wp-json\/wp\/v2\/product_cat?post=12185"},{"taxonomy":"product_tag","embeddable":true,"href":"https:\/\/www.multicasa.com.br\/inicio\/wp-json\/wp\/v2\/product_tag?post=12185"}],"curies":[{"name":"wp","href":"https:\/\/api.w.org\/{rel}","templated":true}]}}

<p>Regulagem da potência de carregamento para 2,4kW, 3,8kW, 6,0kW e 7,7kW,  proporcionando maior autonomia e segurança aos proprietários de veículos elétricos.<br />
O recurso é plug and play e é habilitado assim que o acessório é conectado à rede elétrica. Para carregar, basta localizar uma entrada industrial de 32 A.<br />
O plugue do carregador é do tipo 2, no padrão europeu, compatível com a grande maioria dos veículos elétricos.<br />
O produto é habilitado com três seletores de potência. Os usuários podem decidir se preferem cargas mais rápidas ou mais lentas. Também há a possibilidade de programar uma recarga de acordo com o trajeto, necessidade e tempo gasto.<br />
É equipado com um display OLED  e protege contra variações de corrente, voltagem, surto, chuva e poeira.<br />
Carregue seu carro em qualquer tomada industrial de 32 A, padrão Steck. Proteção contra variações de corrente, tensão e surto.<br />
3 potências de carga pré-programáveis.<br />
Carregamento programado: você pode configurar seu carregador para quando quiser que ele inicie a carga e para controlar o tempo de carregamento.</p>

<h4 style="margin: 0px;padding: 0px 0px 16px;font-family: Lato, sans-serif;font-weight: bold;line-height: 3rem;color: var(--dark-grey3);font-size: 22px;font-style: normal;letter-spacing: normal;text-align: start;text-indent: 0px;text-transform: none">Informações técnicas</h4>
<p><span style="margin: 0px;padding: 0px;font-weight: 450;font-size: 14px;line-height: 21px;color: var(--dark-grey2);font-family: Lato, sans-serif;font-style: normal;letter-spacing: normal;text-align: start;text-indent: 0px;text-transform: none">Fabricante: Steck.<br />
Conector: Tipo 2<br />
Tensão de saída: 32 A<br />
Tensão de entrada: 220 V<br />
Potência: 7 kW<br />
Proteção: IP65<br />
Certificações: Produto certificado (UL, TUV, ROHS e CE).<br />
Compatibilidade: Todos os carros Plug-in<br />
Garantia: 1 ano<br />
Matéria-prima: Materiais Plásticos e Ligas Metálicas<br />
Comprimento do cabo: 5M</span></p>
