{"id":12252,"date":"2025-06-20T18:14:41","date_gmt":"2025-06-20T22:14:41","guid":{"rendered":"https:\/\/www.multicasa.com.br\/inicio\/?post_type=product&#038;p=12252"},"modified":"2025-06-20T18:15:03","modified_gmt":"2025-06-20T22:15:03","slug":"lampada-halogena-par20-amarela-e27-osram-50w-220v","status":"publish","type":"product","link":"https:\/\/www.multicasa.com.br\/inicio\/produto\/lampada-halogena-par20-amarela-e27-osram-50w-220v\/","title":{"rendered":"L\u00e2mpada Hal\u00f3gena Par20 Amarela E27 Osram 50W &#8211; 220V"},"content":{"rendered":"<p>Use a L\u00e2mpada Hal\u00f3gena incandescente tipo Par20 de luz amarela Osram para ilumina\u00e7\u00e3o decorativa. Seu foco direcionado \u00e9 ideal para dar destaque a projetos ou objetos que exigem destaque em ambientes como pra\u00e7as, escrit\u00f3rios, lojas, vitrines, fachadas, resid\u00eancias e outros. Com 50w de pot\u00eancia e 220v de alimenta\u00e7\u00e3o, possui encaixe para soquete E27, \u00e9 dimeriz\u00e1vel e possui \u00e2ngulo de abertura em 30\u00b0.<\/p>\n","protected":false},"excerpt":{"rendered":"<h4 style=\"margin: 0px;padding: 0px 0px 16px;font-family: Lato, sans-serif;font-weight: bold;line-height: 3rem;color: var(--dark-grey3);font-size: 22px;font-style: normal;letter-spacing: normal;text-align: start;text-indent: 0px;text-transform: none\">Informa\u00e7\u00f5es t\u00e9cnicas<\/h4>\n<p><span style=\"margin: 0px;padding: 0px;font-weight: 450;font-size: 14px;line-height: 21px;color: var(--dark-grey2);font-family: Lato, sans-serif;font-style: normal;letter-spacing: normal;text-align: start;text-indent: 0px;text-transform: none\">Produto: L\u00e2mpada Hal\u00f3gena Par20<br \/>\nMarca: Osram<br \/>\nCor: Branca<br \/>\nCor da Luz: Amarela<br \/>\nPot\u00eancia: 50w<br \/>\nTens\u00e3o El\u00e9trica: 220v<br \/>\nCaracter\u00edsticas: Soquete E27<br \/>\nTipo Incandescente<br \/>\nDimeriz\u00e1vel<br \/>\n\u00c2ngulo de abertura de 30\u00b0<br \/>\nIdeal para ilumina\u00e7\u00e3o decorativa<br \/>\nTemperatura de Cor: 2800K<br \/>\nHalopar 20 alu<br \/>\nItens Inclusos: 1 L\u00e2mpada<br \/>\nDimens\u00f5es do produto (A X L): 18,5 x 8,9 x 6,5cm<br \/>\nDi\u00e2metro do Produto (C X D): 9,1 x 6,45cm<br \/>\n<\/span><\/p>\n","protected":false},"featured_media":12285,"template":"","meta":{"_joinchat":[]},"product_brand":[],"product_cat":[80],"product_tag":[],"class_list":{"0":"post-12252","1":"product","2":"type-product","3":"status-publish","4":"has-post-thumbnail","6":"product_cat-lampadas","8":"first","9":"outofstock","10":"shipping-taxable","11":"product-type-simple"},"_links":{"self":[{"href":"https:\/\/www.multicasa.com.br\/inicio\/wp-json\/wp\/v2\/product\/12252","targetHints":{"allow":["GET"]}}],"collection":[{"href":"https:\/\/www.multicasa.com.br\/inicio\/wp-json\/wp\/v2\/product"}],"about":[{"href":"https:\/\/www.multicasa.com.br\/inicio\/wp-json\/wp\/v2\/types\/product"}],"wp:featuredmedia":[{"embeddable":true,"href":"https:\/\/www.multicasa.com.br\/inicio\/wp-json\/wp\/v2\/media\/12285"}],"wp:attachment":[{"href":"https:\/\/www.multicasa.com.br\/inicio\/wp-json\/wp\/v2\/media?parent=12252"}],"wp:term":[{"taxonomy":"product_brand","embeddable":true,"href":"https:\/\/www.multicasa.com.br\/inicio\/wp-json\/wp\/v2\/product_brand?post=12252"},{"taxonomy":"product_cat","embeddable":true,"href":"https:\/\/www.multicasa.com.br\/inicio\/wp-json\/wp\/v2\/product_cat?post=12252"},{"taxonomy":"product_tag","embeddable":true,"href":"https:\/\/www.multicasa.com.br\/inicio\/wp-json\/wp\/v2\/product_tag?post=12252"}],"curies":[{"name":"wp","href":"https:\/\/api.w.org\/{rel}","templated":true}]}}

Lâmpada Halógena Par20 Amarela E27 Osram 50W &#8211; 220V

<p>Use a Lâmpada Halógena incandescente tipo Par20 de luz amarela Osram para iluminação decorativa. Seu foco direcionado é ideal para dar destaque a projetos ou objetos que exigem destaque em ambientes como praças, escritórios, lojas, vitrines, fachadas, residências e outros. Com 50w de potência e 220v de alimentação, possui encaixe para soquete E27, é dimerizável e possui ângulo de abertura em 30°.</p>

<h4 style="margin: 0px;padding: 0px 0px 16px;font-family: Lato, sans-serif;font-weight: bold;line-height: 3rem;color: var(--dark-grey3);font-size: 22px;font-style: normal;letter-spacing: normal;text-align: start;text-indent: 0px;text-transform: none">Informações técnicas</h4>
<p><span style="margin: 0px;padding: 0px;font-weight: 450;font-size: 14px;line-height: 21px;color: var(--dark-grey2);font-family: Lato, sans-serif;font-style: normal;letter-spacing: normal;text-align: start;text-indent: 0px;text-transform: none">Produto: Lâmpada Halógena Par20<br />
Marca: Osram<br />
Cor: Branca<br />
Cor da Luz: Amarela<br />
Potência: 50w<br />
Tensão Elétrica: 220v<br />
Características: Soquete E27<br />
Tipo Incandescente<br />
Dimerizável<br />
Ângulo de abertura de 30°<br />
Ideal para iluminação decorativa<br />
Temperatura de Cor: 2800K<br />
Halopar 20 alu<br />
Itens Inclusos: 1 Lâmpada<br />
Dimensões do produto (A X L): 18,5 x 8,9 x 6,5cm<br />
Diâmetro do Produto (C X D): 9,1 x 6,45cm<br />
</span></p>
