{"id":12583,"date":"2025-06-20T18:18:15","date_gmt":"2025-06-20T22:18:15","guid":{"rendered":"https:\/\/www.multicasa.com.br\/inicio\/?post_type=product&#038;p=12583"},"modified":"2025-10-31T10:22:56","modified_gmt":"2025-10-31T14:22:56","slug":"mata-mosquito-sapo-nsbao-bivolt","status":"publish","type":"product","link":"https:\/\/www.multicasa.com.br\/inicio\/produto\/mata-mosquito-sapo-nsbao-bivolt\/","title":{"rendered":"Mata Mosquito Sapo NSBAO Bivolt"},"content":{"rendered":"<p>Completamente inofensivo aos humanos, o mata mosquito em formato de sapo NSBAO utiliza luz ultravioleta para atrair os mosquitos. Ao chegarem perto, os insetos s\u00e3o sugados e eliminados. Seguro, n\u00e3o d\u00e1 choque, n\u00e3o faz sujeira e n\u00e3o precisa de veneno sendo ideal para o quarto das crian\u00e7as. Para melhor efic\u00e1cia, use a 1m do ch\u00e3o em ambientes totalmente escuros. Bivolt, tem melhor desempenho em casas de praia, campo e s\u00edtios.<\/p>\n","protected":false},"excerpt":{"rendered":"<h4 style=\"margin: 0px;padding: 0px 0px 16px;font-family: Lato, sans-serif;font-weight: bold;line-height: 3rem;color: var(--dark-grey3);font-size: 22px;font-style: normal;letter-spacing: normal;text-align: start;text-indent: 0px;text-transform: none\">Informa\u00e7\u00f5es t\u00e9cnicas<\/h4>\n<p><span style=\"margin: 0px;padding: 0px;font-weight: 450;font-size: 14px;line-height: 21px;color: var(--dark-grey2);font-family: Lato, sans-serif;font-style: normal;letter-spacing: normal;text-align: start;text-indent: 0px;text-transform: none\">Produto: Mata Mosquito<br \/>\nMarca: NSBAO<br \/>\nMaterial: Pl\u00e1stico abs, fio de a\u00e7o e placas pcb.<br \/>\nCor: Verde e branco<br \/>\nPot\u00eancia: 50HZ-60HZ<br \/>\nTens\u00e3o el\u00e9trica: Bivolt (127v\/220v)<br \/>\nCaracter\u00edsticas: \u00c1rea aplic\u00e1vel 20 metros quadrados<br \/>\nBot\u00e3o liga\/desliga<br \/>\nAl\u00e7a para transporte<br \/>\nL\u00e2mpada LED (Inclusa)<br \/>\nItens Inclusos: 1 mata mosquito<br \/>\nDimens\u00f5es do produto (A X L X P): 21,5cm x 15,2cm x 15cm<br \/>\nOCP 0004<\/span><\/p>\n","protected":false},"featured_media":12637,"template":"","meta":{"_joinchat":[]},"product_brand":[],"product_cat":[132],"product_tag":[],"class_list":{"0":"post-12583","1":"product","2":"type-product","3":"status-publish","4":"has-post-thumbnail","6":"product_cat-inseticidas","8":"first","9":"outofstock","10":"shipping-taxable","11":"purchasable","12":"product-type-simple"},"_links":{"self":[{"href":"https:\/\/www.multicasa.com.br\/inicio\/wp-json\/wp\/v2\/product\/12583","targetHints":{"allow":["GET"]}}],"collection":[{"href":"https:\/\/www.multicasa.com.br\/inicio\/wp-json\/wp\/v2\/product"}],"about":[{"href":"https:\/\/www.multicasa.com.br\/inicio\/wp-json\/wp\/v2\/types\/product"}],"wp:featuredmedia":[{"embeddable":true,"href":"https:\/\/www.multicasa.com.br\/inicio\/wp-json\/wp\/v2\/media\/12637"}],"wp:attachment":[{"href":"https:\/\/www.multicasa.com.br\/inicio\/wp-json\/wp\/v2\/media?parent=12583"}],"wp:term":[{"taxonomy":"product_brand","embeddable":true,"href":"https:\/\/www.multicasa.com.br\/inicio\/wp-json\/wp\/v2\/product_brand?post=12583"},{"taxonomy":"product_cat","embeddable":true,"href":"https:\/\/www.multicasa.com.br\/inicio\/wp-json\/wp\/v2\/product_cat?post=12583"},{"taxonomy":"product_tag","embeddable":true,"href":"https:\/\/www.multicasa.com.br\/inicio\/wp-json\/wp\/v2\/product_tag?post=12583"}],"curies":[{"name":"wp","href":"https:\/\/api.w.org\/{rel}","templated":true}]}}