{"id":13185,"date":"2025-06-20T18:25:41","date_gmt":"2025-06-20T22:25:41","guid":{"rendered":"https:\/\/www.multicasa.com.br\/inicio\/?post_type=product&#038;p=13185"},"modified":"2025-10-31T10:27:28","modified_gmt":"2025-10-31T14:27:28","slug":"controle-remoto-universal-para-tv-samsung-pix","status":"publish","type":"product","link":"https:\/\/www.multicasa.com.br\/inicio\/produto\/controle-remoto-universal-para-tv-samsung-pix\/","title":{"rendered":"Controle Remoto Universal para TV Samsung &#8211; PIX"},"content":{"rendered":"<p>Use o controle remoto universal para TV Samsung da PIX para utilizar as fun\u00e7\u00f5es da sua televis\u00e3o sem dificuldades. Compat\u00edvel com os modelos mais populares da marca Samsung: BN59-00688A, BN59-00685A, BN59-00742A, BN59-00610A, BN59-01026A, BN59-00877A, BN59-01001A, AA59-00424A BN59-00676A, AA59-00312A, AA59-00312K, BN59-00559A, BN59-01008A, AA59-00594A, BN59-00602A E BN59-01017A, sendo televisores de LED, LCD, HDTV e 3D. Funciona com 2 pilhas AAA n\u00e3o inclusas. Embora este produto se caracterize como controle remoto universal pode haver incompatibilidade em alguns modelos de TV devido a poss\u00edveis atualiza\u00e7\u00f5es.<\/p>\n","protected":false},"excerpt":{"rendered":"<h4 style=\"margin: 0px;padding: 0px 0px 16px;font-family: Lato, sans-serif;font-weight: bold;line-height: 3rem;color: var(--dark-grey3);font-size: 22px;font-style: normal;letter-spacing: normal;text-align: start;text-indent: 0px;text-transform: none\">Informa\u00e7\u00f5es t\u00e9cnicas<\/h4>\n<p><span style=\"margin: 0px;padding: 0px;font-weight: 450;font-size: 14px;line-height: 21px;color: var(--dark-grey2);font-family: Lato, sans-serif;font-style: normal;letter-spacing: normal;text-align: start;text-indent: 0px;text-transform: none\">Produto: Controle Remoto<br \/>\nMarca: PIX<br \/>\nCor: Preto<br \/>\nAlimenta\u00e7\u00e3o: 2 pilhas AAA (n\u00e3o inclusas)<br \/>\nCaracter\u00edsticas: Compat\u00edvel com TVS samsung &#8211; BN59-00688A, BN59-00685A, BN59-00742A, BN59-00610A, BN59-01026A, BN59-00877A, BN59-01001A, AA59-00424A<br \/>\nBN59-00676A, AA59-00312A, AA59-00312K, BN59-00559A, BN59-01008A, AA59-00594A, BN59-00602A E BN59-01017A<br \/>\nPode haver incompatibilidade com alguns modelos de tv, devido a atualiza\u00e7\u00f5es<br \/>\nItens inclusos: 1 Controle Remoto<br \/>\nDimens\u00f5es do produto (A X L): 19,5 x 4,5cm<br \/>\n<\/span><\/p>\n","protected":false},"featured_media":13257,"template":"","meta":{"_joinchat":[]},"product_brand":[],"product_cat":[150],"product_tag":[],"class_list":{"0":"post-13185","1":"product","2":"type-product","3":"status-publish","4":"has-post-thumbnail","6":"product_cat-antenas-e-cia","8":"first","9":"outofstock","10":"shipping-taxable","11":"purchasable","12":"product-type-simple"},"_links":{"self":[{"href":"https:\/\/www.multicasa.com.br\/inicio\/wp-json\/wp\/v2\/product\/13185","targetHints":{"allow":["GET"]}}],"collection":[{"href":"https:\/\/www.multicasa.com.br\/inicio\/wp-json\/wp\/v2\/product"}],"about":[{"href":"https:\/\/www.multicasa.com.br\/inicio\/wp-json\/wp\/v2\/types\/product"}],"wp:featuredmedia":[{"embeddable":true,"href":"https:\/\/www.multicasa.com.br\/inicio\/wp-json\/wp\/v2\/media\/13257"}],"wp:attachment":[{"href":"https:\/\/www.multicasa.com.br\/inicio\/wp-json\/wp\/v2\/media?parent=13185"}],"wp:term":[{"taxonomy":"product_brand","embeddable":true,"href":"https:\/\/www.multicasa.com.br\/inicio\/wp-json\/wp\/v2\/product_brand?post=13185"},{"taxonomy":"product_cat","embeddable":true,"href":"https:\/\/www.multicasa.com.br\/inicio\/wp-json\/wp\/v2\/product_cat?post=13185"},{"taxonomy":"product_tag","embeddable":true,"href":"https:\/\/www.multicasa.com.br\/inicio\/wp-json\/wp\/v2\/product_tag?post=13185"}],"curies":[{"name":"wp","href":"https:\/\/api.w.org\/{rel}","templated":true}]}}