{"id":13550,"date":"2025-06-20T18:30:33","date_gmt":"2025-06-20T22:30:33","guid":{"rendered":"https:\/\/www.multicasa.com.br\/inicio\/?post_type=product&#038;p=13550"},"modified":"2025-12-30T17:00:20","modified_gmt":"2025-12-30T21:00:20","slug":"sacos-plasticos-freezer-e-micro-ondas-com-suporte-viva-descartaveis-50-unidades","status":"publish","type":"product","link":"https:\/\/www.multicasa.com.br\/inicio\/produto\/sacos-plasticos-freezer-e-micro-ondas-com-suporte-viva-descartaveis-50-unidades\/","title":{"rendered":"Sacos Pl\u00e1sticos Freezer e Micro-ondas com Suporte Viva Descart\u00e1veis 50 Unidades"},"content":{"rendered":"<p>O Rolo de Sacos Pl\u00e1sticos Freezer e Micro-ondas Viva Descart\u00e1veis \u00e9 perfeito e pr\u00e1tico. Em pl\u00e1stico transparente, com 50 unidades, pode ser levado ao freezer e ao micro-ondas. Compacto e com fundo refor\u00e7ado, seu suporte acompanha ventosa para fixar onde quiser. Cada saco possui um tamanho pequeno de aproximadamente 20&#215;35 cm. Guarde seus alimentos de forma mais higi\u00eanica e segura.<\/p>\n","protected":false},"excerpt":{"rendered":"<h4 style=\"margin: 0px;padding: 0px 0px 16px;font-family: Lato, sans-serif;font-weight: bold;line-height: 3rem;color: var(--dark-grey3);font-size: 22px;font-style: normal;letter-spacing: normal;text-align: start;text-indent: 0px;text-transform: none\">Informa\u00e7\u00f5es t\u00e9cnicas<\/h4>\n<p><span style=\"margin: 0px;padding: 0px;font-weight: 450;font-size: 14px;line-height: 21px;color: var(--dark-grey2);font-family: Lato, sans-serif;font-style: normal;letter-spacing: normal;text-align: start;text-indent: 0px;text-transform: none\"><br \/>\nProduto: Sacos Pl\u00e1sticos<br \/>\nMarca: Viva Descart\u00e1veis<br \/>\nMaterial: Pl\u00e1stico<br \/>\nCor: Incolor<br \/>\nCaracter\u00edsticas: Suporte fixado por ventosas<br \/>\nFundo refor\u00e7ado<br \/>\nQuantidade de pe\u00e7as: 51<br \/>\nItens Inclusos: 50 sacos pl\u00e1sticos<br \/>\n1 Suporte<br \/>\nDimens\u00f5es do produto (A X L): 20 x 35cm<\/span><\/p>\n","protected":false},"featured_media":25955,"template":"","meta":{"_joinchat":[]},"product_brand":[],"product_cat":[96],"product_tag":[],"class_list":{"0":"post-13550","1":"product","2":"type-product","3":"status-publish","4":"has-post-thumbnail","6":"product_cat-limpeza-e-cia","8":"first","9":"instock","10":"shipping-taxable","11":"purchasable","12":"product-type-simple"},"_links":{"self":[{"href":"https:\/\/www.multicasa.com.br\/inicio\/wp-json\/wp\/v2\/product\/13550","targetHints":{"allow":["GET"]}}],"collection":[{"href":"https:\/\/www.multicasa.com.br\/inicio\/wp-json\/wp\/v2\/product"}],"about":[{"href":"https:\/\/www.multicasa.com.br\/inicio\/wp-json\/wp\/v2\/types\/product"}],"wp:featuredmedia":[{"embeddable":true,"href":"https:\/\/www.multicasa.com.br\/inicio\/wp-json\/wp\/v2\/media\/25955"}],"wp:attachment":[{"href":"https:\/\/www.multicasa.com.br\/inicio\/wp-json\/wp\/v2\/media?parent=13550"}],"wp:term":[{"taxonomy":"product_brand","embeddable":true,"href":"https:\/\/www.multicasa.com.br\/inicio\/wp-json\/wp\/v2\/product_brand?post=13550"},{"taxonomy":"product_cat","embeddable":true,"href":"https:\/\/www.multicasa.com.br\/inicio\/wp-json\/wp\/v2\/product_cat?post=13550"},{"taxonomy":"product_tag","embeddable":true,"href":"https:\/\/www.multicasa.com.br\/inicio\/wp-json\/wp\/v2\/product_tag?post=13550"}],"curies":[{"name":"wp","href":"https:\/\/api.w.org\/{rel}","templated":true}]}}