{"id":13681,"date":"2025-06-20T18:32:11","date_gmt":"2025-06-20T22:32:11","guid":{"rendered":"https:\/\/www.multicasa.com.br\/inicio\/?post_type=product&#038;p=13681"},"modified":"2025-10-31T10:28:36","modified_gmt":"2025-10-31T14:28:36","slug":"mop-multiuso-easy-floor-flashlimp","status":"publish","type":"product","link":"https:\/\/www.multicasa.com.br\/inicio\/produto\/mop-multiuso-easy-floor-flashlimp\/","title":{"rendered":"Mop Multiuso Easy Floor FlashLimp"},"content":{"rendered":"<p>O Mop Multiuso Easy Floor da FlashLimp \u00e9 ideal para a limpeza r\u00e1pida do dia-a-dia. Leve e compacto, ele pode ser usado em pisos de madeira, laminados, porcelanatos, vidros, cer\u00e2micas e superf\u00edcies lisas. Voc\u00ea pode us\u00e1-lo com len\u00e7os umedecidos ou secos. A inclina\u00e7\u00e3o em 180\u00b0 facilita a limpeza em locais de dif\u00edcil acesso. Ao final do uso, basta descartar o len\u00e7o em lixo recicl\u00e1vel.<\/p>\n","protected":false},"excerpt":{"rendered":"<h4 style=\"margin: 0px;padding: 0px 0px 16px;font-family: Lato, sans-serif;font-weight: bold;line-height: 3rem;color: var(--dark-grey3);font-size: 22px;font-style: normal;letter-spacing: normal;text-align: start;text-indent: 0px;text-transform: none\">Informa\u00e7\u00f5es t\u00e9cnicas<\/h4>\n<p><span style=\"margin: 0px;padding: 0px;font-weight: 450;font-size: 14px;line-height: 21px;color: var(--dark-grey2);font-family: Lato, sans-serif;font-style: normal;letter-spacing: normal;text-align: start;text-indent: 0px;text-transform: none\">Produto: Mop Multiuso<br \/>\nTipo: Easy Floor<br \/>\nMarca: FlashLimp<br \/>\nMaterial: Polipropileno, alum\u00ednio, EVA, poliestireno, polietileno, refis: 100% poli\u00e9ster<br \/>\nCor: Verde<br \/>\nCaracter\u00edsticas: Inclina\u00e7\u00e3o 180\u00b0, leve e compacto<br \/>\nItens Inclusos: 1 mop multiuso e 5 refis secos<br \/>\nDimens\u00f5es do produto (A x L x P): 26 x 12 x 129cm                                                                                                             Peso: 311g<\/span><\/p>\n","protected":false},"featured_media":13730,"template":"","meta":{"_joinchat":[]},"product_brand":[],"product_cat":[96],"product_tag":[],"class_list":{"0":"post-13681","1":"product","2":"type-product","3":"status-publish","4":"has-post-thumbnail","6":"product_cat-limpeza-e-cia","8":"first","9":"outofstock","10":"shipping-taxable","11":"purchasable","12":"product-type-simple"},"_links":{"self":[{"href":"https:\/\/www.multicasa.com.br\/inicio\/wp-json\/wp\/v2\/product\/13681","targetHints":{"allow":["GET"]}}],"collection":[{"href":"https:\/\/www.multicasa.com.br\/inicio\/wp-json\/wp\/v2\/product"}],"about":[{"href":"https:\/\/www.multicasa.com.br\/inicio\/wp-json\/wp\/v2\/types\/product"}],"wp:featuredmedia":[{"embeddable":true,"href":"https:\/\/www.multicasa.com.br\/inicio\/wp-json\/wp\/v2\/media\/13730"}],"wp:attachment":[{"href":"https:\/\/www.multicasa.com.br\/inicio\/wp-json\/wp\/v2\/media?parent=13681"}],"wp:term":[{"taxonomy":"product_brand","embeddable":true,"href":"https:\/\/www.multicasa.com.br\/inicio\/wp-json\/wp\/v2\/product_brand?post=13681"},{"taxonomy":"product_cat","embeddable":true,"href":"https:\/\/www.multicasa.com.br\/inicio\/wp-json\/wp\/v2\/product_cat?post=13681"},{"taxonomy":"product_tag","embeddable":true,"href":"https:\/\/www.multicasa.com.br\/inicio\/wp-json\/wp\/v2\/product_tag?post=13681"}],"curies":[{"name":"wp","href":"https:\/\/api.w.org\/{rel}","templated":true}]}}