{"id":13722,"date":"2025-06-20T18:32:34","date_gmt":"2025-06-20T22:32:34","guid":{"rendered":"https:\/\/www.multicasa.com.br\/inicio\/?post_type=product&#038;p=13722"},"modified":"2026-02-24T10:42:12","modified_gmt":"2026-02-24T14:42:12","slug":"gancho-multiuso-aco-inox-com-ventosa-4054-future","status":"publish","type":"product","link":"https:\/\/www.multicasa.com.br\/inicio\/produto\/gancho-multiuso-aco-inox-com-ventosa-4054-future\/","title":{"rendered":"Gancho Multiuso A\u00e7o Inox com Ventosa 4054 Future"},"content":{"rendered":"<p>O Gancho Multiuso Futura \u00e9 a solu\u00e7\u00e3o ideal para organiza\u00e7\u00e3o de diversos ambientes. A instala\u00e7\u00e3o \u00e9 sem sujeira, sem furos e sem uso de ferramentas e furadeira, muito f\u00e1cil e simples, a fixa\u00e7\u00e3o \u00e9 por suc\u00e7\u00e3o a v\u00e1cuo para fixar de forma r\u00e1pida e pr\u00e1tica por ventosa, basta seguir as orienta\u00e7\u00f5es e pronto! A ventosa da Future \u00e9 extraforte com capacidade de 3kg. Al\u00e9m disso, O Gancho Multiuso Future \u00e9 feito de a\u00e7o inox, uma cor prata brilhante com design moderno para combinar com o estilo de cada ambiente.<\/p>\n","protected":false},"excerpt":{"rendered":"<h4 style=\"margin: 0px;padding: 0px 0px 16px;font-family: Lato, sans-serif;font-weight: bold;line-height: 3rem;color: var(--dark-grey3);font-size: 22px;font-style: normal;letter-spacing: normal;text-align: start;text-indent: 0px;text-transform: none\">Informa\u00e7\u00f5es t\u00e9cnicas<\/h4>\n<p><span style=\"margin: 0px;padding: 0px;font-weight: 450;font-size: 14px;line-height: 21px;color: var(--dark-grey2);font-family: Lato, sans-serif;font-style: normal;letter-spacing: normal;text-align: start;text-indent: 0px;text-transform: none\">Produto: Gancho Multiuso<br \/>\nMarca: Future<br \/>\nMaterial: A\u00e7o Carbono + Pl\u00e1stico + Borracha<br \/>\nCor: Cromado<br \/>\nAcabamento: Brilhante<br \/>\nCaracter\u00edsticas: A ventosa da Future \u00e9 extraforte capacidade 3kg<br \/>\nUso indicado: Para superf\u00edcies lisas, totalmente planas como vidros, espelhos, azulejos, cer\u00e2micas n\u00e3o porosas e pinturas lisas<br \/>\nQuantidade de pe\u00e7as: 1 unidade<br \/>\nDimens\u00f5es do produto (A X L X P): 10,5x6x3,5cm<br \/>\nPeso do produto: 0,045kg<br \/>\n<\/span><\/p>\n","protected":false},"featured_media":25260,"template":"","meta":{"_joinchat":[]},"product_brand":[],"product_cat":[69],"product_tag":[],"class_list":{"0":"post-13722","1":"product","2":"type-product","3":"status-publish","4":"has-post-thumbnail","6":"product_cat-acessorios-para-banheiro","8":"first","9":"instock","10":"shipping-taxable","11":"purchasable","12":"product-type-simple"},"_links":{"self":[{"href":"https:\/\/www.multicasa.com.br\/inicio\/wp-json\/wp\/v2\/product\/13722","targetHints":{"allow":["GET"]}}],"collection":[{"href":"https:\/\/www.multicasa.com.br\/inicio\/wp-json\/wp\/v2\/product"}],"about":[{"href":"https:\/\/www.multicasa.com.br\/inicio\/wp-json\/wp\/v2\/types\/product"}],"wp:featuredmedia":[{"embeddable":true,"href":"https:\/\/www.multicasa.com.br\/inicio\/wp-json\/wp\/v2\/media\/25260"}],"wp:attachment":[{"href":"https:\/\/www.multicasa.com.br\/inicio\/wp-json\/wp\/v2\/media?parent=13722"}],"wp:term":[{"taxonomy":"product_brand","embeddable":true,"href":"https:\/\/www.multicasa.com.br\/inicio\/wp-json\/wp\/v2\/product_brand?post=13722"},{"taxonomy":"product_cat","embeddable":true,"href":"https:\/\/www.multicasa.com.br\/inicio\/wp-json\/wp\/v2\/product_cat?post=13722"},{"taxonomy":"product_tag","embeddable":true,"href":"https:\/\/www.multicasa.com.br\/inicio\/wp-json\/wp\/v2\/product_tag?post=13722"}],"curies":[{"name":"wp","href":"https:\/\/api.w.org\/{rel}","templated":true}]}}