{"id":14232,"date":"2025-06-20T18:39:22","date_gmt":"2025-06-20T22:39:22","guid":{"rendered":"https:\/\/www.multicasa.com.br\/inicio\/?post_type=product&#038;p=14232"},"modified":"2025-10-31T10:39:00","modified_gmt":"2025-10-31T14:39:00","slug":"guarda-chuva-automatico-cabo-em-couro-preto-proteja-se","status":"publish","type":"product","link":"https:\/\/www.multicasa.com.br\/inicio\/produto\/guarda-chuva-automatico-cabo-em-couro-preto-proteja-se\/","title":{"rendered":"Guarda-Chuva Autom\u00e1tico Cabo em Couro Preto Proteja-Se"},"content":{"rendered":"<p>O Guarda-Chuva Autom\u00e1tico com Cabo em Couro Preto da Proteja-Se \u00e9 o modelo mais tradicional dos gurada-chuvas, agora com tamanho diferenciado e estilo \u00fanico. Proteja-se com uma \u00e1rea de cobertura maior do que os modelos similares. Com muito estilo, pois o cabo \u00e9 revestido em couro e proporciona uma melhor pegada e muita beleza. Acionamento autom\u00e1tico e prote\u00e7\u00e3o individual.<\/p>\n","protected":false},"excerpt":{"rendered":"<h4 style=\"margin: 0px;padding: 0px 0px 16px;font-family: Lato, sans-serif;font-weight: bold;line-height: 3rem;color: var(--dark-grey3);font-size: 22px;font-style: normal;letter-spacing: normal;text-align: start;text-indent: 0px;text-transform: none\">Informa\u00e7\u00f5es t\u00e9cnicas<\/h4>\n<p><span style=\"margin: 0px;padding: 0px;font-weight: 450;font-size: 14px;line-height: 21px;color: var(--dark-grey2);font-family: Lato, sans-serif;font-style: normal;letter-spacing: normal;text-align: start;text-indent: 0px;text-transform: none\">Produto: Guarda-Chuva<br \/>\nMarca: Proteja-Se                                                                                                                                                  Modelo: Tradicional autom\u00e1tico<br \/>\nMaterial: Poli\u00e9ster e a\u00e7o                                                                                                                                  Acabamento: Cabo em couro<br \/>\nCor: Preto<br \/>\nCaracter\u00edsticas: Autom\u00e1tico, 8 varetas<br \/>\nItens Inclusos: 1 Guarda-Chuva<br \/>\nDimens\u00f5es do produto (A x L x P): 49 x 11 x 4cm                                                                                                        Peso: 389g<br \/>\nGarantia: 90 dias<\/span><\/p>\n","protected":false},"featured_media":14320,"template":"","meta":{"_joinchat":[]},"product_brand":[],"product_cat":[136],"product_tag":[],"class_list":{"0":"post-14232","1":"product","2":"type-product","3":"status-publish","4":"has-post-thumbnail","6":"product_cat-lazer","8":"first","9":"outofstock","10":"shipping-taxable","11":"purchasable","12":"product-type-simple"},"_links":{"self":[{"href":"https:\/\/www.multicasa.com.br\/inicio\/wp-json\/wp\/v2\/product\/14232","targetHints":{"allow":["GET"]}}],"collection":[{"href":"https:\/\/www.multicasa.com.br\/inicio\/wp-json\/wp\/v2\/product"}],"about":[{"href":"https:\/\/www.multicasa.com.br\/inicio\/wp-json\/wp\/v2\/types\/product"}],"wp:featuredmedia":[{"embeddable":true,"href":"https:\/\/www.multicasa.com.br\/inicio\/wp-json\/wp\/v2\/media\/14320"}],"wp:attachment":[{"href":"https:\/\/www.multicasa.com.br\/inicio\/wp-json\/wp\/v2\/media?parent=14232"}],"wp:term":[{"taxonomy":"product_brand","embeddable":true,"href":"https:\/\/www.multicasa.com.br\/inicio\/wp-json\/wp\/v2\/product_brand?post=14232"},{"taxonomy":"product_cat","embeddable":true,"href":"https:\/\/www.multicasa.com.br\/inicio\/wp-json\/wp\/v2\/product_cat?post=14232"},{"taxonomy":"product_tag","embeddable":true,"href":"https:\/\/www.multicasa.com.br\/inicio\/wp-json\/wp\/v2\/product_tag?post=14232"}],"curies":[{"name":"wp","href":"https:\/\/api.w.org\/{rel}","templated":true}]}}