{"id":14314,"date":"2025-06-20T18:40:29","date_gmt":"2025-06-20T22:40:29","guid":{"rendered":"https:\/\/www.multicasa.com.br\/inicio\/?post_type=product&#038;p=14314"},"modified":"2025-10-31T10:39:16","modified_gmt":"2025-10-31T14:39:16","slug":"difusor-de-aromas-lavanda-do-campo-270ml-amazonia-aromas","status":"publish","type":"product","link":"https:\/\/www.multicasa.com.br\/inicio\/produto\/difusor-de-aromas-lavanda-do-campo-270ml-amazonia-aromas\/","title":{"rendered":"Difusor de Aromas Lavanda do Campo 270ml Amaz\u00f4nia Aromas"},"content":{"rendered":"<p>O Difusor de Aromas Lavanda do Campo de 270ml da Amaz\u00f4nia Aromas exala seu cheiro atrav\u00e9s de varetas de bambu. Utilize nos mais diversos ambientes, como salas, quartos e banheiros. Aroma persistente e duradouro. Para melhor exala\u00e7\u00e3o do aroma vire as varetas a cada 24 horas.<\/p>\n","protected":false},"excerpt":{"rendered":"<h4 style=\"margin: 0px;padding: 0px 0px 16px;font-family: Lato, sans-serif;font-weight: bold;line-height: 3rem;color: var(--dark-grey3);font-size: 22px;font-style: normal;letter-spacing: normal;text-align: start;text-indent: 0px;text-transform: none\">Informa\u00e7\u00f5es t\u00e9cnicas<\/h4>\n<p><span style=\"margin: 0px;padding: 0px;font-weight: 450;font-size: 14px;line-height: 21px;color: var(--dark-grey2);font-family: Lato, sans-serif;font-style: normal;letter-spacing: normal;text-align: start;text-indent: 0px;text-transform: none\">Produto: Difusor de Aromas<br \/>\nMarca: Amaz\u00f4nia Aromas<br \/>\nConte\u00fado: 270ml<br \/>\nCaracter\u00edsticas: Fragr\u00e2ncia lavanda do campo<br \/>\nItens Inclusos: 1 difusor de aromas e 6 varetas<br \/>\nDimens\u00f5es do produto (A x L x P): 22 x 7 x 7cm<br \/>\nPeso: 0,333kg<\/span><\/p>\n","protected":false},"featured_media":25058,"template":"","meta":{"_joinchat":[]},"product_brand":[],"product_cat":[96],"product_tag":[],"class_list":{"0":"post-14314","1":"product","2":"type-product","3":"status-publish","4":"has-post-thumbnail","6":"product_cat-limpeza-e-cia","8":"first","9":"outofstock","10":"shipping-taxable","11":"purchasable","12":"product-type-simple"},"_links":{"self":[{"href":"https:\/\/www.multicasa.com.br\/inicio\/wp-json\/wp\/v2\/product\/14314","targetHints":{"allow":["GET"]}}],"collection":[{"href":"https:\/\/www.multicasa.com.br\/inicio\/wp-json\/wp\/v2\/product"}],"about":[{"href":"https:\/\/www.multicasa.com.br\/inicio\/wp-json\/wp\/v2\/types\/product"}],"wp:featuredmedia":[{"embeddable":true,"href":"https:\/\/www.multicasa.com.br\/inicio\/wp-json\/wp\/v2\/media\/25058"}],"wp:attachment":[{"href":"https:\/\/www.multicasa.com.br\/inicio\/wp-json\/wp\/v2\/media?parent=14314"}],"wp:term":[{"taxonomy":"product_brand","embeddable":true,"href":"https:\/\/www.multicasa.com.br\/inicio\/wp-json\/wp\/v2\/product_brand?post=14314"},{"taxonomy":"product_cat","embeddable":true,"href":"https:\/\/www.multicasa.com.br\/inicio\/wp-json\/wp\/v2\/product_cat?post=14314"},{"taxonomy":"product_tag","embeddable":true,"href":"https:\/\/www.multicasa.com.br\/inicio\/wp-json\/wp\/v2\/product_tag?post=14314"}],"curies":[{"name":"wp","href":"https:\/\/api.w.org\/{rel}","templated":true}]}}