{"id":14388,"date":"2025-06-20T18:41:19","date_gmt":"2025-06-20T22:41:19","guid":{"rendered":"https:\/\/www.multicasa.com.br\/inicio\/?post_type=product&#038;p=14388"},"modified":"2026-04-23T10:30:51","modified_gmt":"2026-04-23T14:30:51","slug":"lampada-de-led-bulbo-amarela-15w-e27-bivolt-osram","status":"publish","type":"product","link":"https:\/\/www.multicasa.com.br\/inicio\/produto\/lampada-de-led-bulbo-amarela-15w-e27-bivolt-osram\/","title":{"rendered":"L\u00e2mpada de Led Bulbo Amarela 15W E27 Bivolt Osram"},"content":{"rendered":"<p>Mais econ\u00f4mica e com vida \u00fatil de 25 mil horas, a l\u00e2mpada de LED bulbo amarela da Osram \u00e9 \u00f3tima op\u00e7\u00e3o para investir em ilumina\u00e7\u00e3o para sua casa. Bivolt, Com 1311 lumens, temperatura de cor em 3000k e 15w de pot\u00eancia, substitui as l\u00e2mpadas incandescentes e proporciona economia de at\u00e9 90% na conta de luz. Compat\u00edvel com soquete E27.<\/p>\n","protected":false},"excerpt":{"rendered":"<h4 style=\"margin: 0px;padding: 0px 0px 16px;font-family: Lato, sans-serif;font-weight: bold;line-height: 3rem;color: var(--dark-grey3);font-size: 22px;font-style: normal;letter-spacing: normal;text-align: start;text-indent: 0px;text-transform: none\">Informa\u00e7\u00f5es t\u00e9cnicas<\/h4>\n<p><span style=\"margin: 0px;padding: 0px;font-weight: 450;font-size: 14px;line-height: 21px;color: var(--dark-grey2);font-family: Lato, sans-serif;font-style: normal;letter-spacing: normal;text-align: start;text-indent: 0px;text-transform: none\">Produto: L\u00e2mpada<br \/>\nMarca: Osram<br \/>\nMaterial: Pl\u00e1stico<br \/>\nCor: Branca<br \/>\nCor da Luz: Amarela<br \/>\nPot\u00eancia: 15w<br \/>\nTens\u00e3o El\u00e9trica: 127 &#8211; 220v<br \/>\nTemperatura de cor: 3000K<br \/>\nCaracter\u00edsticas: Soquete E27; Lumens 1311LM; Equival\u00eancia 90w; Incandescente; Vida \u00fatil 25000H; Com bulbo<br \/>\nItens Inclusos: 1 L\u00e2mpada<br \/>\nDimens\u00f5es do produto (A X L): 13,5 x 6,4cm<\/span><\/p>\n","protected":false},"featured_media":14458,"template":"","meta":{"_joinchat":[]},"product_brand":[],"product_cat":[80],"product_tag":[],"class_list":{"0":"post-14388","1":"product","2":"type-product","3":"status-publish","4":"has-post-thumbnail","6":"product_cat-lampadas","8":"first","9":"instock","10":"shipping-taxable","11":"purchasable","12":"product-type-simple"},"_links":{"self":[{"href":"https:\/\/www.multicasa.com.br\/inicio\/wp-json\/wp\/v2\/product\/14388","targetHints":{"allow":["GET"]}}],"collection":[{"href":"https:\/\/www.multicasa.com.br\/inicio\/wp-json\/wp\/v2\/product"}],"about":[{"href":"https:\/\/www.multicasa.com.br\/inicio\/wp-json\/wp\/v2\/types\/product"}],"wp:featuredmedia":[{"embeddable":true,"href":"https:\/\/www.multicasa.com.br\/inicio\/wp-json\/wp\/v2\/media\/14458"}],"wp:attachment":[{"href":"https:\/\/www.multicasa.com.br\/inicio\/wp-json\/wp\/v2\/media?parent=14388"}],"wp:term":[{"taxonomy":"product_brand","embeddable":true,"href":"https:\/\/www.multicasa.com.br\/inicio\/wp-json\/wp\/v2\/product_brand?post=14388"},{"taxonomy":"product_cat","embeddable":true,"href":"https:\/\/www.multicasa.com.br\/inicio\/wp-json\/wp\/v2\/product_cat?post=14388"},{"taxonomy":"product_tag","embeddable":true,"href":"https:\/\/www.multicasa.com.br\/inicio\/wp-json\/wp\/v2\/product_tag?post=14388"}],"curies":[{"name":"wp","href":"https:\/\/api.w.org\/{rel}","templated":true}]}}

Lâmpada de Led Bulbo Amarela 15W E27 Bivolt Osram

<p>Mais econômica e com vida útil de 25 mil horas, a lâmpada de LED bulbo amarela da Osram é ótima opção para investir em iluminação para sua casa. Bivolt, Com 1311 lumens, temperatura de cor em 3000k e 15w de potência, substitui as lâmpadas incandescentes e proporciona economia de até 90% na conta de luz. Compatível com soquete E27.</p>

<h4 style="margin: 0px;padding: 0px 0px 16px;font-family: Lato, sans-serif;font-weight: bold;line-height: 3rem;color: var(--dark-grey3);font-size: 22px;font-style: normal;letter-spacing: normal;text-align: start;text-indent: 0px;text-transform: none">Informações técnicas</h4>
<p><span style="margin: 0px;padding: 0px;font-weight: 450;font-size: 14px;line-height: 21px;color: var(--dark-grey2);font-family: Lato, sans-serif;font-style: normal;letter-spacing: normal;text-align: start;text-indent: 0px;text-transform: none">Produto: Lâmpada<br />
Marca: Osram<br />
Material: Plástico<br />
Cor: Branca<br />
Cor da Luz: Amarela<br />
Potência: 15w<br />
Tensão Elétrica: 127 &#8211; 220v<br />
Temperatura de cor: 3000K<br />
Características: Soquete E27; Lumens 1311LM; Equivalência 90w; Incandescente; Vida útil 25000H; Com bulbo<br />
Itens Inclusos: 1 Lâmpada<br />
Dimensões do produto (A X L): 13,5 x 6,4cm</span></p>
