{"id":14721,"date":"2025-06-20T18:45:32","date_gmt":"2025-06-20T22:45:32","guid":{"rendered":"https:\/\/www.multicasa.com.br\/inicio\/?post_type=product&#038;p=14721"},"modified":"2025-10-31T10:43:44","modified_gmt":"2025-10-31T14:43:44","slug":"para-sol-lateral-automotivo-luxcar-2-pecas","status":"publish","type":"product","link":"https:\/\/www.multicasa.com.br\/inicio\/produto\/para-sol-lateral-automotivo-luxcar-2-pecas\/","title":{"rendered":"Para-sol Lateral Automotivo Luxcar 2 Pe\u00e7as"},"content":{"rendered":"<p>O Para-sol Lateral Automotivo Luxcar \u00e9 produzido em nylon, borracha, pl\u00e1stico e metal e \u00e9 fixado atrav\u00e9s de ventosas. S\u00e3o duas pe\u00e7as para fixar nos vidros laterais do carro para proteger o interior do calor excessivo. Ideal para quem tem crian\u00e7as pequenas.<\/p>\n","protected":false},"excerpt":{"rendered":"<h4 style=\"margin: 0px;padding: 0px 0px 16px;font-family: Lato, sans-serif;font-weight: bold;line-height: 3rem;color: var(--dark-grey3);font-size: 22px;font-style: normal;letter-spacing: normal;text-align: start;text-indent: 0px;text-transform: none\">Informa\u00e7\u00f5es t\u00e9cnicas<\/h4>\n<p><span style=\"margin: 0px;padding: 0px;font-weight: 450;font-size: 14px;line-height: 21px;color: var(--dark-grey2);font-family: Lato, sans-serif;font-style: normal;letter-spacing: normal;text-align: start;text-indent: 0px;text-transform: none\">Produto: Para-sol Lateral<br \/>\nMarca: Luxcar<br \/>\nMaterial: Nylon<br \/>\nBorracha<br \/>\nPl\u00e1stico<br \/>\nMetal<br \/>\nCor: Preto<br \/>\nCaracter\u00edsticas: Fixa\u00e7\u00e3o por ventosas<br \/>\nQuantidade de pe\u00e7as 4<br \/>\nItens inclusos: 2 Para-sol Lateral<br \/>\n2 ventosas<br \/>\nDimens\u00f5es do produto (A X L): 36 x 44cm<\/span><\/p>\n","protected":false},"featured_media":14776,"template":"","meta":{"_joinchat":[]},"product_brand":[],"product_cat":[142],"product_tag":[],"class_list":{"0":"post-14721","1":"product","2":"type-product","3":"status-publish","4":"has-post-thumbnail","6":"product_cat-utilidades-para-automoveis","8":"first","9":"outofstock","10":"shipping-taxable","11":"purchasable","12":"product-type-simple"},"_links":{"self":[{"href":"https:\/\/www.multicasa.com.br\/inicio\/wp-json\/wp\/v2\/product\/14721","targetHints":{"allow":["GET"]}}],"collection":[{"href":"https:\/\/www.multicasa.com.br\/inicio\/wp-json\/wp\/v2\/product"}],"about":[{"href":"https:\/\/www.multicasa.com.br\/inicio\/wp-json\/wp\/v2\/types\/product"}],"wp:featuredmedia":[{"embeddable":true,"href":"https:\/\/www.multicasa.com.br\/inicio\/wp-json\/wp\/v2\/media\/14776"}],"wp:attachment":[{"href":"https:\/\/www.multicasa.com.br\/inicio\/wp-json\/wp\/v2\/media?parent=14721"}],"wp:term":[{"taxonomy":"product_brand","embeddable":true,"href":"https:\/\/www.multicasa.com.br\/inicio\/wp-json\/wp\/v2\/product_brand?post=14721"},{"taxonomy":"product_cat","embeddable":true,"href":"https:\/\/www.multicasa.com.br\/inicio\/wp-json\/wp\/v2\/product_cat?post=14721"},{"taxonomy":"product_tag","embeddable":true,"href":"https:\/\/www.multicasa.com.br\/inicio\/wp-json\/wp\/v2\/product_tag?post=14721"}],"curies":[{"name":"wp","href":"https:\/\/api.w.org\/{rel}","templated":true}]}}

Para-sol Lateral Automotivo Luxcar 2 Peças

<p>O Para-sol Lateral Automotivo Luxcar é produzido em nylon, borracha, plástico e metal e é fixado através de ventosas. São duas peças para fixar nos vidros laterais do carro para proteger o interior do calor excessivo. Ideal para quem tem crianças pequenas.</p>

<h4 style="margin: 0px;padding: 0px 0px 16px;font-family: Lato, sans-serif;font-weight: bold;line-height: 3rem;color: var(--dark-grey3);font-size: 22px;font-style: normal;letter-spacing: normal;text-align: start;text-indent: 0px;text-transform: none">Informações técnicas</h4>
<p><span style="margin: 0px;padding: 0px;font-weight: 450;font-size: 14px;line-height: 21px;color: var(--dark-grey2);font-family: Lato, sans-serif;font-style: normal;letter-spacing: normal;text-align: start;text-indent: 0px;text-transform: none">Produto: Para-sol Lateral<br />
Marca: Luxcar<br />
Material: Nylon<br />
Borracha<br />
Plástico<br />
Metal<br />
Cor: Preto<br />
Características: Fixação por ventosas<br />
Quantidade de peças 4<br />
Itens inclusos: 2 Para-sol Lateral<br />
2 ventosas<br />
Dimensões do produto (A X L): 36 x 44cm</span></p>
