{"id":15652,"date":"2025-06-20T18:59:29","date_gmt":"2025-06-20T22:59:29","guid":{"rendered":"https:\/\/www.multicasa.com.br\/inicio\/?post_type=product&#038;p=15652"},"modified":"2026-02-24T09:54:42","modified_gmt":"2026-02-24T13:54:42","slug":"super-cola-pano-para-tecido-acrilex-37g","status":"publish","type":"product","link":"https:\/\/www.multicasa.com.br\/inicio\/produto\/super-cola-pano-para-tecido-acrilex-37g\/","title":{"rendered":"Super Cola Pano para Tecido Acrilex 37g"},"content":{"rendered":"<p>A Super Cola Pano para Tecido Acrilex tem 37g e deve ser usada com pincel ou com bico aplicador, para fixar tecidos. Tintas dimensionais ou Acripuff Acrilex nas bordas, melhoram a fixa\u00e7\u00e3o da cola. Lave o tecido antes do uso para retirar os res\u00edduos de goma. N\u00e3o utilize em tecidos sint\u00e9ticos ou engomados, n\u00e3o resiste a sucessivas lavagens.<\/p>\n","protected":false},"excerpt":{"rendered":"<h4 style=\"margin: 0px;padding: 0px 0px 16px;font-family: Lato, sans-serif;font-weight: bold;line-height: 3rem;color: var(--dark-grey3);font-size: 22px;font-style: normal;letter-spacing: normal;text-align: start;text-indent: 0px;text-transform: none\">Informa\u00e7\u00f5es t\u00e9cnicas<\/h4>\n<p><span style=\"margin: 0px;padding: 0px;font-weight: 450;font-size: 14px;line-height: 21px;color: var(--dark-grey2);font-family: Lato, sans-serif;font-style: normal;letter-spacing: normal;text-align: start;text-indent: 0px;text-transform: none\">Produto: Cola Tecido<br \/>\nMarca: 3M<br \/>\nCor: Branca<br \/>\nConte\u00fado: 37g<br \/>\nCaracter\u00edsticas: Usar com pincel ou bico aplicador<br \/>\nLavar o tecido antes do uso<br \/>\nN\u00e3o resistente a sucessivas lavagens<br \/>\nDicas de uso e preserva\u00e7\u00e3o: N\u00e3o utilizar em tecidos sint\u00e9ticos ou engomados<br \/>\nItens Inclusos: 1 Cola Tecido<br \/>\n<\/span><\/p>\n","protected":false},"featured_media":15720,"template":"","meta":{"_joinchat":[]},"product_brand":[],"product_cat":[95],"product_tag":[],"class_list":{"0":"post-15652","1":"product","2":"type-product","3":"status-publish","4":"has-post-thumbnail","6":"product_cat-lavanderia","8":"first","9":"instock","10":"shipping-taxable","11":"purchasable","12":"product-type-simple"},"_links":{"self":[{"href":"https:\/\/www.multicasa.com.br\/inicio\/wp-json\/wp\/v2\/product\/15652","targetHints":{"allow":["GET"]}}],"collection":[{"href":"https:\/\/www.multicasa.com.br\/inicio\/wp-json\/wp\/v2\/product"}],"about":[{"href":"https:\/\/www.multicasa.com.br\/inicio\/wp-json\/wp\/v2\/types\/product"}],"wp:featuredmedia":[{"embeddable":true,"href":"https:\/\/www.multicasa.com.br\/inicio\/wp-json\/wp\/v2\/media\/15720"}],"wp:attachment":[{"href":"https:\/\/www.multicasa.com.br\/inicio\/wp-json\/wp\/v2\/media?parent=15652"}],"wp:term":[{"taxonomy":"product_brand","embeddable":true,"href":"https:\/\/www.multicasa.com.br\/inicio\/wp-json\/wp\/v2\/product_brand?post=15652"},{"taxonomy":"product_cat","embeddable":true,"href":"https:\/\/www.multicasa.com.br\/inicio\/wp-json\/wp\/v2\/product_cat?post=15652"},{"taxonomy":"product_tag","embeddable":true,"href":"https:\/\/www.multicasa.com.br\/inicio\/wp-json\/wp\/v2\/product_tag?post=15652"}],"curies":[{"name":"wp","href":"https:\/\/api.w.org\/{rel}","templated":true}]}}