{"id":15949,"date":"2025-06-20T19:03:22","date_gmt":"2025-06-20T23:03:22","guid":{"rendered":"https:\/\/www.multicasa.com.br\/inicio\/?post_type=product&#038;p=15949"},"modified":"2026-03-31T15:30:13","modified_gmt":"2026-03-31T19:30:13","slug":"chuveirinho-desviador-completo-branco-lorenzetti","status":"publish","type":"product","link":"https:\/\/www.multicasa.com.br\/inicio\/produto\/chuveirinho-desviador-completo-branco-lorenzetti\/","title":{"rendered":"Chuveirinho Desviador Completo Branco Lorenzetti"},"content":{"rendered":"<p>Use o chuveirinho desviador da Lorenzetti para a sua higiene pessoal e para a hora do banho das crian\u00e7as. O seu kit para chuveiro vem com mangueira lisa de 1,75 m, bico de chuveirinho e suporte para ducha manual. Feito de pl\u00e1stico, garante seguran\u00e7a e praticidade para o seu banheiro.<\/p>\n","protected":false},"excerpt":{"rendered":"<h4 style=\"margin: 0px;padding: 0px 0px 16px;font-family: Lato, sans-serif;font-weight: bold;line-height: 3rem;color: var(--dark-grey3);font-size: 22px;font-style: normal;letter-spacing: normal;text-align: start;text-indent: 0px;text-transform: none\">Informa\u00e7\u00f5es t\u00e9cnicas<\/h4>\n<p><span style=\"margin: 0px;padding: 0px;font-weight: 450;font-size: 14px;line-height: 21px;color: var(--dark-grey2);font-family: Lato, sans-serif;font-style: normal;letter-spacing: normal;text-align: start;text-indent: 0px;text-transform: none\">Produto: Chuveirinho desviador<br \/>\nMarca: Lorenzetti<br \/>\nMaterial: Pl\u00e1stico<br \/>\nCor: Branco<br \/>\nQuantidade de pe\u00e7as: 3<br \/>\nItens Inclusos: 1 Chuveirinho desviador<br \/>\n1 mangueira<br \/>\n1 suporte<br \/>\nDimens\u00f5es do produto ( L ): 1,75m<br \/>\n<\/span><\/p>\n","protected":false},"featured_media":15995,"template":"","meta":{"_joinchat":[]},"product_brand":[],"product_cat":[71],"product_tag":[],"class_list":{"0":"post-15949","1":"product","2":"type-product","3":"status-publish","4":"has-post-thumbnail","6":"product_cat-chuveiros","8":"first","9":"instock","10":"shipping-taxable","11":"purchasable","12":"product-type-simple"},"_links":{"self":[{"href":"https:\/\/www.multicasa.com.br\/inicio\/wp-json\/wp\/v2\/product\/15949","targetHints":{"allow":["GET"]}}],"collection":[{"href":"https:\/\/www.multicasa.com.br\/inicio\/wp-json\/wp\/v2\/product"}],"about":[{"href":"https:\/\/www.multicasa.com.br\/inicio\/wp-json\/wp\/v2\/types\/product"}],"wp:featuredmedia":[{"embeddable":true,"href":"https:\/\/www.multicasa.com.br\/inicio\/wp-json\/wp\/v2\/media\/15995"}],"wp:attachment":[{"href":"https:\/\/www.multicasa.com.br\/inicio\/wp-json\/wp\/v2\/media?parent=15949"}],"wp:term":[{"taxonomy":"product_brand","embeddable":true,"href":"https:\/\/www.multicasa.com.br\/inicio\/wp-json\/wp\/v2\/product_brand?post=15949"},{"taxonomy":"product_cat","embeddable":true,"href":"https:\/\/www.multicasa.com.br\/inicio\/wp-json\/wp\/v2\/product_cat?post=15949"},{"taxonomy":"product_tag","embeddable":true,"href":"https:\/\/www.multicasa.com.br\/inicio\/wp-json\/wp\/v2\/product_tag?post=15949"}],"curies":[{"name":"wp","href":"https:\/\/api.w.org\/{rel}","templated":true}]}}