{"id":16045,"date":"2025-06-20T19:04:35","date_gmt":"2025-06-20T23:04:35","guid":{"rendered":"https:\/\/www.multicasa.com.br\/inicio\/?post_type=product&#038;p=16045"},"modified":"2025-10-06T16:43:40","modified_gmt":"2025-10-06T20:43:40","slug":"brilho-para-calcados-em-couro-zap-clean-5g","status":"publish","type":"product","link":"https:\/\/www.multicasa.com.br\/inicio\/produto\/brilho-para-calcados-em-couro-zap-clean-5g\/","title":{"rendered":"Brilho para Cal\u00e7ados em Couro Zap Clean 5g"},"content":{"rendered":"<p>Devolva o brilho e vivacidade dos seus artigos de couro com o Brilho Instant\u00e2neo para Couro Zap Clean da Secar. Ideal para devolver a vida e deixar o material como novo, tamb\u00e9m remove odores. Para us\u00e1-lo basta retirar a poeira da sua pe\u00e7a de couro e aplicar a esponja do produto de maneira uniforme sobre o couro. N\u00e3o \u00e9 necess\u00e1rio esfregar e nem lustrar com escova ou pano. Feita de espuma e silicone, a embalagem cont\u00e9m 5 g do produto que pode ser utilizado em todas as cores de couro.<\/p>\n","protected":false},"excerpt":{"rendered":"<h4 style=\"margin: 0px;padding: 0px 0px 16px;font-family: Lato, sans-serif;font-weight: bold;line-height: 3rem;color: var(--dark-grey3);font-size: 22px;font-style: normal;letter-spacing: normal;text-align: start;text-indent: 0px;text-transform: none\">Informa\u00e7\u00f5es t\u00e9cnicas<\/h4>\n<p><span style=\"margin: 0px;padding: 0px;font-weight: 450;font-size: 14px;line-height: 21px;color: var(--dark-grey2);font-family: Lato, sans-serif;font-style: normal;letter-spacing: normal;text-align: start;text-indent: 0px;text-transform: none\">Produto: Brilho para Cal\u00e7ados em Couro<br \/>\nMarca: Zap Clean<br \/>\nMaterial: Espuma e Silicone<br \/>\nCaracter\u00edstica: Recomendado para todas as cores de couro<br \/>\nItens Inclusos: 1 Brilho para cal\u00e7ados em couro<br \/>\nDimens\u00f5es do produto (A x L x P): 5 x 4,7 x 4,7cm<br \/>\nPeso: 5g<br \/>\n<\/span><\/p>\n","protected":false},"featured_media":16108,"template":"","meta":{"_joinchat":[]},"product_brand":[],"product_cat":[136],"product_tag":[],"class_list":{"0":"post-16045","1":"product","2":"type-product","3":"status-publish","4":"has-post-thumbnail","6":"product_cat-lazer","8":"first","9":"outofstock","10":"shipping-taxable","11":"purchasable","12":"product-type-simple"},"_links":{"self":[{"href":"https:\/\/www.multicasa.com.br\/inicio\/wp-json\/wp\/v2\/product\/16045","targetHints":{"allow":["GET"]}}],"collection":[{"href":"https:\/\/www.multicasa.com.br\/inicio\/wp-json\/wp\/v2\/product"}],"about":[{"href":"https:\/\/www.multicasa.com.br\/inicio\/wp-json\/wp\/v2\/types\/product"}],"wp:featuredmedia":[{"embeddable":true,"href":"https:\/\/www.multicasa.com.br\/inicio\/wp-json\/wp\/v2\/media\/16108"}],"wp:attachment":[{"href":"https:\/\/www.multicasa.com.br\/inicio\/wp-json\/wp\/v2\/media?parent=16045"}],"wp:term":[{"taxonomy":"product_brand","embeddable":true,"href":"https:\/\/www.multicasa.com.br\/inicio\/wp-json\/wp\/v2\/product_brand?post=16045"},{"taxonomy":"product_cat","embeddable":true,"href":"https:\/\/www.multicasa.com.br\/inicio\/wp-json\/wp\/v2\/product_cat?post=16045"},{"taxonomy":"product_tag","embeddable":true,"href":"https:\/\/www.multicasa.com.br\/inicio\/wp-json\/wp\/v2\/product_tag?post=16045"}],"curies":[{"name":"wp","href":"https:\/\/api.w.org\/{rel}","templated":true}]}}