{"id":16071,"date":"2025-06-20T19:04:59","date_gmt":"2025-06-20T23:04:59","guid":{"rendered":"https:\/\/www.multicasa.com.br\/inicio\/?post_type=product&#038;p=16071"},"modified":"2026-03-31T17:30:22","modified_gmt":"2026-03-31T21:30:22","slug":"filtro-purificador-vitale-branco-lorenzetti","status":"publish","type":"product","link":"https:\/\/www.multicasa.com.br\/inicio\/produto\/filtro-purificador-vitale-branco-lorenzetti\/","title":{"rendered":"Filtro Purificador Vitale Branco Lorenzetti"},"content":{"rendered":"<p>Compacto e com design arrojado, o Filtro Purificador Vitale Lorenzetti \u00e9 perfeito para filtrar impurezas e bact\u00e9rias da \u00e1gua. Feito em pl\u00e1stico polipropileno branco, acompanha uma base que permite a instala\u00e7\u00e3o sobre a pia ou parede. Com bica m\u00f3vel, sua troca e refil \u00e9 recomendada ap\u00f3s 1.000 litros de \u00e1gua consumida ou a 6 meses em m\u00e9dia de uso. Perfeita para registro 1\/4 com pastilhas cer\u00e2micas que t\u00eam sua troca f\u00e1cil sem precisar de ferramenta ou t\u00e9cnico. Filtro de \u00e1gua natural.<\/p>\n","protected":false},"excerpt":{"rendered":"<h4 style=\"margin: 0px;padding: 0px 0px 16px;font-family: Lato, sans-serif;font-weight: bold;line-height: 3rem;color: var(--dark-grey3);font-size: 22px;font-style: normal;letter-spacing: normal;text-align: start;text-indent: 0px;text-transform: none\">Informa\u00e7\u00f5es t\u00e9cnicas<\/h4>\n<p><span style=\"margin: 0px;padding: 0px;font-weight: 450;font-size: 14px;line-height: 21px;color: var(--dark-grey2);font-family: Lato, sans-serif;font-style: normal;letter-spacing: normal;text-align: start;text-indent: 0px;text-transform: none\">Produto: Purificador de \u00e1gua<br \/>\nMarca: Lorenzetti<br \/>\nMaterial: Pl\u00e1stico polipropileno<br \/>\nCor: Branco<br \/>\nCaracter\u00edsticas: Bica m\u00f3vel; registro 1\/4<br \/>\nItens inclusos: 1 Purificador de \u00e1gua<br \/>\nDimens\u00f5es do produto (A x L x P): 25,55 x 12,44 x 14,62cm<\/span><\/p>\n","protected":false},"featured_media":16121,"template":"","meta":{"_joinchat":[]},"product_brand":[],"product_cat":[67],"product_tag":[],"class_list":{"0":"post-16071","1":"product","2":"type-product","3":"status-publish","4":"has-post-thumbnail","6":"product_cat-torneiras-e-cia","8":"first","9":"outofstock","10":"shipping-taxable","11":"purchasable","12":"product-type-simple"},"_links":{"self":[{"href":"https:\/\/www.multicasa.com.br\/inicio\/wp-json\/wp\/v2\/product\/16071","targetHints":{"allow":["GET"]}}],"collection":[{"href":"https:\/\/www.multicasa.com.br\/inicio\/wp-json\/wp\/v2\/product"}],"about":[{"href":"https:\/\/www.multicasa.com.br\/inicio\/wp-json\/wp\/v2\/types\/product"}],"wp:featuredmedia":[{"embeddable":true,"href":"https:\/\/www.multicasa.com.br\/inicio\/wp-json\/wp\/v2\/media\/16121"}],"wp:attachment":[{"href":"https:\/\/www.multicasa.com.br\/inicio\/wp-json\/wp\/v2\/media?parent=16071"}],"wp:term":[{"taxonomy":"product_brand","embeddable":true,"href":"https:\/\/www.multicasa.com.br\/inicio\/wp-json\/wp\/v2\/product_brand?post=16071"},{"taxonomy":"product_cat","embeddable":true,"href":"https:\/\/www.multicasa.com.br\/inicio\/wp-json\/wp\/v2\/product_cat?post=16071"},{"taxonomy":"product_tag","embeddable":true,"href":"https:\/\/www.multicasa.com.br\/inicio\/wp-json\/wp\/v2\/product_tag?post=16071"}],"curies":[{"name":"wp","href":"https:\/\/api.w.org\/{rel}","templated":true}]}}