{"id":16131,"date":"2025-06-20T19:05:45","date_gmt":"2025-06-20T23:05:45","guid":{"rendered":"https:\/\/www.multicasa.com.br\/inicio\/?post_type=product&#038;p=16131"},"modified":"2026-03-30T09:00:24","modified_gmt":"2026-03-30T13:00:24","slug":"clips-para-cabo-de-aco-1-4-vonder-2-unidades","status":"publish","type":"product","link":"https:\/\/www.multicasa.com.br\/inicio\/produto\/clips-para-cabo-de-aco-1-4-vonder-2-unidades\/","title":{"rendered":"Clips para Cabo de A\u00e7o 1\/4 Vonder 2 unidades"},"content":{"rendered":"<p>Use o clips para cabo de a\u00e7o 1\/4 Vonder e garanta mais seguran\u00e7a utilizando-o em pontes, tensores de postes, outdoors, luminosos, torres de televis\u00e3o, antenas e afins. Feito de a\u00e7o carbono, mede 6,4 mm e possui acabamento galvanizado. Cartela com 2 pe\u00e7as.<\/p>\n","protected":false},"excerpt":{"rendered":"<h4 style=\"margin: 0px;padding: 0px 0px 16px;font-family: Lato, sans-serif;font-weight: bold;line-height: 3rem;color: var(--dark-grey3);font-size: 22px;font-style: normal;letter-spacing: normal;text-align: start;text-indent: 0px;text-transform: none\">Informa\u00e7\u00f5es t\u00e9cnicas<\/h4>\n<p><span style=\"margin: 0px;padding: 0px;font-weight: 450;font-size: 14px;line-height: 21px;color: var(--dark-grey2);font-family: Lato, sans-serif;font-style: normal;letter-spacing: normal;text-align: start;text-indent: 0px;text-transform: none\">Produto: Clips para Cabo de A\u00e7o<br \/>\nMarca: Vonder<br \/>\nMaterial: A\u00e7o carbono<br \/>\nAcabamento: Galvanizado<br \/>\nCor: Prata<br \/>\nCaracter\u00edsticas: Para cabos de 1\/4?<br \/>\nQuantidade de Pe\u00e7as: 2<br \/>\nItens inclusos: 2 Clips para Cabo de A\u00e7o<br \/>\nDi\u00e2metro do produto: 6,4mm<br \/>\n<\/span><\/p>\n","protected":false},"featured_media":16181,"template":"","meta":{"_joinchat":[]},"product_brand":[],"product_cat":[95],"product_tag":[],"class_list":{"0":"post-16131","1":"product","2":"type-product","3":"status-publish","4":"has-post-thumbnail","6":"product_cat-lavanderia","8":"first","9":"instock","10":"shipping-taxable","11":"purchasable","12":"product-type-simple"},"_links":{"self":[{"href":"https:\/\/www.multicasa.com.br\/inicio\/wp-json\/wp\/v2\/product\/16131","targetHints":{"allow":["GET"]}}],"collection":[{"href":"https:\/\/www.multicasa.com.br\/inicio\/wp-json\/wp\/v2\/product"}],"about":[{"href":"https:\/\/www.multicasa.com.br\/inicio\/wp-json\/wp\/v2\/types\/product"}],"wp:featuredmedia":[{"embeddable":true,"href":"https:\/\/www.multicasa.com.br\/inicio\/wp-json\/wp\/v2\/media\/16181"}],"wp:attachment":[{"href":"https:\/\/www.multicasa.com.br\/inicio\/wp-json\/wp\/v2\/media?parent=16131"}],"wp:term":[{"taxonomy":"product_brand","embeddable":true,"href":"https:\/\/www.multicasa.com.br\/inicio\/wp-json\/wp\/v2\/product_brand?post=16131"},{"taxonomy":"product_cat","embeddable":true,"href":"https:\/\/www.multicasa.com.br\/inicio\/wp-json\/wp\/v2\/product_cat?post=16131"},{"taxonomy":"product_tag","embeddable":true,"href":"https:\/\/www.multicasa.com.br\/inicio\/wp-json\/wp\/v2\/product_tag?post=16131"}],"curies":[{"name":"wp","href":"https:\/\/api.w.org\/{rel}","templated":true}]}}