{"id":16132,"date":"2025-06-20T19:05:45","date_gmt":"2025-06-20T23:05:45","guid":{"rendered":"https:\/\/www.multicasa.com.br\/inicio\/?post_type=product&#038;p=16132"},"modified":"2025-06-20T19:06:32","modified_gmt":"2025-06-20T23:06:32","slug":"sache-aromatizador-pureza-mon-bijou-50g","status":"publish","type":"product","link":"https:\/\/www.multicasa.com.br\/inicio\/produto\/sache-aromatizador-pureza-mon-bijou-50g\/","title":{"rendered":"Sach\u00ea Aromatizador Pureza Mon BIjou 50g"},"content":{"rendered":"<p>Sach\u00ea Aromatizador Pureza Mon Bijou 50g, sache nas mesmas vers\u00f5es dos amaciantes Mon Bijou pureza e harmonia, t\u00eam cristais perfumados que liberam suaves e agrad\u00e1veis fragr\u00e2ncia aos pouquinhos que intensifica o cheirinho da roupa limpa guardadas nos arm\u00e1rios e gavetas. Mantenha suas roupas e ambientes perfumados sempre!<\/p>\n","protected":false},"excerpt":{"rendered":"<h4 style=\"margin: 0px;padding: 0px 0px 16px;font-family: Lato, sans-serif;font-weight: bold;line-height: 3rem;color: var(--dark-grey3);font-size: 22px;font-style: normal;letter-spacing: normal;text-align: start;text-indent: 0px;text-transform: none\">Informa\u00e7\u00f5es t\u00e9cnicas<\/h4>\n<p><span style=\"margin: 0px;padding: 0px;font-weight: 450;font-size: 14px;line-height: 21px;color: var(--dark-grey2);font-family: Lato, sans-serif;font-style: normal;letter-spacing: normal;text-align: start;text-indent: 0px;text-transform: none\"><br \/>\nProduto: Sach\u00ea aromatizador<br \/>\nMarca: Mon Bijou<br \/>\nUso indicado: Aromatizar gavetas, arm\u00e1rios entre outros<br \/>\nConte\u00fado: 50g<br \/>\nCaracter\u00edsticas: Fragr\u00e2ncia Pureza<br \/>\nProduzido com cristais odorizantes<br \/>\nItens Inclusos: 1 sach\u00ea aromatizador<br \/>\nDimens\u00f5es do produto (A x L): 11 x 8,5cm <\/p>\n<p><\/span><\/p>\n","protected":false},"featured_media":16195,"template":"","meta":{"_joinchat":[]},"product_brand":[],"product_cat":[96],"product_tag":[],"class_list":{"0":"post-16132","1":"product","2":"type-product","3":"status-publish","4":"has-post-thumbnail","6":"product_cat-limpeza-e-cia","8":"first","9":"outofstock","10":"shipping-taxable","11":"product-type-simple"},"_links":{"self":[{"href":"https:\/\/www.multicasa.com.br\/inicio\/wp-json\/wp\/v2\/product\/16132","targetHints":{"allow":["GET"]}}],"collection":[{"href":"https:\/\/www.multicasa.com.br\/inicio\/wp-json\/wp\/v2\/product"}],"about":[{"href":"https:\/\/www.multicasa.com.br\/inicio\/wp-json\/wp\/v2\/types\/product"}],"wp:featuredmedia":[{"embeddable":true,"href":"https:\/\/www.multicasa.com.br\/inicio\/wp-json\/wp\/v2\/media\/16195"}],"wp:attachment":[{"href":"https:\/\/www.multicasa.com.br\/inicio\/wp-json\/wp\/v2\/media?parent=16132"}],"wp:term":[{"taxonomy":"product_brand","embeddable":true,"href":"https:\/\/www.multicasa.com.br\/inicio\/wp-json\/wp\/v2\/product_brand?post=16132"},{"taxonomy":"product_cat","embeddable":true,"href":"https:\/\/www.multicasa.com.br\/inicio\/wp-json\/wp\/v2\/product_cat?post=16132"},{"taxonomy":"product_tag","embeddable":true,"href":"https:\/\/www.multicasa.com.br\/inicio\/wp-json\/wp\/v2\/product_tag?post=16132"}],"curies":[{"name":"wp","href":"https:\/\/api.w.org\/{rel}","templated":true}]}}