{"id":16244,"date":"2025-06-20T19:07:16","date_gmt":"2025-06-20T23:07:16","guid":{"rendered":"https:\/\/www.multicasa.com.br\/inicio\/?post_type=product&#038;p=16244"},"modified":"2025-12-05T14:45:16","modified_gmt":"2025-12-05T18:45:16","slug":"bacia-sanitaria-convencional-s-abertura-branco-celite","status":"publish","type":"product","link":"https:\/\/www.multicasa.com.br\/inicio\/produto\/bacia-sanitaria-convencional-s-abertura-branco-celite\/","title":{"rendered":"Bacia Sanit\u00e1ria Convencional S\/Abertura Branco Celite"},"content":{"rendered":"<p>A Bacia Convencional sem Abertura Frontal Acesso Confort Branca da Celite \u00e9 indicado para resid\u00eancias e banheiro de uso p\u00fablico e coletivo. Produto fabricada em lou\u00e7a sanit\u00e1ria e possui 10 anos de garantia.<\/p>\n","protected":false},"excerpt":{"rendered":"<h4 style=\"margin: 0px;padding: 0px 0px 16px;font-family: Lato, sans-serif;font-weight: bold;line-height: 3rem;color: var(--dark-grey3);font-size: 22px;font-style: normal;letter-spacing: normal;text-align: start;text-indent: 0px;text-transform: none\">Informa\u00e7\u00f5es t\u00e9cnicas<\/h4>\n<p><span style=\"margin: 0px;padding: 0px;font-weight: 450;font-size: 14px;line-height: 21px;color: var(--dark-grey2);font-family: Lato, sans-serif;font-style: normal;letter-spacing: normal;text-align: start;text-indent: 0px;text-transform: none\">Produto: BACIA SANITARIA CONV.S\/ABERT BC<br \/>\nMarca: CELITE<br \/>\nMaterial: lou\u00e7a sanit\u00e1ria<br \/>\nCor: BRANCO<br \/>\nCaracter\u00edsticas: indicado para resid\u00eancias e banheiro de uso p\u00fablico e coletivo.<br \/>\nDimens\u00f5es:<br \/>\nAltura: 430<br \/>\nLargura: 365<br \/>\nProfundidade: 510<br \/>\nSistema de descarga: 6 litros<br \/>\nSistema de saida: Vertical<br \/>\nSif\u00e3o: Oculto<br \/>\nFuro de Jato: Sim<br \/>\nAnel: Anel fechado<br \/>\nSif\u00e3o &#8211; Di\u00e2metro de sa\u00edda: 42 mm <\/span><\/p>\n","protected":false},"featured_media":24650,"template":"","meta":{"_joinchat":[]},"product_brand":[],"product_cat":[68],"product_tag":[],"class_list":{"0":"post-16244","1":"product","2":"type-product","3":"status-publish","4":"has-post-thumbnail","6":"product_cat-loucas-e-cia","8":"first","9":"instock","10":"shipping-taxable","11":"purchasable","12":"product-type-simple"},"_links":{"self":[{"href":"https:\/\/www.multicasa.com.br\/inicio\/wp-json\/wp\/v2\/product\/16244","targetHints":{"allow":["GET"]}}],"collection":[{"href":"https:\/\/www.multicasa.com.br\/inicio\/wp-json\/wp\/v2\/product"}],"about":[{"href":"https:\/\/www.multicasa.com.br\/inicio\/wp-json\/wp\/v2\/types\/product"}],"wp:featuredmedia":[{"embeddable":true,"href":"https:\/\/www.multicasa.com.br\/inicio\/wp-json\/wp\/v2\/media\/24650"}],"wp:attachment":[{"href":"https:\/\/www.multicasa.com.br\/inicio\/wp-json\/wp\/v2\/media?parent=16244"}],"wp:term":[{"taxonomy":"product_brand","embeddable":true,"href":"https:\/\/www.multicasa.com.br\/inicio\/wp-json\/wp\/v2\/product_brand?post=16244"},{"taxonomy":"product_cat","embeddable":true,"href":"https:\/\/www.multicasa.com.br\/inicio\/wp-json\/wp\/v2\/product_cat?post=16244"},{"taxonomy":"product_tag","embeddable":true,"href":"https:\/\/www.multicasa.com.br\/inicio\/wp-json\/wp\/v2\/product_tag?post=16244"}],"curies":[{"name":"wp","href":"https:\/\/api.w.org\/{rel}","templated":true}]}}