{"id":16249,"date":"2025-06-20T19:07:17","date_gmt":"2025-06-20T23:07:17","guid":{"rendered":"https:\/\/www.multicasa.com.br\/inicio\/?post_type=product&#038;p=16249"},"modified":"2025-06-23T10:00:38","modified_gmt":"2025-06-23T14:00:38","slug":"coletor-solar-140x100m-rinnai","status":"publish","type":"product","link":"https:\/\/www.multicasa.com.br\/inicio\/produto\/coletor-solar-140x100m-rinnai\/","title":{"rendered":"Coletor Solar 1,40X1,00M Rinnai"},"content":{"rendered":"<p>As placas coletoras s\u00e3o respons\u00e1veis pela absor\u00e7\u00e3o da radia\u00e7\u00e3o solar. A \u00e1gua circula pelos coletores, absorvendo o calor captado da radia\u00e7\u00e3o solar, e \u00e9 armazenada no reservat\u00f3rio, aguardando o consumo. O Coletor Solar Black Tech tem estrutura feita em alum\u00ednio, vidro temperado prism\u00e1tico de alto rendimento e revestimento anodizado especial. <\/p>\n","protected":false},"excerpt":{"rendered":"<h4 style=\"margin: 0px;padding: 0px 0px 16px;font-family: Lato, sans-serif;font-weight: bold;line-height: 3rem;color: var(--dark-grey3);font-size: 22px;font-style: normal;letter-spacing: normal;text-align: start;text-indent: 0px;text-transform: none\">Informa\u00e7\u00f5es t\u00e9cnicas<\/h4>\n<p><span style=\"margin: 0px;padding: 0px;font-weight: 450;font-size: 14px;line-height: 21px;color: var(--dark-grey2);font-family: Lato, sans-serif;font-style: normal;letter-spacing: normal;text-align: start;text-indent: 0px;text-transform: none\">PRODUTO: COLETOR SOLAR 1,40X1,00M<br \/>\nMARCA: RINNAI<br \/>\nCARACTER\u00cdSTICAS:<br \/>\n\u0095 Absor\u00e7\u00e3o da radia\u00e7\u00e3o solar; o calor do sol, captado pelas placas do aquecedor solar, \u00e9 transferido para a \u00e1gua que circula no interior de suas tubula\u00e7\u00f5es de cobre.<br \/>\n\u0095 Cor: preto<br \/>\n\u0095 Dimens\u00f5es (metros): 1,40&#215;1,00M<\/span><\/p>\n","protected":false},"featured_media":24994,"template":"","meta":{"_joinchat":[]},"product_brand":[],"product_cat":[71],"product_tag":[],"class_list":{"0":"post-16249","1":"product","2":"type-product","3":"status-publish","4":"has-post-thumbnail","6":"product_cat-chuveiros","8":"first","9":"outofstock","10":"shipping-taxable","11":"product-type-simple"},"_links":{"self":[{"href":"https:\/\/www.multicasa.com.br\/inicio\/wp-json\/wp\/v2\/product\/16249","targetHints":{"allow":["GET"]}}],"collection":[{"href":"https:\/\/www.multicasa.com.br\/inicio\/wp-json\/wp\/v2\/product"}],"about":[{"href":"https:\/\/www.multicasa.com.br\/inicio\/wp-json\/wp\/v2\/types\/product"}],"wp:featuredmedia":[{"embeddable":true,"href":"https:\/\/www.multicasa.com.br\/inicio\/wp-json\/wp\/v2\/media\/24994"}],"wp:attachment":[{"href":"https:\/\/www.multicasa.com.br\/inicio\/wp-json\/wp\/v2\/media?parent=16249"}],"wp:term":[{"taxonomy":"product_brand","embeddable":true,"href":"https:\/\/www.multicasa.com.br\/inicio\/wp-json\/wp\/v2\/product_brand?post=16249"},{"taxonomy":"product_cat","embeddable":true,"href":"https:\/\/www.multicasa.com.br\/inicio\/wp-json\/wp\/v2\/product_cat?post=16249"},{"taxonomy":"product_tag","embeddable":true,"href":"https:\/\/www.multicasa.com.br\/inicio\/wp-json\/wp\/v2\/product_tag?post=16249"}],"curies":[{"name":"wp","href":"https:\/\/api.w.org\/{rel}","templated":true}]}}