{"id":16255,"date":"2025-06-20T19:07:23","date_gmt":"2025-06-20T23:07:23","guid":{"rendered":"https:\/\/www.multicasa.com.br\/inicio\/?post_type=product&#038;p=16255"},"modified":"2026-04-16T10:10:12","modified_gmt":"2026-04-16T14:10:12","slug":"lampada-led-bulbo-9w-bivolt-6-5k-philips","status":"publish","type":"product","link":"https:\/\/www.multicasa.com.br\/inicio\/produto\/lampada-led-bulbo-9w-bivolt-6-5k-philips\/","title":{"rendered":"Lampada Led Bulbo 9W Bivolt 6.5K Philips"},"content":{"rendered":"<p>Pot\u00eancia, beleza e qualidade com sua extrema qualidade, a philips desenvolve as l\u00e2mpadas que mais ilumina e menos gasta energia no mercado, essa alta tecnologia faz voc\u00ea economizar at\u00e9 86% de energia el\u00e9trica e possui uma vida \u00fatil de 25 anos. Compre seguran\u00e7a e tranquilidade conte com 5 anos de garantia e selo procel e inmetro, sinal que as l\u00e2mpadas passaram pelo mais r\u00edgidos processos de testes para entregar o melhor para voc\u00ea.<\/p>\n","protected":false},"excerpt":{"rendered":"<h4 style=\"margin: 0px;padding: 0px 0px 16px;font-family: Lato, sans-serif;font-weight: bold;line-height: 3rem;color: var(--dark-grey3);font-size: 22px;font-style: normal;letter-spacing: normal;text-align: start;text-indent: 0px;text-transform: none\">Informa\u00e7\u00f5es t\u00e9cnicas<\/h4>\n<p><span style=\"margin: 0px;padding: 0px;font-weight: 450;font-size: 14px;line-height: 21px;color: var(--dark-grey2);font-family: Lato, sans-serif;font-style: normal;letter-spacing: normal;text-align: start;text-indent: 0px;text-transform: none\">Produto: LAMPADA LED BULBO 9W BIV.6.5K<br \/>\nMarca: PHILIPS<br \/>\nMaterial: pl\u00e1stico<br \/>\nCor: BRANCO-FRIO<br \/>\nCaracter\u00edsticas: economiza at\u00e9 86% de energia el\u00e9trica e possui uma vida \u00fatil de 25 anos.<br \/>\nDimens\u00f5es:<br \/>\nAltura:\t12 cm<br \/>\nLargura: 6 cm<br \/>\nComprimento: 14 cm<\/span><\/p>\n","protected":false},"featured_media":25448,"template":"","meta":{"_joinchat":[]},"product_brand":[],"product_cat":[80],"product_tag":[],"class_list":{"0":"post-16255","1":"product","2":"type-product","3":"status-publish","4":"has-post-thumbnail","6":"product_cat-lampadas","8":"first","9":"instock","10":"shipping-taxable","11":"purchasable","12":"product-type-simple"},"_links":{"self":[{"href":"https:\/\/www.multicasa.com.br\/inicio\/wp-json\/wp\/v2\/product\/16255","targetHints":{"allow":["GET"]}}],"collection":[{"href":"https:\/\/www.multicasa.com.br\/inicio\/wp-json\/wp\/v2\/product"}],"about":[{"href":"https:\/\/www.multicasa.com.br\/inicio\/wp-json\/wp\/v2\/types\/product"}],"wp:featuredmedia":[{"embeddable":true,"href":"https:\/\/www.multicasa.com.br\/inicio\/wp-json\/wp\/v2\/media\/25448"}],"wp:attachment":[{"href":"https:\/\/www.multicasa.com.br\/inicio\/wp-json\/wp\/v2\/media?parent=16255"}],"wp:term":[{"taxonomy":"product_brand","embeddable":true,"href":"https:\/\/www.multicasa.com.br\/inicio\/wp-json\/wp\/v2\/product_brand?post=16255"},{"taxonomy":"product_cat","embeddable":true,"href":"https:\/\/www.multicasa.com.br\/inicio\/wp-json\/wp\/v2\/product_cat?post=16255"},{"taxonomy":"product_tag","embeddable":true,"href":"https:\/\/www.multicasa.com.br\/inicio\/wp-json\/wp\/v2\/product_tag?post=16255"}],"curies":[{"name":"wp","href":"https:\/\/api.w.org\/{rel}","templated":true}]}}