{"id":16264,"date":"2025-06-20T19:07:24","date_gmt":"2025-06-20T23:07:24","guid":{"rendered":"https:\/\/www.multicasa.com.br\/inicio\/?post_type=product&#038;p=16264"},"modified":"2026-01-27T08:50:45","modified_gmt":"2026-01-27T12:50:45","slug":"torneira-lavatorio-bancada-1190-c18-cromado-meber","status":"publish","type":"product","link":"https:\/\/www.multicasa.com.br\/inicio\/produto\/torneira-lavatorio-bancada-1190-c18-cromado-meber\/","title":{"rendered":"Torneira Lavat\u00f3rio\/Bancada 1190 C18 Cromado Meber"},"content":{"rendered":"<p> Se voc\u00ea busca por funcionalidade e beleza em metais sanit\u00e1rios, encontra a op\u00e7\u00e3o ideal. Seu design prima pela versatilidade, evidenciando um visual limpo e atemporal, que combina com v\u00e1rios estilos de projetos. De instala\u00e7\u00e3o simples e manuten\u00e7\u00e3o r\u00e1pida.<\/p>\n","protected":false},"excerpt":{"rendered":"<h4 style=\"margin: 0px;padding: 0px 0px 16px;font-family: Lato, sans-serif;font-weight: bold;line-height: 3rem;color: var(--dark-grey3);font-size: 22px;font-style: normal;letter-spacing: normal;text-align: start;text-indent: 0px;text-transform: none\">Informa\u00e7\u00f5es t\u00e9cnicas<\/h4>\n<p><span style=\"margin: 0px;padding: 0px;font-weight: 450;font-size: 14px;line-height: 21px;color: var(--dark-grey2);font-family: Lato, sans-serif;font-style: normal;letter-spacing: normal;text-align: start;text-indent: 0px;text-transform: none\">Marca: Meber<br \/>\nModelo: 1190 C18<br \/>\nAplica\u00e7\u00e3o: Balc\u00e3o<br \/>\nUso: Lavat\u00f3rio<br \/>\nProduzido em: Liga de Cobre e Liga de Zinco<br \/>\nAcabamento: cromado<br \/>\nPress\u00e3o est\u00e1tica: 2 mca a 40 mca<br \/>\nSistema de Acionamento: \u00bc de volta com pastilhas cer\u00e2micas<br \/>\nDimens\u00f5es(L x A x P): 8 x 24 x 12 cm<br \/>\nPeso: 740gr<\/span><\/p>\n","protected":false},"featured_media":26143,"template":"","meta":{"_joinchat":[]},"product_brand":[],"product_cat":[67],"product_tag":[],"class_list":{"0":"post-16264","1":"product","2":"type-product","3":"status-publish","4":"has-post-thumbnail","6":"product_cat-torneiras-e-cia","8":"first","9":"instock","10":"shipping-taxable","11":"purchasable","12":"product-type-simple"},"_links":{"self":[{"href":"https:\/\/www.multicasa.com.br\/inicio\/wp-json\/wp\/v2\/product\/16264","targetHints":{"allow":["GET"]}}],"collection":[{"href":"https:\/\/www.multicasa.com.br\/inicio\/wp-json\/wp\/v2\/product"}],"about":[{"href":"https:\/\/www.multicasa.com.br\/inicio\/wp-json\/wp\/v2\/types\/product"}],"wp:featuredmedia":[{"embeddable":true,"href":"https:\/\/www.multicasa.com.br\/inicio\/wp-json\/wp\/v2\/media\/26143"}],"wp:attachment":[{"href":"https:\/\/www.multicasa.com.br\/inicio\/wp-json\/wp\/v2\/media?parent=16264"}],"wp:term":[{"taxonomy":"product_brand","embeddable":true,"href":"https:\/\/www.multicasa.com.br\/inicio\/wp-json\/wp\/v2\/product_brand?post=16264"},{"taxonomy":"product_cat","embeddable":true,"href":"https:\/\/www.multicasa.com.br\/inicio\/wp-json\/wp\/v2\/product_cat?post=16264"},{"taxonomy":"product_tag","embeddable":true,"href":"https:\/\/www.multicasa.com.br\/inicio\/wp-json\/wp\/v2\/product_tag?post=16264"}],"curies":[{"name":"wp","href":"https:\/\/api.w.org\/{rel}","templated":true}]}}