{"id":16271,"date":"2025-06-20T19:07:25","date_gmt":"2025-06-20T23:07:25","guid":{"rendered":"https:\/\/www.multicasa.com.br\/inicio\/?post_type=product&#038;p=16271"},"modified":"2025-06-23T10:32:04","modified_gmt":"2025-06-23T14:32:04","slug":"reator-adapt-e-27-pl-7-9w-127v-helf","status":"publish","type":"product","link":"https:\/\/www.multicasa.com.br\/inicio\/produto\/reator-adapt-e-27-pl-7-9w-127v-helf\/","title":{"rendered":"Reator Adapt.E-27 Pl 7\/9W 127V Helf"},"content":{"rendered":"<p>O reator adaptador \u00e9 utilizado para realizar o impulso eletrico para que a lampada acenda, e ao mesmo tempo enquanto ela est\u00e1 em opera\u00e7\u00e3o, mant\u00e9m a corrente el\u00e9trica em um n\u00edvel seguro. O reator \u00e9 constitu\u00eddo por uma bobina feita de fios de cobres. Essa pe\u00e7a envolve um n\u00facleo feito de material ferro-magn\u00e9tico. Dessa forma, os reatores s\u00e3o aparelhos auxiliares que tem como principal fun\u00e7\u00e3o uma partida estabilizada, ou seja, a l\u00e2mpada acende sem cintila\u00e7\u00f5es na corrente. Poussui um bocal E-27, de forma compacta, com um baixo consumo de energia, voltagem: 127V e Watts: 7\/9.<\/p>\n","protected":false},"excerpt":{"rendered":"<h4 style=\"margin: 0px;padding: 0px 0px 16px;font-family: Lato, sans-serif;font-weight: bold;line-height: 3rem;color: var(--dark-grey3);font-size: 22px;font-style: normal;letter-spacing: normal;text-align: start;text-indent: 0px;text-transform: none\">Informa\u00e7\u00f5es t\u00e9cnicas<\/h4>\n<p><span style=\"margin: 0px;padding: 0px;font-weight: 450;font-size: 14px;line-height: 21px;color: var(--dark-grey2);font-family: Lato, sans-serif;font-style: normal;letter-spacing: normal;text-align: start;text-indent: 0px;text-transform: none\">Produto: REATOR ADAPT.E-27 PL 7\/9W 127V    Marca: Helfont    Material: Ferro-magn\u00e9tico   Cor: Branca   Caracter\u00edsticas: \u00e9 utilizado para realizar o impulso eletrico, e ao mensmo tempo mant\u00e9m a corrente eletrica em um nivel seguro    Voltagem: 127V      Watts: 7\/9W    Forma: Compacta     Tecnologia de ilumina\u00e7\u00e3o: Baixo consumo.   <\/span><\/p>\n","protected":false},"featured_media":25886,"template":"","meta":{"_joinchat":[]},"product_brand":[],"product_cat":[83],"product_tag":[],"class_list":{"0":"post-16271","1":"product","2":"type-product","3":"status-publish","4":"has-post-thumbnail","6":"product_cat-reatores-e-cia","8":"first","9":"outofstock","10":"shipping-taxable","11":"product-type-simple"},"_links":{"self":[{"href":"https:\/\/www.multicasa.com.br\/inicio\/wp-json\/wp\/v2\/product\/16271","targetHints":{"allow":["GET"]}}],"collection":[{"href":"https:\/\/www.multicasa.com.br\/inicio\/wp-json\/wp\/v2\/product"}],"about":[{"href":"https:\/\/www.multicasa.com.br\/inicio\/wp-json\/wp\/v2\/types\/product"}],"wp:featuredmedia":[{"embeddable":true,"href":"https:\/\/www.multicasa.com.br\/inicio\/wp-json\/wp\/v2\/media\/25886"}],"wp:attachment":[{"href":"https:\/\/www.multicasa.com.br\/inicio\/wp-json\/wp\/v2\/media?parent=16271"}],"wp:term":[{"taxonomy":"product_brand","embeddable":true,"href":"https:\/\/www.multicasa.com.br\/inicio\/wp-json\/wp\/v2\/product_brand?post=16271"},{"taxonomy":"product_cat","embeddable":true,"href":"https:\/\/www.multicasa.com.br\/inicio\/wp-json\/wp\/v2\/product_cat?post=16271"},{"taxonomy":"product_tag","embeddable":true,"href":"https:\/\/www.multicasa.com.br\/inicio\/wp-json\/wp\/v2\/product_tag?post=16271"}],"curies":[{"name":"wp","href":"https:\/\/api.w.org\/{rel}","templated":true}]}}

<p>O reator adaptador é utilizado para realizar o impulso eletrico para que a lampada acenda, e ao mesmo tempo enquanto ela está em operação, mantém a corrente elétrica em um nível seguro. O reator é constituído por uma bobina feita de fios de cobres. Essa peça envolve um núcleo feito de material ferro-magnético. Dessa forma, os reatores são aparelhos auxiliares que tem como principal função uma partida estabilizada, ou seja, a lâmpada acende sem cintilações na corrente. Poussui um bocal E-27, de forma compacta, com um baixo consumo de energia, voltagem: 127V e Watts: 7/9.</p>

<h4 style="margin: 0px;padding: 0px 0px 16px;font-family: Lato, sans-serif;font-weight: bold;line-height: 3rem;color: var(--dark-grey3);font-size: 22px;font-style: normal;letter-spacing: normal;text-align: start;text-indent: 0px;text-transform: none">Informações técnicas</h4>
<p><span style="margin: 0px;padding: 0px;font-weight: 450;font-size: 14px;line-height: 21px;color: var(--dark-grey2);font-family: Lato, sans-serif;font-style: normal;letter-spacing: normal;text-align: start;text-indent: 0px;text-transform: none">Produto: REATOR ADAPT.E-27 PL 7/9W 127V    Marca: Helfont    Material: Ferro-magnético   Cor: Branca   Características: é utilizado para realizar o impulso eletrico, e ao mensmo tempo mantém a corrente eletrica em um nivel seguro    Voltagem: 127V      Watts: 7/9W    Forma: Compacta     Tecnologia de iluminação: Baixo consumo.   </span></p>
