{"id":16273,"date":"2025-06-20T19:07:25","date_gmt":"2025-06-20T23:07:25","guid":{"rendered":"https:\/\/www.multicasa.com.br\/inicio\/?post_type=product&#038;p=16273"},"modified":"2026-04-22T15:50:11","modified_gmt":"2026-04-22T19:50:11","slug":"corpo-caixa-sifonada-esgoto-150x150x50-7-entradas-tigre","status":"publish","type":"product","link":"https:\/\/www.multicasa.com.br\/inicio\/produto\/corpo-caixa-sifonada-esgoto-150x150x50-7-entradas-tigre\/","title":{"rendered":"Corpo Caixa Sifonada Esgoto 150X150X50 7 Entradas Tigre"},"content":{"rendered":"<p>A Caixa Sifonada 150X150X50 Tigre \u00e9 ideal para reforma ou constru\u00e7\u00e3o, podendo ser utilizada em ambientes comerciais, industriais, residenciais, embutida no piso para coletar a \u00e1gua utilizada na pia, descarga ou chuveiro e em \u00e1reas externas impedindo que o mau odor chegue no local.  Fabricadas de PVC r\u00edgido temperatura m\u00e1xima de trabalho em regime cont\u00ednuo: 75\u00b0C. As caixas s\u00e3o dotadas de entradas sold\u00e1veis e sa\u00edda com junta el\u00e1stica, o que elimina o uso de uma luva quando da sua interliga\u00e7\u00e3o com o tubo do ramal de esgoto e garante sua resist\u00eancia e durabilidade, al\u00e9m de ser f\u00e1cil e seguro de instalar. <\/p>\n","protected":false},"excerpt":{"rendered":"<h4 style=\"margin: 0px;padding: 0px 0px 16px;font-family: Lato, sans-serif;font-weight: bold;line-height: 3rem;color: var(--dark-grey3);font-size: 22px;font-style: normal;letter-spacing: normal;text-align: start;text-indent: 0px;text-transform: none\">Informa\u00e7\u00f5es t\u00e9cnicas<\/h4>\n<p><span style=\"margin: 0px;padding: 0px;font-weight: 450;font-size: 14px;line-height: 21px;color: var(--dark-grey2);font-family: Lato, sans-serif;font-style: normal;letter-spacing: normal;text-align: start;text-indent: 0px;text-transform: none\">Produto: CORPO CAIXA SIFONADA ESGOTO 7 ENTRADAS<br \/>\nMarca:  TIGRE<br \/>\nMaterial: O PVC (Policloreto de Vinila).<br \/>\nCor: Branco<br \/>\nCaracter\u00edsticas: Ideal para instala\u00e7\u00f5es em esgoto e ajuda no fluxo de \u00e1gua.<br \/>\nDimens\u00f5es: 100x100x50mm.<br \/>\nDi\u00e2metro de sa\u00edda: 150 &#8221;<br \/>\n<\/span><\/p>\n","protected":false},"featured_media":25034,"template":"","meta":{"_joinchat":[]},"product_brand":[],"product_cat":[73],"product_tag":[],"class_list":{"0":"post-16273","1":"product","2":"type-product","3":"status-publish","4":"has-post-thumbnail","6":"product_cat-tubos-e-conexoes","8":"first","9":"outofstock","10":"shipping-taxable","11":"purchasable","12":"product-type-simple"},"_links":{"self":[{"href":"https:\/\/www.multicasa.com.br\/inicio\/wp-json\/wp\/v2\/product\/16273","targetHints":{"allow":["GET"]}}],"collection":[{"href":"https:\/\/www.multicasa.com.br\/inicio\/wp-json\/wp\/v2\/product"}],"about":[{"href":"https:\/\/www.multicasa.com.br\/inicio\/wp-json\/wp\/v2\/types\/product"}],"wp:featuredmedia":[{"embeddable":true,"href":"https:\/\/www.multicasa.com.br\/inicio\/wp-json\/wp\/v2\/media\/25034"}],"wp:attachment":[{"href":"https:\/\/www.multicasa.com.br\/inicio\/wp-json\/wp\/v2\/media?parent=16273"}],"wp:term":[{"taxonomy":"product_brand","embeddable":true,"href":"https:\/\/www.multicasa.com.br\/inicio\/wp-json\/wp\/v2\/product_brand?post=16273"},{"taxonomy":"product_cat","embeddable":true,"href":"https:\/\/www.multicasa.com.br\/inicio\/wp-json\/wp\/v2\/product_cat?post=16273"},{"taxonomy":"product_tag","embeddable":true,"href":"https:\/\/www.multicasa.com.br\/inicio\/wp-json\/wp\/v2\/product_tag?post=16273"}],"curies":[{"name":"wp","href":"https:\/\/api.w.org\/{rel}","templated":true}]}}