{"id":16308,"date":"2025-06-20T19:07:36","date_gmt":"2025-06-20T23:07:36","guid":{"rendered":"https:\/\/www.multicasa.com.br\/inicio\/?post_type=product&#038;p=16308"},"modified":"2025-08-17T23:46:20","modified_gmt":"2025-08-18T03:46:20","slug":"tinta-rende-muito-18l-branco-gelo-coral","status":"publish","type":"product","link":"https:\/\/www.multicasa.com.br\/inicio\/produto\/tinta-rende-muito-18l-branco-gelo-coral\/","title":{"rendered":"Tinta  Rende Muito 18L Branco Gelo Coral"},"content":{"rendered":"<p>Tinta Acr\u00edlica Standard Rende Muito Gelo Fosco possu\u00ed de alta consist\u00eancia que permite uma dilui\u00e7\u00e3o superior aos produtos convencionais.<br \/>\nCom a exclusiva tecnologoa Tixoplus uma tinta com alt\u00edssima conscist\u00eancia, \u00f3tima cobertura e baixo odor.Voc\u00ea consegue 50% a 80% de dilui\u00e7\u00e3o com \u00e1gua, podendo pintar at\u00e9 500 m\u00b2 (lata) por dem\u00e3o. Uma lata de 18L pinta at\u00e9 500m\u00b2 por dem\u00e3o.<\/p>\n","protected":false},"excerpt":{"rendered":"<h4 style=\"margin: 0px;padding: 0px 0px 16px;font-family: Lato, sans-serif;font-weight: bold;line-height: 3rem;color: var(--dark-grey3);font-size: 22px;font-style: normal;letter-spacing: normal;text-align: start;text-indent: 0px;text-transform: none\">Informa\u00e7\u00f5es t\u00e9cnicas<\/h4>\n<p><span style=\"margin: 0px;padding: 0px;font-weight: 450;font-size: 14px;line-height: 21px;color: var(--dark-grey2);font-family: Lato, sans-serif;font-style: normal;letter-spacing: normal;text-align: start;text-indent: 0px;text-transform: none\">Produto: TINTA  RENDE MUITO 18L BRANCO GELO       Marca: Coral<br \/>\nCor        Branco Gelo<br \/>\nCor        Branco Gelo<br \/>\nEmbalagem        Lata<br \/>\nVolume        18L       Altura        34cm<br \/>\nComprimento        23.5cm<br \/>\nLargura        23.5cm<br \/>\nPeso        23775g<\/span><\/p>\n","protected":false},"featured_media":26090,"template":"","meta":{"_joinchat":[]},"product_brand":[],"product_cat":[143],"product_tag":[],"class_list":{"0":"post-16308","1":"product","2":"type-product","3":"status-publish","4":"has-post-thumbnail","6":"product_cat-tintas-e-cia","8":"first","9":"outofstock","10":"shipping-taxable","11":"purchasable","12":"product-type-simple"},"_links":{"self":[{"href":"https:\/\/www.multicasa.com.br\/inicio\/wp-json\/wp\/v2\/product\/16308","targetHints":{"allow":["GET"]}}],"collection":[{"href":"https:\/\/www.multicasa.com.br\/inicio\/wp-json\/wp\/v2\/product"}],"about":[{"href":"https:\/\/www.multicasa.com.br\/inicio\/wp-json\/wp\/v2\/types\/product"}],"wp:featuredmedia":[{"embeddable":true,"href":"https:\/\/www.multicasa.com.br\/inicio\/wp-json\/wp\/v2\/media\/26090"}],"wp:attachment":[{"href":"https:\/\/www.multicasa.com.br\/inicio\/wp-json\/wp\/v2\/media?parent=16308"}],"wp:term":[{"taxonomy":"product_brand","embeddable":true,"href":"https:\/\/www.multicasa.com.br\/inicio\/wp-json\/wp\/v2\/product_brand?post=16308"},{"taxonomy":"product_cat","embeddable":true,"href":"https:\/\/www.multicasa.com.br\/inicio\/wp-json\/wp\/v2\/product_cat?post=16308"},{"taxonomy":"product_tag","embeddable":true,"href":"https:\/\/www.multicasa.com.br\/inicio\/wp-json\/wp\/v2\/product_tag?post=16308"}],"curies":[{"name":"wp","href":"https:\/\/api.w.org\/{rel}","templated":true}]}}