{"id":16337,"date":"2025-06-20T19:07:45","date_gmt":"2025-06-20T23:07:45","guid":{"rendered":"https:\/\/www.multicasa.com.br\/inicio\/?post_type=product&#038;p=16337"},"modified":"2025-08-17T18:58:00","modified_gmt":"2025-08-17T22:58:00","slug":"telefone-com-fio-tcf2000-branco-elgin","status":"publish","type":"product","link":"https:\/\/www.multicasa.com.br\/inicio\/produto\/telefone-com-fio-tcf2000-branco-elgin\/","title":{"rendered":"Telefone com Fio TCF2000 Branco Elgin"},"content":{"rendered":"<p>Praticidade e discri\u00e7\u00e3o \u00e9 o que oferece este telefone com fio TC1000 branco da Elgin. Em formato de g\u00f4ndola, ocupa pouco espa\u00e7o sobre a mesa da sua casa ou escrit\u00f3rio, al\u00e9m de tamb\u00e9m poder ser fixado na parede. Funcional, possui fun\u00e7\u00e3o redial, flash, mute e indicador luminoso de chamada. Permite que voc\u00ea fa\u00e7a o bloqueio de liga\u00e7\u00f5es, ajuste volume de toque e use a chave de seguran\u00e7a para restri\u00e7\u00f5es. O telefone com fio Elgin conta, ainda, com sistema de redu\u00e7\u00e3o de ru\u00eddos atrav\u00e9s do circuito eletr\u00f4nico.<\/p>\n","protected":false},"excerpt":{"rendered":"<h4 style=\"margin: 0px;padding: 0px 0px 16px;font-family: Lato, sans-serif;font-weight: bold;line-height: 3rem;color: var(--dark-grey3);font-size: 22px;font-style: normal;letter-spacing: normal;text-align: start;text-indent: 0px;text-transform: none\">Informa\u00e7\u00f5es t\u00e9cnicas<\/h4>\n<p><span style=\"margin: 0px;padding: 0px;font-weight: 450;font-size: 14px;line-height: 21px;color: var(--dark-grey2);font-family: Lato, sans-serif;font-style: normal;letter-spacing: normal;text-align: start;text-indent: 0px;text-transform: none\">Produto: Telefone com Fio<br \/>\nMarca: Elgin<br \/>\nModelo: TCF2000<br \/>\nCor: Branco<br \/>\nCaracter\u00edsticas: Pode ser fixado na parede<br \/>\nFun\u00e7\u00e3o redial<br \/>\nFun\u00e7\u00e3o flash<br \/>\nFun\u00e7\u00e3o mute<br \/>\nAuto atendimento<br \/>\nRedu\u00e7\u00e3o de ru\u00eddos<br \/>\nChave bloqueadora<br \/>\nIndica\u00e7\u00e3o luminosa de chamadas<br \/>\nQuantidade de pe\u00e7as: 6<br \/>\nItens inclusos: 1 Telefone com Fio<br \/>\n1 monofone (handset)<br \/>\n1 Cabo telef\u00f4nico de conex\u00e3o com linha<br \/>\n1 Cabo espiral de conex\u00e3o handset<br \/>\n2 Chaves para bloqueio<br \/>\nDimens\u00f5es do produto (A X L X P): 22,2 x 18,7 x 5,5cm<br \/>\n<\/span><\/p>\n","protected":false},"featured_media":16382,"template":"","meta":{"_joinchat":[]},"product_brand":[],"product_cat":[138],"product_tag":[],"class_list":{"0":"post-16337","1":"product","2":"type-product","3":"status-publish","4":"has-post-thumbnail","6":"product_cat-telefones-e-cia","8":"first","9":"outofstock","10":"shipping-taxable","11":"purchasable","12":"product-type-simple"},"_links":{"self":[{"href":"https:\/\/www.multicasa.com.br\/inicio\/wp-json\/wp\/v2\/product\/16337","targetHints":{"allow":["GET"]}}],"collection":[{"href":"https:\/\/www.multicasa.com.br\/inicio\/wp-json\/wp\/v2\/product"}],"about":[{"href":"https:\/\/www.multicasa.com.br\/inicio\/wp-json\/wp\/v2\/types\/product"}],"wp:featuredmedia":[{"embeddable":true,"href":"https:\/\/www.multicasa.com.br\/inicio\/wp-json\/wp\/v2\/media\/16382"}],"wp:attachment":[{"href":"https:\/\/www.multicasa.com.br\/inicio\/wp-json\/wp\/v2\/media?parent=16337"}],"wp:term":[{"taxonomy":"product_brand","embeddable":true,"href":"https:\/\/www.multicasa.com.br\/inicio\/wp-json\/wp\/v2\/product_brand?post=16337"},{"taxonomy":"product_cat","embeddable":true,"href":"https:\/\/www.multicasa.com.br\/inicio\/wp-json\/wp\/v2\/product_cat?post=16337"},{"taxonomy":"product_tag","embeddable":true,"href":"https:\/\/www.multicasa.com.br\/inicio\/wp-json\/wp\/v2\/product_tag?post=16337"}],"curies":[{"name":"wp","href":"https:\/\/api.w.org\/{rel}","templated":true}]}}