{"id":16365,"date":"2025-06-20T19:08:08","date_gmt":"2025-06-20T23:08:08","guid":{"rendered":"https:\/\/www.multicasa.com.br\/inicio\/?post_type=product&#038;p=16365"},"modified":"2025-06-20T19:08:41","modified_gmt":"2025-06-20T23:08:41","slug":"refil-mop-novica-limpa-vidro-extensivel-bettanin","status":"publish","type":"product","link":"https:\/\/www.multicasa.com.br\/inicio\/produto\/refil-mop-novica-limpa-vidro-extensivel-bettanin\/","title":{"rendered":"Refil Mop Novi\u00e7a Limpa Vidro Extens\u00edvel Bettanin"},"content":{"rendered":"<p>Com o Refil Mop Novi\u00e7a Extens\u00edvel Bettanin voc\u00ea lava e seca todos os tipos de vidro. Em microfibra cinza, protege as suas m\u00e3os do contato com produtos qu\u00edmicos. O refil perfeito para sua lavanderia.<\/p>\n","protected":false},"excerpt":{"rendered":"<h4 style=\"margin: 0px;padding: 0px 0px 16px;font-family: Lato, sans-serif;font-weight: bold;line-height: 3rem;color: var(--dark-grey3);font-size: 22px;font-style: normal;letter-spacing: normal;text-align: start;text-indent: 0px;text-transform: none\">Informa\u00e7\u00f5es t\u00e9cnicas<\/h4>\n<p><span style=\"margin: 0px;padding: 0px;font-weight: 450;font-size: 14px;line-height: 21px;color: var(--dark-grey2);font-family: Lato, sans-serif;font-style: normal;letter-spacing: normal;text-align: start;text-indent: 0px;text-transform: none\">Produto: Refil limpa vidro<br \/>\nMarca: Bettanin<br \/>\nMaterial: Microfibra<br \/>\nCor: Cinza<br \/>\nCaracter\u00edsticas: Para todos os tipos de vidro<br \/>\nExtens\u00edvel<br \/>\nItens Inclusos: 1 refil<br \/>\nDimens\u00f5es do produto (A x L x P): 4 x 39 x 10cm<br \/>\n<\/span><\/p>\n","protected":false},"featured_media":16415,"template":"","meta":{"_joinchat":[]},"product_brand":[],"product_cat":[96],"product_tag":[],"class_list":{"0":"post-16365","1":"product","2":"type-product","3":"status-publish","4":"has-post-thumbnail","6":"product_cat-limpeza-e-cia","8":"first","9":"outofstock","10":"shipping-taxable","11":"product-type-simple"},"_links":{"self":[{"href":"https:\/\/www.multicasa.com.br\/inicio\/wp-json\/wp\/v2\/product\/16365","targetHints":{"allow":["GET"]}}],"collection":[{"href":"https:\/\/www.multicasa.com.br\/inicio\/wp-json\/wp\/v2\/product"}],"about":[{"href":"https:\/\/www.multicasa.com.br\/inicio\/wp-json\/wp\/v2\/types\/product"}],"wp:featuredmedia":[{"embeddable":true,"href":"https:\/\/www.multicasa.com.br\/inicio\/wp-json\/wp\/v2\/media\/16415"}],"wp:attachment":[{"href":"https:\/\/www.multicasa.com.br\/inicio\/wp-json\/wp\/v2\/media?parent=16365"}],"wp:term":[{"taxonomy":"product_brand","embeddable":true,"href":"https:\/\/www.multicasa.com.br\/inicio\/wp-json\/wp\/v2\/product_brand?post=16365"},{"taxonomy":"product_cat","embeddable":true,"href":"https:\/\/www.multicasa.com.br\/inicio\/wp-json\/wp\/v2\/product_cat?post=16365"},{"taxonomy":"product_tag","embeddable":true,"href":"https:\/\/www.multicasa.com.br\/inicio\/wp-json\/wp\/v2\/product_tag?post=16365"}],"curies":[{"name":"wp","href":"https:\/\/api.w.org\/{rel}","templated":true}]}}