{"id":16405,"date":"2025-06-20T19:08:33","date_gmt":"2025-06-20T23:08:33","guid":{"rendered":"https:\/\/www.multicasa.com.br\/inicio\/?post_type=product&#038;p=16405"},"modified":"2025-06-23T09:50:44","modified_gmt":"2025-06-23T13:50:44","slug":"balde-mop-e-esfregao-novica-bettanin-12l","status":"publish","type":"product","link":"https:\/\/www.multicasa.com.br\/inicio\/produto\/balde-mop-e-esfregao-novica-bettanin-12l\/","title":{"rendered":"Balde MOP e Esfreg\u00e3o Novi\u00e7a Bettanin 12L"},"content":{"rendered":"<p>O Balde MOP e Esfreg\u00e3o Novi\u00e7a da linha Novi\u00e7a Bettanin \u00e9 uma inova\u00e7\u00e3o para as tarefas de limpeza do dia-a-dia. Possui sistema de tor\u00e7\u00e3o e prote\u00e7\u00e3o anti-respingo que evita manchas no seu piso, fios de microfibra de alto desempenho que t\u00eam m\u00e1xima Absor\u00e7\u00e3o de l\u00edquidos e permite alcan\u00e7ar e limpar as sujeiras mais dif\u00edceis. Com capacidade para at\u00e9 12 litros, \u00e9 composto por 1 balde, 1 esfreg\u00e3o e 1 refil e seu cabo \u00e9 totalmente articul\u00e1vel. Pode ser usado em pisos de madeira, frios e sint\u00e9ticos. Sua anatomia facilita o armazenamento sem ocupar espa\u00e7o. Chega de torcer panos. Limpe sua casa com facilidade.<\/p>\n","protected":false},"excerpt":{"rendered":"<h4 style=\"margin: 0px;padding: 0px 0px 16px;font-family: Lato, sans-serif;font-weight: bold;line-height: 3rem;color: var(--dark-grey3);font-size: 22px;font-style: normal;letter-spacing: normal;text-align: start;text-indent: 0px;text-transform: none\">Informa\u00e7\u00f5es t\u00e9cnicas<\/h4>\n<p><span style=\"margin: 0px;padding: 0px;font-weight: 450;font-size: 14px;line-height: 21px;color: var(--dark-grey2);font-family: Lato, sans-serif;font-style: normal;letter-spacing: normal;text-align: start;text-indent: 0px;text-transform: none\">Produto: Balde MOP e Esfreg\u00e3o Novi\u00e7a<br \/>\nMarca: Bettanin<br \/>\nModelo: Novi\u00e7a<br \/>\nMaterial: Pl\u00e1stico<br \/>\nCor: cinza, verde, branco<br \/>\nCapacidade: 12L<br \/>\nCaracter\u00edstica: Sistema anti respingo<br \/>\nItens Inclusos: 1 Balde MOP<br \/>\n1 Esfreg\u00e3o Novi\u00e7a<br \/>\nDimens\u00f5es do produto (A x L x P): Tamanho aproximado 22,5 x 26,5 x 47,5cm<\/span><\/p>\n","protected":false},"featured_media":24657,"template":"","meta":{"_joinchat":[]},"product_brand":[],"product_cat":[96],"product_tag":[],"class_list":{"0":"post-16405","1":"product","2":"type-product","3":"status-publish","4":"has-post-thumbnail","6":"product_cat-limpeza-e-cia","8":"first","9":"outofstock","10":"shipping-taxable","11":"product-type-simple"},"_links":{"self":[{"href":"https:\/\/www.multicasa.com.br\/inicio\/wp-json\/wp\/v2\/product\/16405","targetHints":{"allow":["GET"]}}],"collection":[{"href":"https:\/\/www.multicasa.com.br\/inicio\/wp-json\/wp\/v2\/product"}],"about":[{"href":"https:\/\/www.multicasa.com.br\/inicio\/wp-json\/wp\/v2\/types\/product"}],"wp:featuredmedia":[{"embeddable":true,"href":"https:\/\/www.multicasa.com.br\/inicio\/wp-json\/wp\/v2\/media\/24657"}],"wp:attachment":[{"href":"https:\/\/www.multicasa.com.br\/inicio\/wp-json\/wp\/v2\/media?parent=16405"}],"wp:term":[{"taxonomy":"product_brand","embeddable":true,"href":"https:\/\/www.multicasa.com.br\/inicio\/wp-json\/wp\/v2\/product_brand?post=16405"},{"taxonomy":"product_cat","embeddable":true,"href":"https:\/\/www.multicasa.com.br\/inicio\/wp-json\/wp\/v2\/product_cat?post=16405"},{"taxonomy":"product_tag","embeddable":true,"href":"https:\/\/www.multicasa.com.br\/inicio\/wp-json\/wp\/v2\/product_tag?post=16405"}],"curies":[{"name":"wp","href":"https:\/\/api.w.org\/{rel}","templated":true}]}}