{"id":16438,"date":"2025-06-20T19:08:58","date_gmt":"2025-06-20T23:08:58","guid":{"rendered":"https:\/\/www.multicasa.com.br\/inicio\/?post_type=product&#038;p=16438"},"modified":"2025-12-16T19:08:59","modified_gmt":"2025-12-16T23:08:59","slug":"espude-para-vaso-sanitario-1-2-tigre","status":"publish","type":"product","link":"https:\/\/www.multicasa.com.br\/inicio\/produto\/espude-para-vaso-sanitario-1-2-tigre\/","title":{"rendered":"Espude para Vaso Sanit\u00e1rio 1\/2&#8243; Tigre"},"content":{"rendered":"<p>Com o espude para vaso sanit\u00e1rio 1\/2?? Tigre voc\u00ea evita vazamentos no seu banheiro. Deve ser usado para fazer a veda\u00e7\u00e3o entre o duto de ligac\u00e3o e a bacia sanit\u00e1ria. Indispens\u00e1vel, vai te ajudar com limpeza, evitando mau cheiro e sujeiras.<\/p>\n","protected":false},"excerpt":{"rendered":"<h4 style=\"margin: 0px;padding: 0px 0px 16px;font-family: Lato, sans-serif;font-weight: bold;line-height: 3rem;color: var(--dark-grey3);font-size: 22px;font-style: normal;letter-spacing: normal;text-align: start;text-indent: 0px;text-transform: none\">Informa\u00e7\u00f5es t\u00e9cnicas<\/h4>\n<p><span style=\"margin: 0px;padding: 0px;font-weight: 450;font-size: 14px;line-height: 21px;color: var(--dark-grey2);font-family: Lato, sans-serif;font-style: normal;letter-spacing: normal;text-align: start;text-indent: 0px;text-transform: none\">Produto: Espude para vaso sanit\u00e1rio<br \/>\nMarca: Tigre<br \/>\nMaterial: Sint\u00e9tico<br \/>\nCor: Branco<br \/>\nCaracter\u00edsticas: Compat\u00edvel com vasos sanit\u00e1rios ovais<br \/>\nNormatizado pela ABNT NBR 15491<br \/>\nItens Inclusos: 1 Espude para vaso sanit\u00e1rio<br \/>\nDimens\u00f5es do produto em polegadas: 1\/2?<br \/>\n<\/span><\/p>\n","protected":false},"featured_media":16508,"template":"","meta":{"_joinchat":[]},"product_brand":[],"product_cat":[69],"product_tag":[],"class_list":{"0":"post-16438","1":"product","2":"type-product","3":"status-publish","4":"has-post-thumbnail","6":"product_cat-acessorios-para-banheiro","8":"first","9":"outofstock","10":"shipping-taxable","11":"purchasable","12":"product-type-simple"},"_links":{"self":[{"href":"https:\/\/www.multicasa.com.br\/inicio\/wp-json\/wp\/v2\/product\/16438","targetHints":{"allow":["GET"]}}],"collection":[{"href":"https:\/\/www.multicasa.com.br\/inicio\/wp-json\/wp\/v2\/product"}],"about":[{"href":"https:\/\/www.multicasa.com.br\/inicio\/wp-json\/wp\/v2\/types\/product"}],"wp:featuredmedia":[{"embeddable":true,"href":"https:\/\/www.multicasa.com.br\/inicio\/wp-json\/wp\/v2\/media\/16508"}],"wp:attachment":[{"href":"https:\/\/www.multicasa.com.br\/inicio\/wp-json\/wp\/v2\/media?parent=16438"}],"wp:term":[{"taxonomy":"product_brand","embeddable":true,"href":"https:\/\/www.multicasa.com.br\/inicio\/wp-json\/wp\/v2\/product_brand?post=16438"},{"taxonomy":"product_cat","embeddable":true,"href":"https:\/\/www.multicasa.com.br\/inicio\/wp-json\/wp\/v2\/product_cat?post=16438"},{"taxonomy":"product_tag","embeddable":true,"href":"https:\/\/www.multicasa.com.br\/inicio\/wp-json\/wp\/v2\/product_tag?post=16438"}],"curies":[{"name":"wp","href":"https:\/\/api.w.org\/{rel}","templated":true}]}}