{"id":16462,"date":"2025-06-20T19:09:22","date_gmt":"2025-06-20T23:09:22","guid":{"rendered":"https:\/\/www.multicasa.com.br\/inicio\/?post_type=product&#038;p=16462"},"modified":"2026-02-10T14:50:22","modified_gmt":"2026-02-10T18:50:22","slug":"cantoneira-l-zincada-branca-4-unidades-bemfixa-5x75cm","status":"publish","type":"product","link":"https:\/\/www.multicasa.com.br\/inicio\/produto\/cantoneira-l-zincada-branca-4-unidades-bemfixa-5x75cm\/","title":{"rendered":"Cantoneira L Zincada Branca 4 Unidades Bemfixa 5&#215;7,5cm"},"content":{"rendered":"<p>A Cantoneira L Zincada Bemfixa \u00e9 perfeita para fixa\u00e7\u00e3o de diversos tipos de prateleiras na parede promovendo resist\u00eancia e seguran\u00e7a. Conta com 4 unidades de 5&#215;7,5cm de abas desiguais na cor branca, com parafusos para instala\u00e7\u00e3o e fixa\u00e7\u00e3o.<\/p>\n","protected":false},"excerpt":{"rendered":"<h4 style=\"margin: 0px;padding: 0px 0px 16px;font-family: Lato, sans-serif;font-weight: bold;line-height: 3rem;color: var(--dark-grey3);font-size: 22px;font-style: normal;letter-spacing: normal;text-align: start;text-indent: 0px;text-transform: none\">Informa\u00e7\u00f5es t\u00e9cnicas<\/h4>\n<p><span style=\"margin: 0px;padding: 0px;font-weight: 450;font-size: 14px;line-height: 21px;color: var(--dark-grey2);font-family: Lato, sans-serif;font-style: normal;letter-spacing: normal;text-align: start;text-indent: 0px;text-transform: none\">Produto: Cantoneira L<br \/>\nMarca: Bemfixa<br \/>\nMaterial: A\u00e7o Zincado<br \/>\nCor: Branca<br \/>\nCaracter\u00edsticas: Possui abas desiguais<br \/>\nItens Inclusos: 1 Embalagem com 4 cantoneiras<br \/>\nDimens\u00f5es do produto (L X P): 5 x 7,5cm<\/span><\/p>\n","protected":false},"featured_media":24884,"template":"","meta":{"_joinchat":[]},"product_brand":[],"product_cat":[141],"product_tag":[],"class_list":{"0":"post-16462","1":"product","2":"type-product","3":"status-publish","4":"has-post-thumbnail","6":"product_cat-marcenaria","8":"first","9":"instock","10":"shipping-taxable","11":"purchasable","12":"product-type-simple"},"_links":{"self":[{"href":"https:\/\/www.multicasa.com.br\/inicio\/wp-json\/wp\/v2\/product\/16462","targetHints":{"allow":["GET"]}}],"collection":[{"href":"https:\/\/www.multicasa.com.br\/inicio\/wp-json\/wp\/v2\/product"}],"about":[{"href":"https:\/\/www.multicasa.com.br\/inicio\/wp-json\/wp\/v2\/types\/product"}],"wp:featuredmedia":[{"embeddable":true,"href":"https:\/\/www.multicasa.com.br\/inicio\/wp-json\/wp\/v2\/media\/24884"}],"wp:attachment":[{"href":"https:\/\/www.multicasa.com.br\/inicio\/wp-json\/wp\/v2\/media?parent=16462"}],"wp:term":[{"taxonomy":"product_brand","embeddable":true,"href":"https:\/\/www.multicasa.com.br\/inicio\/wp-json\/wp\/v2\/product_brand?post=16462"},{"taxonomy":"product_cat","embeddable":true,"href":"https:\/\/www.multicasa.com.br\/inicio\/wp-json\/wp\/v2\/product_cat?post=16462"},{"taxonomy":"product_tag","embeddable":true,"href":"https:\/\/www.multicasa.com.br\/inicio\/wp-json\/wp\/v2\/product_tag?post=16462"}],"curies":[{"name":"wp","href":"https:\/\/api.w.org\/{rel}","templated":true}]}}