{"id":16576,"date":"2025-06-20T19:10:55","date_gmt":"2025-06-20T23:10:55","guid":{"rendered":"https:\/\/www.multicasa.com.br\/inicio\/?post_type=product&#038;p=16576"},"modified":"2025-08-17T19:17:40","modified_gmt":"2025-08-17T23:17:40","slug":"conector-tripolar-em-ceramica-interneed-10mm","status":"publish","type":"product","link":"https:\/\/www.multicasa.com.br\/inicio\/produto\/conector-tripolar-em-ceramica-interneed-10mm\/","title":{"rendered":"Conector Tripolar em Cer\u00e2mica Interneed 10mm"},"content":{"rendered":"<p>O Conector Tripolar em Cer\u00e2mica Interneed \u00e9 \u00f3timo para ser utilizado em liga\u00e7\u00f5es de chuveiros e realizar emendas de fios de 10 mm. Produzido em porcelana na cor branca, possui 3 polos e contato de lat\u00e3o. Perfeito para ser utilizado em partes el\u00e9tricas onde o ambiente \u00e9 quente. Com capacidade de 600v, pode ser usado em correntes de 30a.<\/p>\n","protected":false},"excerpt":{"rendered":"<h4 style=\"margin: 0px;padding: 0px 0px 16px;font-family: Lato, sans-serif;font-weight: bold;line-height: 3rem;color: var(--dark-grey3);font-size: 22px;font-style: normal;letter-spacing: normal;text-align: start;text-indent: 0px;text-transform: none\">Informa\u00e7\u00f5es t\u00e9cnicas<\/h4>\n<p><span style=\"margin: 0px;padding: 0px;font-weight: 450;font-size: 14px;line-height: 21px;color: var(--dark-grey2);font-family: Lato, sans-serif;font-style: normal;letter-spacing: normal;text-align: start;text-indent: 0px;text-transform: none\">Produto: Conector Tripolar<br \/>\nMarca: Interneed<br \/>\nMaterial: Porcelana<br \/>\nContato em lat\u00e3o<br \/>\nCor: Branco<br \/>\nCaracter\u00edsticas: Emenda de fio<br \/>\n3 polos<br \/>\nCapacidade de 600v<br \/>\nPara correntes de 30a<br \/>\nPara fios de 10mm<br \/>\nItens inclusos: 1 Conector Tripolar<br \/>\nPeso do produto: 30g<\/span><\/p>\n","protected":false},"featured_media":16641,"template":"","meta":{"_joinchat":[]},"product_brand":[],"product_cat":[71],"product_tag":[],"class_list":{"0":"post-16576","1":"product","2":"type-product","3":"status-publish","4":"has-post-thumbnail","6":"product_cat-chuveiros","8":"first","9":"outofstock","10":"shipping-taxable","11":"purchasable","12":"product-type-simple"},"_links":{"self":[{"href":"https:\/\/www.multicasa.com.br\/inicio\/wp-json\/wp\/v2\/product\/16576","targetHints":{"allow":["GET"]}}],"collection":[{"href":"https:\/\/www.multicasa.com.br\/inicio\/wp-json\/wp\/v2\/product"}],"about":[{"href":"https:\/\/www.multicasa.com.br\/inicio\/wp-json\/wp\/v2\/types\/product"}],"wp:featuredmedia":[{"embeddable":true,"href":"https:\/\/www.multicasa.com.br\/inicio\/wp-json\/wp\/v2\/media\/16641"}],"wp:attachment":[{"href":"https:\/\/www.multicasa.com.br\/inicio\/wp-json\/wp\/v2\/media?parent=16576"}],"wp:term":[{"taxonomy":"product_brand","embeddable":true,"href":"https:\/\/www.multicasa.com.br\/inicio\/wp-json\/wp\/v2\/product_brand?post=16576"},{"taxonomy":"product_cat","embeddable":true,"href":"https:\/\/www.multicasa.com.br\/inicio\/wp-json\/wp\/v2\/product_cat?post=16576"},{"taxonomy":"product_tag","embeddable":true,"href":"https:\/\/www.multicasa.com.br\/inicio\/wp-json\/wp\/v2\/product_tag?post=16576"}],"curies":[{"name":"wp","href":"https:\/\/api.w.org\/{rel}","templated":true}]}}