{"id":16607,"date":"2025-06-20T19:11:21","date_gmt":"2025-06-20T23:11:21","guid":{"rendered":"https:\/\/www.multicasa.com.br\/inicio\/?post_type=product&#038;p=16607"},"modified":"2026-04-09T14:00:26","modified_gmt":"2026-04-09T18:00:26","slug":"vassoura-novica-varry-bettanin","status":"publish","type":"product","link":"https:\/\/www.multicasa.com.br\/inicio\/produto\/vassoura-novica-varry-bettanin\/","title":{"rendered":"Vassoura Novi\u00e7a Varry Bettanin"},"content":{"rendered":"<p>A Vassoura Varry da Bettanin \u00e9 ideal para pisos delicados, lisos, como amadeirados envernizados e vin\u00edlicos. Suas cerdas s\u00e3o macias, feitas de material natural e n\u00e3o arranham o piso. Pode ser usada tanto em locais secos quanto molhados. O cabo se encaixa com dispositivo de rosca em uma cavidade inclinada, o que facilita varrer em baixo dos m\u00f3veis. Tenha praticidade e facilite o momento da limpeza!<\/p>\n","protected":false},"excerpt":{"rendered":"<h4 style=\"margin: 0px;padding: 0px 0px 16px;font-family: Lato, sans-serif;font-weight: bold;line-height: 3rem;color: var(--dark-grey3);font-size: 22px;font-style: normal;letter-spacing: normal;text-align: start;text-indent: 0px;text-transform: none\">Informa\u00e7\u00f5es t\u00e9cnicas<\/h4>\n<p><span style=\"margin: 0px;padding: 0px;font-weight: 450;font-size: 14px;line-height: 21px;color: var(--dark-grey2);font-family: Lato, sans-serif;font-style: normal;letter-spacing: normal;text-align: start;text-indent: 0px;text-transform: none\">Produto: Vassoura<br \/>\nMarca: Bettanin<br \/>\nMaterial: Sint\u00e9tico e Metal<br \/>\nCor: Sortida<br \/>\nCerdas: Macias<br \/>\nCaracter\u00edsticas: Cabo levemente inclinado<br \/>\nItens Inclusos: 1 vassoura<br \/>\nDimens\u00f5es do produto (A X L X P): 12 x 31 x 7cm<\/span><\/p>\n","protected":false},"featured_media":16671,"template":"","meta":{"_joinchat":[]},"product_brand":[],"product_cat":[96],"product_tag":[],"class_list":{"0":"post-16607","1":"product","2":"type-product","3":"status-publish","4":"has-post-thumbnail","6":"product_cat-limpeza-e-cia","8":"first","9":"instock","10":"shipping-taxable","11":"purchasable","12":"product-type-simple"},"_links":{"self":[{"href":"https:\/\/www.multicasa.com.br\/inicio\/wp-json\/wp\/v2\/product\/16607","targetHints":{"allow":["GET"]}}],"collection":[{"href":"https:\/\/www.multicasa.com.br\/inicio\/wp-json\/wp\/v2\/product"}],"about":[{"href":"https:\/\/www.multicasa.com.br\/inicio\/wp-json\/wp\/v2\/types\/product"}],"wp:featuredmedia":[{"embeddable":true,"href":"https:\/\/www.multicasa.com.br\/inicio\/wp-json\/wp\/v2\/media\/16671"}],"wp:attachment":[{"href":"https:\/\/www.multicasa.com.br\/inicio\/wp-json\/wp\/v2\/media?parent=16607"}],"wp:term":[{"taxonomy":"product_brand","embeddable":true,"href":"https:\/\/www.multicasa.com.br\/inicio\/wp-json\/wp\/v2\/product_brand?post=16607"},{"taxonomy":"product_cat","embeddable":true,"href":"https:\/\/www.multicasa.com.br\/inicio\/wp-json\/wp\/v2\/product_cat?post=16607"},{"taxonomy":"product_tag","embeddable":true,"href":"https:\/\/www.multicasa.com.br\/inicio\/wp-json\/wp\/v2\/product_tag?post=16607"}],"curies":[{"name":"wp","href":"https:\/\/api.w.org\/{rel}","templated":true}]}}