{"id":16633,"date":"2025-06-20T19:11:42","date_gmt":"2025-06-20T23:11:42","guid":{"rendered":"https:\/\/www.multicasa.com.br\/inicio\/?post_type=product&#038;p=16633"},"modified":"2025-12-16T18:09:54","modified_gmt":"2025-12-16T22:09:54","slug":"clips-magneticos-coloridos-multiuso-3-pecas-ordene","status":"publish","type":"product","link":"https:\/\/www.multicasa.com.br\/inicio\/produto\/clips-magneticos-coloridos-multiuso-3-pecas-ordene\/","title":{"rendered":"Clips Magn\u00e9ticos Coloridos Multiuso 3 Pe\u00e7as Ordene"},"content":{"rendered":"<p>Clips Magn\u00e9ticos Coloridos Multiuso Ordene, pacote com 3 Pe\u00e7as de divertidos fixadores magn\u00e9ticos com im\u00e3. Com eles voc\u00ea pode anotar seus recados, receitas ou lista de compras e fixar na geladeira ou em qualquer superf\u00edcie magn\u00e9tica, assim suas anota\u00e7\u00f5es estar\u00e3o sempre ao seu alcance de forma organizada. Mantenha seu dia a dia mais organizado! Embalagem com 3 clips nas cores verde, azul e vermelho.<\/p>\n","protected":false},"excerpt":{"rendered":"<h4 style=\"margin: 0px;padding: 0px 0px 16px;font-family: Lato, sans-serif;font-weight: bold;line-height: 3rem;color: var(--dark-grey3);font-size: 22px;font-style: normal;letter-spacing: normal;text-align: start;text-indent: 0px;text-transform: none\">Informa\u00e7\u00f5es t\u00e9cnicas<\/h4>\n<p><span style=\"margin: 0px;padding: 0px;font-weight: 450;font-size: 14px;line-height: 21px;color: var(--dark-grey2);font-family: Lato, sans-serif;font-style: normal;letter-spacing: normal;text-align: start;text-indent: 0px;text-transform: none\">Produto: Fixador magn\u00e9tico<br \/>\nMarca: Ordene<br \/>\nMaterial: Polipropileno<br \/>\nCor: Verde, azul, vermelho<br \/>\nUso indicado: Fixar recados, listas e outros em superf\u00edcies compat\u00edveis com im\u00e3<br \/>\nCaracter\u00edsticas: Possui pegas antiaderentes<br \/>\nQuantidade de pe\u00e7as: 3<br \/>\nItens Inclusos: 3 fixadores<br \/>\nDimens\u00f5es do produto (A x L x P): 7,2 x 3,2 x 4,2cm<\/span><\/p>\n","protected":false},"featured_media":16702,"template":"","meta":{"_joinchat":[]},"product_brand":[],"product_cat":[101],"product_tag":[],"class_list":{"0":"post-16633","1":"product","2":"type-product","3":"status-publish","4":"has-post-thumbnail","6":"product_cat-cuidados-pessoais","8":"first","9":"instock","10":"shipping-taxable","11":"purchasable","12":"product-type-simple"},"_links":{"self":[{"href":"https:\/\/www.multicasa.com.br\/inicio\/wp-json\/wp\/v2\/product\/16633","targetHints":{"allow":["GET"]}}],"collection":[{"href":"https:\/\/www.multicasa.com.br\/inicio\/wp-json\/wp\/v2\/product"}],"about":[{"href":"https:\/\/www.multicasa.com.br\/inicio\/wp-json\/wp\/v2\/types\/product"}],"wp:featuredmedia":[{"embeddable":true,"href":"https:\/\/www.multicasa.com.br\/inicio\/wp-json\/wp\/v2\/media\/16702"}],"wp:attachment":[{"href":"https:\/\/www.multicasa.com.br\/inicio\/wp-json\/wp\/v2\/media?parent=16633"}],"wp:term":[{"taxonomy":"product_brand","embeddable":true,"href":"https:\/\/www.multicasa.com.br\/inicio\/wp-json\/wp\/v2\/product_brand?post=16633"},{"taxonomy":"product_cat","embeddable":true,"href":"https:\/\/www.multicasa.com.br\/inicio\/wp-json\/wp\/v2\/product_cat?post=16633"},{"taxonomy":"product_tag","embeddable":true,"href":"https:\/\/www.multicasa.com.br\/inicio\/wp-json\/wp\/v2\/product_tag?post=16633"}],"curies":[{"name":"wp","href":"https:\/\/api.w.org\/{rel}","templated":true}]}}