{"id":16660,"date":"2025-06-20T19:12:06","date_gmt":"2025-06-20T23:12:06","guid":{"rendered":"https:\/\/www.multicasa.com.br\/inicio\/?post_type=product&#038;p=16660"},"modified":"2025-08-16T18:15:14","modified_gmt":"2025-08-16T22:15:14","slug":"lanterna-led-chaveiro-azul-brasfort","status":"publish","type":"product","link":"https:\/\/www.multicasa.com.br\/inicio\/produto\/lanterna-led-chaveiro-azul-brasfort\/","title":{"rendered":"Lanterna Led Chaveiro Azul Brasfort"},"content":{"rendered":"<p>A Lanterna de Led Chaveiro Azul Brasfort \u00e9 pr\u00e1tica e f\u00e1cil de carregar com voc\u00ea para onde precisar. Tem grampo tipo mosquet\u00e3o que pode ser fixado ao corpo. Possui 2 ajustes de brilho, fun\u00e7\u00e3o strobo e base magn\u00e9tica, funciona com 2 baterias l\u00edtio 3v (n\u00e3o inclusas).<\/p>\n","protected":false},"excerpt":{"rendered":"<h4 style=\"margin: 0px;padding: 0px 0px 16px;font-family: Lato, sans-serif;font-weight: bold;line-height: 3rem;color: var(--dark-grey3);font-size: 22px;font-style: normal;letter-spacing: normal;text-align: start;text-indent: 0px;text-transform: none\">Informa\u00e7\u00f5es t\u00e9cnicas<\/h4>\n<p><span style=\"margin: 0px;padding: 0px;font-weight: 450;font-size: 14px;line-height: 21px;color: var(--dark-grey2);font-family: Lato, sans-serif;font-style: normal;letter-spacing: normal;text-align: start;text-indent: 0px;text-transform: none\">Produto: Lanterna<br \/>\nMarca: Brasfort<br \/>\nMaterial: Pl\u00e1stico ABS<br \/>\nCor: Azul e prata<br \/>\nAlimenta\u00e7\u00e3o: 2 Baterias litio 3V CR2032 (n\u00e3o inclusas)<br \/>\nCaracter\u00edsticas: Base Magn\u00e9tica<br \/>\nGrampo tipo mosquet\u00e3o<br \/>\n2 ajustes de brilho<br \/>\nFun\u00e7\u00e3o strobo<br \/>\nItens inclusos: 1 Lanterna<br \/>\nDimens\u00f5es do produto (A X L): 17,5 x 11cm<br \/>\n<\/span><\/p>\n","protected":false},"featured_media":16713,"template":"","meta":{"_joinchat":[]},"product_brand":[],"product_cat":[136],"product_tag":[],"class_list":{"0":"post-16660","1":"product","2":"type-product","3":"status-publish","4":"has-post-thumbnail","6":"product_cat-lazer","8":"first","9":"outofstock","10":"shipping-taxable","11":"product-type-simple"},"_links":{"self":[{"href":"https:\/\/www.multicasa.com.br\/inicio\/wp-json\/wp\/v2\/product\/16660","targetHints":{"allow":["GET"]}}],"collection":[{"href":"https:\/\/www.multicasa.com.br\/inicio\/wp-json\/wp\/v2\/product"}],"about":[{"href":"https:\/\/www.multicasa.com.br\/inicio\/wp-json\/wp\/v2\/types\/product"}],"wp:featuredmedia":[{"embeddable":true,"href":"https:\/\/www.multicasa.com.br\/inicio\/wp-json\/wp\/v2\/media\/16713"}],"wp:attachment":[{"href":"https:\/\/www.multicasa.com.br\/inicio\/wp-json\/wp\/v2\/media?parent=16660"}],"wp:term":[{"taxonomy":"product_brand","embeddable":true,"href":"https:\/\/www.multicasa.com.br\/inicio\/wp-json\/wp\/v2\/product_brand?post=16660"},{"taxonomy":"product_cat","embeddable":true,"href":"https:\/\/www.multicasa.com.br\/inicio\/wp-json\/wp\/v2\/product_cat?post=16660"},{"taxonomy":"product_tag","embeddable":true,"href":"https:\/\/www.multicasa.com.br\/inicio\/wp-json\/wp\/v2\/product_tag?post=16660"}],"curies":[{"name":"wp","href":"https:\/\/api.w.org\/{rel}","templated":true}]}}