{"id":16693,"date":"2025-06-20T19:12:33","date_gmt":"2025-06-20T23:12:33","guid":{"rendered":"https:\/\/www.multicasa.com.br\/inicio\/?post_type=product&#038;p=16693"},"modified":"2026-04-15T14:20:10","modified_gmt":"2026-04-15T18:20:10","slug":"vassoura-multiuso-brilhus-com-cabo-bettanin","status":"publish","type":"product","link":"https:\/\/www.multicasa.com.br\/inicio\/produto\/vassoura-multiuso-brilhus-com-cabo-bettanin\/","title":{"rendered":"Vassoura Multiuso Brilhus Com Cabo Bettanin"},"content":{"rendered":"<p>A Vassoura Multiuso Brilhus da Bettanin \u00e9 um produto resistente feito para aguentar o uso di\u00e1rio e longo de trabalho. Ela tem cerdas dispostas em uma angula\u00e7\u00e3o que facilita a varri\u00e7\u00e3o em locais dif\u00edceis, como por exemplo em cantos de parede. Pode ser usada em diversos tipos de piso, como os frios, amadeirados e at\u00e9 sem acabamento ou mais r\u00fasticos como cal\u00e7adas e quintais. J\u00e1 vem com cabo.<\/p>\n","protected":false},"excerpt":{"rendered":"<h4 style=\"margin: 0px;padding: 0px 0px 16px;font-family: Lato, sans-serif;font-weight: bold;line-height: 3rem;color: var(--dark-grey3);font-size: 22px;font-style: normal;letter-spacing: normal;text-align: start;text-indent: 0px;text-transform: none\">Informa\u00e7\u00f5es t\u00e9cnicas<\/h4>\n<p><span style=\"margin: 0px;padding: 0px;font-weight: 450;font-size: 14px;line-height: 21px;color: var(--dark-grey2);font-family: Lato, sans-serif;font-style: normal;letter-spacing: normal;text-align: start;text-indent: 0px;text-transform: none\">Produto: Vassoura<br \/>\nMarca: Bettanin<br \/>\nMaterial: Pl\u00e1stico<br \/>\nMadeira<br \/>\nCor: Laranja e Cinza<br \/>\nCerdas: M\u00e9dias<br \/>\nCaracter\u00edsticas: Acompanha cabo<br \/>\nItens Inclusos: 1 vassoura<br \/>\nDimens\u00f5es do produto (A X L): base &#8211; 15,1cm<br \/>\ncabo &#8211; 1,2m<\/span><\/p>\n","protected":false},"featured_media":16764,"template":"","meta":{"_joinchat":[]},"product_brand":[],"product_cat":[96],"product_tag":[],"class_list":{"0":"post-16693","1":"product","2":"type-product","3":"status-publish","4":"has-post-thumbnail","6":"product_cat-limpeza-e-cia","8":"first","9":"instock","10":"shipping-taxable","11":"purchasable","12":"product-type-simple"},"_links":{"self":[{"href":"https:\/\/www.multicasa.com.br\/inicio\/wp-json\/wp\/v2\/product\/16693","targetHints":{"allow":["GET"]}}],"collection":[{"href":"https:\/\/www.multicasa.com.br\/inicio\/wp-json\/wp\/v2\/product"}],"about":[{"href":"https:\/\/www.multicasa.com.br\/inicio\/wp-json\/wp\/v2\/types\/product"}],"wp:featuredmedia":[{"embeddable":true,"href":"https:\/\/www.multicasa.com.br\/inicio\/wp-json\/wp\/v2\/media\/16764"}],"wp:attachment":[{"href":"https:\/\/www.multicasa.com.br\/inicio\/wp-json\/wp\/v2\/media?parent=16693"}],"wp:term":[{"taxonomy":"product_brand","embeddable":true,"href":"https:\/\/www.multicasa.com.br\/inicio\/wp-json\/wp\/v2\/product_brand?post=16693"},{"taxonomy":"product_cat","embeddable":true,"href":"https:\/\/www.multicasa.com.br\/inicio\/wp-json\/wp\/v2\/product_cat?post=16693"},{"taxonomy":"product_tag","embeddable":true,"href":"https:\/\/www.multicasa.com.br\/inicio\/wp-json\/wp\/v2\/product_tag?post=16693"}],"curies":[{"name":"wp","href":"https:\/\/api.w.org\/{rel}","templated":true}]}}