{"id":16719,"date":"2025-06-20T19:12:57","date_gmt":"2025-06-20T23:12:57","guid":{"rendered":"https:\/\/www.multicasa.com.br\/inicio\/?post_type=product&#038;p=16719"},"modified":"2025-12-16T18:41:44","modified_gmt":"2025-12-16T22:41:44","slug":"adaptador-t-rj11-2-saidas-femeas-x-rj11-1-femea-connect","status":"publish","type":"product","link":"https:\/\/www.multicasa.com.br\/inicio\/produto\/adaptador-t-rj11-2-saidas-femeas-x-rj11-1-femea-connect\/","title":{"rendered":"Adaptador T RJ11 2 sa\u00eddas F\u00eameas X RJ11 1 f\u00eamea Connect"},"content":{"rendered":"<p>O adaptador em T para tomadas de telefone Connect liga 2 sa\u00eddas f\u00eameas RJ11 a 1 entrada f\u00eamea RJ11. Funciona para possibilitar a liga\u00e7\u00e3o do aparelho telef\u00f4nico \u00e0 rede, servindo como um extensor ou distribuidor. Ideal para aumentar o tamanho dos cabos usados em aparelhos, modens e outros.<\/p>\n","protected":false},"excerpt":{"rendered":"<h4 style=\"margin: 0px;padding: 0px 0px 16px;font-family: Lato, sans-serif;font-weight: bold;line-height: 3rem;color: var(--dark-grey3);font-size: 22px;font-style: normal;letter-spacing: normal;text-align: start;text-indent: 0px;text-transform: none\">Informa\u00e7\u00f5es t\u00e9cnicas<\/h4>\n<p><span style=\"margin: 0px;padding: 0px;font-weight: 450;font-size: 14px;line-height: 21px;color: var(--dark-grey2);font-family: Lato, sans-serif;font-style: normal;letter-spacing: normal;text-align: start;text-indent: 0px;text-transform: none\">Produto: Adaptador telef\u00f4nico<br \/>\nMarca: Connect<br \/>\nCor: Bege<br \/>\nCaracter\u00edsticas: Duplicador RJ11 1 F\u00eamea para 2 f\u00eameas<br \/>\n3 F\u00eameas RJ11 6X4<br \/>\nItens inclusos: 1 Adaptador telef\u00f4nico<\/span><\/p>\n","protected":false},"featured_media":16801,"template":"","meta":{"_joinchat":[]},"product_brand":[],"product_cat":[150],"product_tag":[],"class_list":{"0":"post-16719","1":"product","2":"type-product","3":"status-publish","4":"has-post-thumbnail","6":"product_cat-antenas-e-cia","8":"first","9":"outofstock","10":"shipping-taxable","11":"product-type-simple"},"_links":{"self":[{"href":"https:\/\/www.multicasa.com.br\/inicio\/wp-json\/wp\/v2\/product\/16719","targetHints":{"allow":["GET"]}}],"collection":[{"href":"https:\/\/www.multicasa.com.br\/inicio\/wp-json\/wp\/v2\/product"}],"about":[{"href":"https:\/\/www.multicasa.com.br\/inicio\/wp-json\/wp\/v2\/types\/product"}],"wp:featuredmedia":[{"embeddable":true,"href":"https:\/\/www.multicasa.com.br\/inicio\/wp-json\/wp\/v2\/media\/16801"}],"wp:attachment":[{"href":"https:\/\/www.multicasa.com.br\/inicio\/wp-json\/wp\/v2\/media?parent=16719"}],"wp:term":[{"taxonomy":"product_brand","embeddable":true,"href":"https:\/\/www.multicasa.com.br\/inicio\/wp-json\/wp\/v2\/product_brand?post=16719"},{"taxonomy":"product_cat","embeddable":true,"href":"https:\/\/www.multicasa.com.br\/inicio\/wp-json\/wp\/v2\/product_cat?post=16719"},{"taxonomy":"product_tag","embeddable":true,"href":"https:\/\/www.multicasa.com.br\/inicio\/wp-json\/wp\/v2\/product_tag?post=16719"}],"curies":[{"name":"wp","href":"https:\/\/api.w.org\/{rel}","templated":true}]}}