{"id":16720,"date":"2025-06-20T19:12:57","date_gmt":"2025-06-20T23:12:57","guid":{"rendered":"https:\/\/www.multicasa.com.br\/inicio\/?post_type=product&#038;p=16720"},"modified":"2025-08-16T18:03:30","modified_gmt":"2025-08-16T22:03:30","slug":"conector-rj45-macho-8x8-cat6-santana-10-unidades","status":"publish","type":"product","link":"https:\/\/www.multicasa.com.br\/inicio\/produto\/conector-rj45-macho-8x8-cat6-santana-10-unidades\/","title":{"rendered":"Conector RJ45 Macho 8&#215;8 CAT6 Santana 10 Unidades"},"content":{"rendered":"<p>Use o conector RJ45 macho 8&#215;8 Cat6 Santana para redes CAT6, 10, 100 e 1000. Pr\u00e1tico e eficiente, suporta conex\u00f5es de at\u00e9 1000mbps e condutores em cobre de 23 a 26awg. Seus contatos t\u00eam banho de ouro e seu novo produto n\u00e3o precisa de guias porque \u00e9 muito mais f\u00e1cil de instalar. Embalagem com 10 unidades.<\/p>\n","protected":false},"excerpt":{"rendered":"<h4 style=\"margin: 0px;padding: 0px 0px 16px;font-family: Lato, sans-serif;font-weight: bold;line-height: 3rem;color: var(--dark-grey3);font-size: 22px;font-style: normal;letter-spacing: normal;text-align: start;text-indent: 0px;text-transform: none\">Informa\u00e7\u00f5es t\u00e9cnicas<\/h4>\n<p><span style=\"margin: 0px;padding: 0px;font-weight: 450;font-size: 14px;line-height: 21px;color: var(--dark-grey2);font-family: Lato, sans-serif;font-style: normal;letter-spacing: normal;text-align: start;text-indent: 0px;text-transform: none\">Produto: Conector Macho<br \/>\nMarca: Santana<br \/>\nMaterial: Pl\u00e1stico<br \/>\nCor: incolor, dourado<br \/>\nCaracter\u00edsticas: Transparente<br \/>\nConector rj-45 macho 8&#215;8<br \/>\nCat.6e<br \/>\nContatos do conector com banho de ouro<br \/>\nSuporta conex\u00f5es de at\u00e9 1000mbps<br \/>\nSuporta condutores em cobre 23 a 26 awg<br \/>\nMuito f\u00e1cil de instalar<br \/>\nPerfeito para uso em redes cat6 10\/100\/1000<br \/>\nItens Inclusos: 10 conectores macho<br \/>\nDimens\u00f5es do produto (A X L): 9,7 x 8cm<br \/>\n<\/span><\/p>\n","protected":false},"featured_media":25008,"template":"","meta":{"_joinchat":[]},"product_brand":[],"product_cat":[130],"product_tag":[],"class_list":{"0":"post-16720","1":"product","2":"type-product","3":"status-publish","4":"has-post-thumbnail","6":"product_cat-informatica","8":"first","9":"outofstock","10":"shipping-taxable","11":"product-type-simple"},"_links":{"self":[{"href":"https:\/\/www.multicasa.com.br\/inicio\/wp-json\/wp\/v2\/product\/16720","targetHints":{"allow":["GET"]}}],"collection":[{"href":"https:\/\/www.multicasa.com.br\/inicio\/wp-json\/wp\/v2\/product"}],"about":[{"href":"https:\/\/www.multicasa.com.br\/inicio\/wp-json\/wp\/v2\/types\/product"}],"wp:featuredmedia":[{"embeddable":true,"href":"https:\/\/www.multicasa.com.br\/inicio\/wp-json\/wp\/v2\/media\/25008"}],"wp:attachment":[{"href":"https:\/\/www.multicasa.com.br\/inicio\/wp-json\/wp\/v2\/media?parent=16720"}],"wp:term":[{"taxonomy":"product_brand","embeddable":true,"href":"https:\/\/www.multicasa.com.br\/inicio\/wp-json\/wp\/v2\/product_brand?post=16720"},{"taxonomy":"product_cat","embeddable":true,"href":"https:\/\/www.multicasa.com.br\/inicio\/wp-json\/wp\/v2\/product_cat?post=16720"},{"taxonomy":"product_tag","embeddable":true,"href":"https:\/\/www.multicasa.com.br\/inicio\/wp-json\/wp\/v2\/product_tag?post=16720"}],"curies":[{"name":"wp","href":"https:\/\/api.w.org\/{rel}","templated":true}]}}